000
CXUS53 KGRB 011435
CLSAUW

CLIMATE REPORT
NATIONAL WEATHER SERVICE GREEN BAY
840 AM CST WED MAR 1 2017

...15TH WARMEST WINTER ON RECORD...
...14TH LEAST HEATING DEGREE DAYS ON RECORD...
...WETTEST WINTER ON RECORD....
...14TH SNOWIEST WINTER ON RECORD...

...THE WAUSAU WI WINTER CLIMATE SUMMARY FROM 12/1/2016 TO
2/28/2017...

CLIMATE NORMAL PERIOD 1981 TO 2010
CLIMATE RECORD PERIOD 1896 TO 2017

WEATHER         OBSERVED          NORMAL  DEPART  LAST YEAR`S
                 VALUE   DATE(S)  VALUE   FROM    VALUE  DATE(S)
                                          NORMAL
................................................................
TEMPERATURE (F)
RECORD
 HIGH              61   12/05/2001
                        12/02/1982
 LOW              -40   01/30/1951
                        01/18/1948
                        02/10/1899
HIGHEST            57   02/19        49       8       55  02/27
LOWEST            -15   01/06       -22       7      -14  02/14
                        12/18                             01/18
                                                          01/17
AVG. MAXIMUM     27.8              25.9     1.9     30.5
AVG. MINIMUM     14.4               9.1     5.3     17.2
MEAN             21.1              17.5     3.6     23.9
DAYS MAX >= 90      0               0.0     0.0        0
DAYS MAX <= 32     57              63.0    -6.0       48
DAYS MIN <= 32     83              87.8    -4.8       81
DAYS MIN <= 0      17              24.1    -7.1       12

PRECIPITATION (INCHES)
RECORD
 MAXIMUM         6.60   2017
                        1937
 MINIMUM         1.07   1963
TOTALS           6.60R             3.30    3.30     6.37
DAILY AVG.       0.08              0.04    0.04     0.07
DAYS >= .01        28              27.5     0.5       31
DAYS >= .10        19               9.9     9.1       12
DAYS >= .50         4               1.0     3.0        3
DAYS >= 1.00        0               0.2    -0.2        2

SNOWFALL (INCHES)
RECORDS
 TOTAL           64.5   2014
 24 HR TOTAL       MM
TOTALS           50.7              37.0    13.7     24.1
SINCE 7/1        53.8              45.3     8.5     24.3
DAYS >= TRACE      38              27.7    10.3       45
DAYS >= 1.0        13              12.0     1.0        6
GREATEST
 SNOW DEPTH        19   01/13                         11  02/17
                        01/11                             02/15
                        01/12                             02/16
 24 HR TOTAL      8.4   MM

DEGREE_DAYS
HEATING TOTAL    3948              4278    -330     3717
 SINCE 7/1       5226              6136    -910     5085
COOLING TOTAL       0                 0       0        0
 SINCE 1/1          0                 0       0        0

FREEZE DATES
RECORD
 EARLIEST     08/30/1915
 LATEST       06/12/1903
EARLIEST                        10/02
LATEST                          05/05
.................................................................

WIND (MPH)
AVERAGE WIND SPEED              8.7
RESULTANT WIND SPEED/DIRECTION   4/276
HIGHEST WIND SPEED/DIRECTION    35/230    DATE  12/26
HIGHEST GUST SPEED/DIRECTION    47/290    DATE  01/10

SKY COVER
POSSIBLE SUNSHINE (PERCENT)   MM
AVERAGE SKY COVER           0.60
NUMBER OF DAYS FAIR           23
NUMBER OF DAYS PC             27
NUMBER OF DAYS CLOUDY         40

AVERAGE RH (PERCENT)     77

WEATHER CONDITIONS. NUMBER OF DAYS WITH
THUNDERSTORM              0     MIXED PRECIP               0
HEAVY RAIN                3     RAIN                       3
LIGHT RAIN                9     FREEZING RAIN              3
LT FREEZING RAIN          6     HAIL                       0
HEAVY SNOW                3     SNOW                       9
LIGHT SNOW               39     SLEET                      0
FOG                      53     FOG W/VIS <= 1/4 MILE     10
HAZE                     13

-  INDICATES NEGATIVE NUMBERS.
R  INDICATES RECORD WAS SET OR TIED.
MM INDICATES DATA IS MISSING.
T  INDICATES TRACE AMOUNT.

$$
ECKBERG
