000
CXUS53 KGRB 041845
CLSAUW

CLIMATE REPORT
NATIONAL WEATHER SERVICE GREEN BAY
1245 PM CST FRI DEC 4 2015

...TIED 2ND WARMEST FALL ON RECORD AT WAUSAU...
...TIED 5TH LEAST SNOWIEST FALL ON RECORD AT WAUSAU

...THE WAUSAU WI CLIMATE SUMMARY FOR THE SEASON, FROM
9/1/2015 TO 11/30/2015...

CLIMATE NORMAL PERIOD 1981 TO 2010
CLIMATE RECORD PERIOD 1896 TO 2015

WEATHER         OBSERVED          NORMAL  DEPART  LAST YEAR`S
                 VALUE   DATE(S)  VALUE   FROM    VALUE  DATE(S)
                                          NORMAL
................................................................
TEMPERATURE (F)
RECORD
 HIGH              99   09/10/1931
 LOW              -15   11/25/1950
HIGHEST            87   09/06        84       3       80  09/28
                        09/05                             09/09
LOWEST             11   11/22         6       5       -2  11/21
AVG. MAXIMUM     60.3              54.7     5.6     51.1
AVG. MINIMUM     41.8              36.5     5.3     34.1
MEAN             51.0              45.6     5.4     42.6
DAYS MAX >= 90      0               0.0     0.0        0
DAYS MAX <= 32      5               7.1    -2.1       16
DAYS MIN <= 32     22              33.8   -11.8       35
DAYS MIN <= 0       0               0.3    -0.3        2

PRECIPITATION (INCHES)
RECORD
 MAXIMUM        19.70   1900
 MINIMUM         1.40   1976
TOTALS          10.36              8.84    1.52    12.84
DAILY AVG.       0.11              0.10    0.01     0.14
DAYS >= .01        29              33.7    -4.7       39
DAYS >= .10        20              18.5     1.5       22
DAYS >= .50         7               5.3     1.7        7
DAYS >= 1.00        1               1.7    -0.7        4

SNOWFALL (INCHES)
RECORDS
 TOTAL           22.6   1991
 24 HR TOTAL       MM
TOTALS            0.2               8.3    -8.1     20.2
SINCE 7/1         0.2               8.3    -8.1     20.2
DAYS >= TRACE       8               6.6     1.4       22
DAYS >= 1.0         0               2.4    -2.4        6
GREATEST
 SNOW DEPTH         T   10/28                          6  11/21
                                                          11/19
                                                          11/20
 24 HR TOTAL      0.2   10/28

DEGREE_DAYS
HEATING TOTAL    1344              1793    -449     2029
 SINCE 7/1       1406              1859    -453     2083
COOLING TOTAL      97                32      65       12
 SINCE 1/1        435               407      28      338

FREEZE DATES
RECORD
 EARLIEST     08/30/1915
 LATEST       06/12/1903
EARLIEST                        10/02
LATEST                          05/05
.................................................................

WIND (MPH)
AVERAGE WIND SPEED              7.9
HIGHEST WIND SPEED/DIRECTION    33/270    DATE  11/19
HIGHEST GUST SPEED/DIRECTION    46/240    DATE  11/19

SKY COVER
POSSIBLE SUNSHINE (PERCENT)   MM
AVERAGE SKY COVER           0.40
NUMBER OF DAYS FAIR           43
NUMBER OF DAYS PC             28
NUMBER OF DAYS CLOUDY         20

AVERAGE RH (PERCENT)     73

WEATHER CONDITIONS. NUMBER OF DAYS WITH
THUNDERSTORM              6     MIXED PRECIP               0
HEAVY RAIN               11     RAIN                      20
LIGHT RAIN               40     FREEZING RAIN              0
LT FREEZING RAIN          0     HAIL                       0
HEAVY SNOW                0     SNOW                       0
LIGHT SNOW                8     SLEET                      0
FOG                      46     FOG W/VIS <= 1/4 MILE      5
HAZE                      9

-  INDICATES NEGATIVE NUMBERS.
R  INDICATES RECORD WAS SET OR TIED.
MM INDICATES DATA IS MISSING.
T  INDICATES TRACE AMOUNT.

$$
