499
CXUS51 KBGM 040142
CLSAVP


CLIMATE REPORT
NATIONAL WEATHER SERVICE BINGHAMTON NY
827 PM EST SAT DEC 3 2016

...................................

...THE AVOCA PA CLIMATE SUMMARY FOR THE SEASON, FROM
9/1/2016 TO 11/30/2016...

CLIMATE NORMAL PERIOD 1981 TO 2010
CLIMATE RECORD PERIOD 1901 TO 2016

WEATHER         OBSERVED          NORMAL  DEPART  LAST YEAR`S
                 VALUE   DATE(S)  VALUE   FROM    VALUE  DATE(S)
                                          NORMAL
................................................................
TEMPERATURE (F)
RECORD
 HIGH              95   09/08/2015
                        09/11/2013
                        09/10/1983
 LOW                9   11/24/2000
                        11/30/1995
                        11/30/1976
HIGHEST            92   09/08        61      31       95  09/08
LOWEST             28   11/28        43     -15       21  11/24
                        11/07
AVG. MAXIMUM     65.1              60.8     4.3     66.9
AVG. MINIMUM     45.1              42.2     2.9     46.1
MEAN             55.1              51.5     3.6     56.5
DAYS MAX >= 90      2               0.5     1.5        4
DAYS MAX <= 32      0               1.0    -1.0        0
DAYS MIN <= 32     16              18.4    -2.4       13
DAYS MIN <= 0       0               0.0     0.0        0

PRECIPITATION (INCHES)
RECORD
 MAXIMUM        18.19   2011
 MINIMUM         3.81   1964
TOTALS           7.68             10.55   -2.87     7.48
DAILY AVG.       0.08              0.12   -0.04     0.08
DAYS >= .01        33              32.1     0.9       24
DAYS >= .10        22              17.5     4.5       12
DAYS >= .50         6               6.3    -0.3        4
DAYS >= 1.00        0               2.9    -2.9        2
GREATEST
 24 HR. TOTAL    0.94   09/18 TO 09/19

SNOWFALL (INCHES)
RECORDS
 TOTAL           22.5   1971
 24 HR TOTAL     18.5   11/25/1971 TO 11/25/1971
TOTALS            5.7               3.0     2.7        T
SINCE 7/1         5.7               3.0     2.7        T
DAYS >= TRACE       4               2.2     1.8        2
DAYS >= 1.0         2               0.9     1.1        0
GREATEST
 24 HR TOTAL      3.2   11/19 TO 11/19

DEGREE_DAYS
HEATING TOTAL    1017              1287    -270      908
 SINCE 7/1       1018              1313    -295      908
COOLING TOTAL     132                56      76      153
 SINCE 1/1        999               580     419      929

FREEZE DATES
RECORD
 EARLIEST     09/21/1956
 LATEST       05/25/1956
EARLIEST                        10/15
LATEST                          04/26
.........................................................

WIND (MPH)
AVERAGE WIND SPEED              6.0
RESULTANT WIND SPEED/DIRECTION   1/325
HIGHEST WIND SPEED/DIRECTION    32/290    DATE  11/20
HIGHEST GUST SPEED/DIRECTION    47/290    DATE  11/20

SKY COVER
POSSIBLE SUNSHINE (PERCENT)   MM
AVERAGE SKY COVER           0.40
NUMBER OF DAYS FAIR           38
NUMBER OF DAYS PC             31
NUMBER OF DAYS CLOUDY         22

AVERAGE RH (PERCENT)     70

WEATHER CONDITIONS. NUMBER OF DAYS WITH
THUNDERSTORM              4     MIXED PRECIP               0
HEAVY RAIN                7     RAIN                      18
LIGHT RAIN               41     FREEZING RAIN              0
LT FREEZING RAIN          0     HAIL                       0
HEAVY SNOW                0     SNOW                       2
LIGHT SNOW                4     SLEET                      0
FOG                      42     FOG W/VIS <= 1/4 MILE      4
HAZE                     10

-  INDICATES NEGATIVE NUMBERS.
R  INDICATES RECORD WAS SET OR TIED.
MM INDICATES DATA IS MISSING.
T  INDICATES TRACE AMOUNT.

&&
5TH WARMEST AVERAGE TEMPERATURE  RECORD 57.4 IN 1931
$$
