000
CXUS53 KGRR 012215
CLSAZO

CLIMATE REPORT
NATIONAL WEATHER SERVICE GRAND RAPIDS, MI
515 PM EST WED MAR 1 2017

...................................

...THE KALAMAZOO MI CLIMATE SUMMARY FOR THE SEASON, FROM
12/1/2016 TO 2/28/2017...

CLIMATE NORMAL PERIOD 1981 TO 2010
CLIMATE RECORD PERIOD 1998 TO 2017

WEATHER         OBSERVED          NORMAL  DEPART  LAST YEAR`S
                 VALUE   DATE(S)  VALUE   FROM    VALUE  DATE(S)
                                          NORMAL
................................................................
TEMPERATURE (F)
HIGHEST            66   02/18        MM      MM       63  12/13
                                                          12/12
LOWEST                  12/19        MM      MM       -6  02/13
AVG. MAXIMUM     38.3              33.3     5.0     38.7
AVG. MINIMUM     25.0              20.2     4.8     25.1
MEAN             31.6              26.7     4.9     31.9
DAYS MAX >= 90      0               0.0     0.0        0
DAYS MAX <= 32     27              43.1   -16.1       27
DAYS MIN <= 32     66              77.5   -11.5       69
DAYS MIN <= 0       1               3.6    -2.6        2

PRECIPITATION (INCHES)
TOTALS           5.77              5.22    0.55     4.75
DAILY AVG.       0.07              0.06    0.01     0.05
DAYS >= .01        37                MM      MM       38
DAYS >= .10        16                MM      MM       11
DAYS >= .50         2                MM      MM        3
DAYS >= 1.00        0                MM      MM        0
GREATEST
 24 HR. TOTAL    0.86   01/16 TO 01/17
 STORM TOTAL       MM                                 MM
 (MM/DD(HH))            MM

DEGREE_DAYS
HEATING TOTAL    2996              3446    -450     2983
 SINCE 7/1       3896              4773    -877     4048
COOLING TOTAL       0                 0       0        0
 SINCE 1/1          0                 0       0        0

FREEZE DATES
EARLIEST                        MM
LATEST                          MM
.................................................................

WIND (MPH)
AVERAGE WIND SPEED              9.3
RESULTANT WIND SPEED/DIRECTION   5/245
HIGHEST WIND SPEED/DIRECTION    41/290    DATE  02/12
HIGHEST GUST SPEED/DIRECTION    52/300    DATE  02/12

SKY COVER
POSSIBLE SUNSHINE (PERCENT)   MM
AVERAGE SKY COVER           0.70
NUMBER OF DAYS FAIR           15
NUMBER OF DAYS PC             21
NUMBER OF DAYS CLOUDY         54

AVERAGE RH (PERCENT)     72

WEATHER CONDITIONS. NUMBER OF DAYS WITH
THUNDERSTORM              4     MIXED PRECIP               0
HEAVY RAIN                4     RAIN                       9
LIGHT RAIN               31     FREEZING RAIN              2
LT FREEZING RAIN          3     HAIL                       0
HEAVY SNOW               10     SNOW                      18
LIGHT SNOW               38     SLEET                      0
FOG                      62     FOG W/VIS <= 1/4 MILE     15
HAZE                     61

-  INDICATES NEGATIVE NUMBERS.
R  INDICATES RECORD WAS SET OR TIED.
MM INDICATES DATA IS MISSING.
T  INDICATES TRACE AMOUNT.

$$
