242
CXUS53 KGRR 021310 RRB
CLSAZO

WRKCLMAZO 000
TTAA00 KGRR 021142


CLIMATE REPORT
NATIONAL WEATHER SERVICE GRAND RAPIDS, MI
710 AM EDT FRI SEP 2 2016

...................................

...THE KALAMAZOO MI CLIMATE SUMMARY FOR THE SEASON, FROM
6/1/2016 TO 8/31/2016...

CLIMATE NORMAL PERIOD 1981 TO 2010
CLIMATE RECORD PERIOD 1998 TO 2016

WEATHER         OBSERVED          NORMAL  DEPART  LAST YEAR`S
                 VALUE   DATE(S)  VALUE   FROM    VALUE  DATE(S)
                                          NORMAL
................................................................
TEMPERATURE (F)
HIGHEST            93   07/23        MM      MM       92  08/02
                        07/12
LOWEST             42   06/09        MM      MM       42  06/02
AVG. MAXIMUM     83.1              81.1     2.0       MM
AVG. MINIMUM     61.5              59.9     1.6       MM
MEAN             72.3              70.5     1.8       MM
DAYS MAX >= 90      9               6.3     2.7       MM
DAYS MAX <= 32      0               0.0     0.0        0
DAYS MIN <= 32      0               0.0     0.0        0
DAYS MIN <= 0       0               0.0     0.0        0

PRECIPITATION (INCHES)
TOTALS             MM             11.15      MM       MM
DAILY AVG.         MM              0.12      MM       MM
DAYS >= .01        MM                MM      MM       MM
DAYS >= .10        MM                MM      MM       MM
DAYS >= .50        MM                MM      MM       MM
DAYS >= 1.00       MM                MM      MM       MM
GREATEST
 24 HR. TOTAL      MM
 STORM TOTAL       MM                                 MM
 (MM/DD(HH))            MM                    08/31(00) TO 08/31(00)
                                                 08/31(00) TO 08/31(00)@
                                                 08/31(00) TO 08/31(00)@

DEGREE_DAYS
HEATING TOTAL      29                64     -35       MM
 SINCE 7/1          1                16     -15       28
COOLING TOTAL     727               570     157       MM
 SINCE 1/1        794               611     183    10066

FREEZE DATES
EARLIEST                        MM
LATEST                          MM
.................................................................

WIND (MPH)
AVERAGE WIND SPEED              5.9
RESULTANT WIND SPEED/DIRECTION   2/248
HIGHEST WIND SPEED/DIRECTION    35/210    DATE  07/18
HIGHEST GUST SPEED/DIRECTION    49/220    DATE  07/18

SKY COVER
POSSIBLE SUNSHINE (PERCENT)   MM
AVERAGE SKY COVER           0.30
NUMBER OF DAYS FAIR           55
NUMBER OF DAYS PC             35
NUMBER OF DAYS CLOUDY          2

AVERAGE RH (PERCENT)     67

WEATHER CONDITIONS. NUMBER OF DAYS WITH
THUNDERSTORM             20     MIXED PRECIP               0
HEAVY RAIN               15     RAIN                      20
LIGHT RAIN               43     FREEZING RAIN              0
LT FREEZING RAIN          0     HAIL                       0
HEAVY SNOW                0     SNOW                       0
LIGHT SNOW                0     SLEET                      0
FOG                      58     FOG W/VIS <= 1/4 MILE      6
HAZE                     19

-  INDICATES NEGATIVE NUMBERS.
R  INDICATES RECORD WAS SET OR TIED.
MM INDICATES DATA IS MISSING.
T  INDICATES TRACE AMOUNT.

$$

JAM
