000
CXUS53 KGRR 021324
CLSAZO

CLIMATE REPORT
NATIONAL WEATHER SERVICE GRAND RAPIDS, MI
625 PM EST TUE DEC 1 2015

...................................

...THE KALAMAZOO MI CLIMATE SUMMARY FOR THE SEASON, FROM
9/1/2015 TO 11/30/2015...

CLIMATE NORMAL PERIOD 1981 TO 2010
CLIMATE RECORD PERIOD 1998 TO 2015

WEATHER         OBSERVED          NORMAL  DEPART  LAST YEAR`S
                 VALUE   DATE(S)  VALUE   FROM    VALUE  DATE(S)
                                          NORMAL
................................................................
TEMPERATURE (F)
HIGHEST            92   09/07        MM      MM       90  09/05
LOWEST             20   11/29        MM      MM       13  11/21
                        11/22                             11/15
                                                          11/18
AVG. MAXIMUM     64.9              60.3     4.6     58.2
AVG. MINIMUM     44.9              42.3     2.6     39.7
MEAN             54.9              51.3     3.6     48.9
DAYS MAX >= 90      1               0.2     0.8        1
DAYS MAX <= 32      1               1.7    -0.7       12
DAYS MIN <= 32     16              18.3    -2.3       25
DAYS MIN <= 0       0               0.0     0.0        0

PRECIPITATION (INCHES)
TOTALS           8.39             10.17   -1.78    10.28
DAILY AVG.       0.09              0.11   -0.02     0.11
DAYS >= .01        34                MM      MM       34
DAYS >= .10        16                MM      MM       21
DAYS >= .50         5                MM      MM        8
DAYS >= 1.00        2                MM      MM        3
GREATEST
 24 HR. TOTAL    2.17   MM                       11/23 TO 11/24
                                                          11/24 TO 11/24
                                                          11/24 TO 11/24

DEGREE_DAYS
HEATING TOTAL    1037              1311    -274     1498
 SINCE 7/1       1065              1327    -262     1530
COOLING TOTAL     142                64      78       58
 SINCE 1/1      10576               675    9901      609

FREEZE DATES
EARLIEST                        MM
LATEST                          MM
.....................................................

WIND (MPH)
AVERAGE WIND SPEED              7.6
RESULTANT WIND SPEED/DIRECTION   2/215
HIGHEST WIND SPEED/DIRECTION    36/310    DATE  10/15
HIGHEST GUST SPEED/DIRECTION    52/320    DATE  10/15

SKY COVER
POSSIBLE SUNSHINE (PERCENT)   MM
AVERAGE SKY COVER           0.40
NUMBER OF DAYS FAIR           44
NUMBER OF DAYS PC             25
NUMBER OF DAYS CLOUDY         21

AVERAGE RH (PERCENT)     68

WEATHER CONDITIONS. NUMBER OF DAYS WITH
THUNDERSTORM              9     MIXED PRECIP               0
HEAVY RAIN                7     RAIN                      16
LIGHT RAIN               43     FREEZING RAIN              0
LT FREEZING RAIN          0     HAIL                       0
HEAVY SNOW                0     SNOW                       1
LIGHT SNOW                4     SLEET                      0
FOG                      49     FOG W/VIS <= 1/4 MILE      7
HAZE                      9

-  INDICATES NEGATIVE NUMBERS.
R  INDICATES RECORD WAS SET OR TIED.
MM INDICATES DATA IS MISSING.
T  INDICATES TRACE AMOUNT.

$$

JAM 63
