186
CXUS51 KOKX 011558
CLSBDR

CLIMATE REPORT
NATIONAL WEATHER SERVICE NEW YORK NY
1054 AM EST THU DEC 1 2016



...THE BRIDGEPORT CT CLIMATE SUMMARY FOR THE SEASON, FROM
9/1/2016 TO 11/30/2016...

CLIMATE NORMAL PERIOD 1981 TO 2010
CLIMATE RECORD PERIOD 1948 TO 2016

WEATHER         OBSERVED          NORMAL  DEPART  LAST YEAR`S
                 VALUE   DATE(S)  VALUE   FROM    VALUE
                                          NORMAL
.............................................................
TEMPERATURE (F)
RECORD
 HIGH              99   09/02/1953
 LOW               16   11/23/1972
                        11/28/1951
HIGHEST            90   09/09        MM      MM
LOWEST             30   11/28        MM      MM
AVG. MAXIMUM     67.2              63.5     3.7
AVG. MINIMUM     51.1              47.6     3.5
MEAN             59.1              55.5     3.6
DAYS MAX >= 90      1               0.3     0.7
DAYS MAX <= 32      0               0.1    -0.1
DAYS MIN <= 32      3               7.2    -4.2
DAYS MIN <= 0       0               0.0     0.0

PRECIPITATION (INCHES)
RECORD
 MAXIMUM        18.60   1972
 MINIMUM         3.68   1964
TOTALS          11.21             10.51    0.70     6.52
DAILY AVG.       0.12              0.12    0.00
DAYS >= .01        22              27.0    -5.0
DAYS >= .10        14              17.2    -3.2
DAYS >= .50         9               7.7     1.3
DAYS >= 1.00        3               2.4     0.6
GREATEST
 24 HR. TOTAL    1.90   MM
 STORM TOTAL       MM
 (MM/DD(HH))            MM

SNOWFALL (INCHES)
RECORDS
 TOTAL            8.4   2012
 24 HR TOTAL      6.0   MM
TOTALS              T               0.7    -0.7
 LIQUID EQUIV      MM              0.10      MM
SINCE 7/1           T               0.7    -0.7
 LIQUID 7/1        MM
DAYS >= TRACE       3               0.5     2.5
DAYS >= 1.0         0               0.2    -0.2
GREATEST
 SNOW DEPTH         0   MM
 24 HR TOTAL      0.0   MM
 STORM TOTAL       MM
 (MM/DD(HH))            MM

DEGREE_DAYS
HEATING TOTAL     728               970    -242
 SINCE 7/1        728               974    -246
COOLING TOTAL     218               108     110
 SINCE 1/1       1270               825     445
..............................................................

WIND (MPH)
AVERAGE WIND SPEED              9.0
HIGHEST WIND SPEED/DIRECTION    30/310    DATE  11/11
HIGHEST GUST SPEED/DIRECTION    43/310    DATE  11/21

SKY COVER
POSSIBLE SUNSHINE (PERCENT)   MM
AVERAGE SKY COVER           0.30
NUMBER OF DAYS FAIR           52
NUMBER OF DAYS PC             23
NUMBER OF DAYS CLOUDY         16

AVERAGE RH (PERCENT)     65

WEATHER CONDITIONS. NUMBER OF DAYS WITH
THUNDERSTORM              0     MIXED PRECIP               0
HEAVY RAIN               11     RAIN                      14
LIGHT RAIN               31     FREEZING RAIN              0
LT FREEZING RAIN          0     HAIL                       0
HEAVY SNOW                0     SNOW                       0
LIGHT SNOW                0     SLEET                      0
FOG                      29     FOG W/VIS <= 1/4 MILE      4
HAZE                     15

-  INDICATES NEGATIVE NUMBERS.
R  INDICATES RECORD WAS SET OR TIED.
MM INDICATES DATA IS MISSING.
T  INDICATES TRACE AMOUNT.

$$
