000
CXUS51 KOKX 012024
CLSBDR

NYCCLMBDR 000
TTAA00 KOKX 012018


CLIMATE REPORT
NATIONAL WEATHER SERVICE NEW YORK NY
411 PM EDT MON JUN 1 2015

...................................

...THE BRIDGEPORT CT CLIMATE SUMMARY FOR THE SEASON, FROM
3/1/2015 TO 5/31/2015...

CLIMATE NORMAL PERIOD 1981 TO 2010
CLIMATE RECORD PERIOD 1948 TO 2015

WEATHER         OBSERVED          NORMAL  DEPART  LAST YEAR`S
                 VALUE   DATE(S)  VALUE   FROM    VALUE
                                          NORMAL
.............................................................
TEMPERATURE (F)
RECORD
 HIGH              97   05/20/1996
 LOW                4   03/19/1967
HIGHEST            82   05/12        MM      MM
LOWEST              9   03/06        MM      MM
AVG. MAXIMUM     57.7              57.5     0.2
AVG. MINIMUM     40.1              41.0    -0.9
MEAN             48.9              49.2    -0.3
DAYS MAX >= 90      0               0.1    -0.1
DAYS MAX <= 32      2               0.9     1.1
DAYS MIN <= 32     24              17.5     6.5
DAYS MIN <= 0       0               0.0     0.0

PRECIPITATION (INCHES)
RECORD
 MAXIMUM        24.70   1983
 MINIMUM         4.38   1986
TOTALS           7.96             11.98   -4.02    14.68
DAILY AVG.       0.09              0.13   -0.04
DAYS >= .01        34              34.1    -0.1
DAYS >= .10        19              21.5    -2.5
DAYS >= .50         6               7.1    -1.1
DAYS >= 1.00        0               2.8    -2.8
GREATEST
 24 HR. TOTAL    1.38   MM
 STORM TOTAL       MM
 (MM/DD(HH))            MM

SNOWFALL (INCHES)
RECORDS
 TOTAL           22.0   1996
 24 HR TOTAL     11.1   03/22/1967 TO 03/22/1967
TOTALS           18.6               6.0    12.6
 LIQUID EQUIV    1.86              0.60    1.26
SINCE 7/1        59.7              27.6    32.1
 LIQUID 7/1      5.97
DAYS >= TRACE      13               2.7    10.3
DAYS >= 1.0         5               1.9     3.1
GREATEST
 SNOW DEPTH        18R  03/06
                        03/02
 24 HR TOTAL      6.2   MM
 STORM TOTAL       MM
 (MM/DD(HH))            MM

DEGREE_DAYS
HEATING TOTAL    1515              1473      42
 SINCE 7/1         MM              5360      MM
COOLING TOTAL      54                24      30
 SINCE 1/1         54                24      30
..............................................................

WIND (MPH)
AVERAGE WIND SPEED              8.7
HIGHEST WIND SPEED/DIRECTION    35/300    DATE  04/04
HIGHEST GUST SPEED/DIRECTION    46/290    DATE  04/04

SKY COVER
POSSIBLE SUNSHINE (PERCENT)   MM
AVERAGE SKY COVER           0.40
NUMBER OF DAYS FAIR           41
NUMBER OF DAYS PC             35
NUMBER OF DAYS CLOUDY         16

AVERAGE RH (PERCENT)     65

WEATHER CONDITIONS. NUMBER OF DAYS WITH
THUNDERSTORM              0     MIXED PRECIP               0
HEAVY RAIN                5     RAIN                       7
LIGHT RAIN               34     FREEZING RAIN              1
LT FREEZING RAIN          1     HAIL                       0
HEAVY SNOW                0     SNOW                       4
LIGHT SNOW               10     SLEET                      1
FOG                      41     FOG W/VIS <= 1/4 MILE     16
HAZE                     12

-  INDICATES NEGATIVE NUMBERS.
R  INDICATES RECORD WAS SET OR TIED.
MM INDICATES DATA IS MISSING.
T  INDICATES TRACE AMOUNT.

$$
