000
CXUS51 KCTP 030045
CLSBFD

CLIMATE REPORT
NATIONAL WEATHER SERVICE STATE COLLEGE PA
719 PM EST WED DEC 2 2015

...................................

...THE BRADFORD CLIMATE SUMMARY FOR THE SEASON, FROM
9/1/2015 TO 11/30/2015...

CLIMATE NORMAL PERIOD 1981 TO 2010
CLIMATE RECORD PERIOD 1957 TO 2015

WEATHER         OBSERVED          NORMAL  DEPART  LAST YEAR`S
                 VALUE   DATE(S)  VALUE   FROM    VALUE  DATE(S)
                                          NORMAL
................................................................
TEMPERATURE (F)
RECORD
 HIGH              90   09/03/2011
 LOW               -2   11/30/1976
HIGHEST            85   09/08        MM      MM       86  09/05
                        09/04
                        09/07
LOWEST             18   11/30        MM      MM        6  11/19

AVG. MAXIMUM     61.0              56.7     4.3     56.0
AVG. MINIMUM     39.9              36.7     3.2     38.0
MEAN             50.5              46.7     3.8     47.0
DAYS MAX >= 90      0                MM      MM        0
DAYS MAX <= 32      1                MM      MM       11
DAYS MIN <= 32     26                MM      MM       28
DAYS MIN <= 0       0                MM      MM        0

PRECIPITATION (INCHES)
RECORD
 MAXIMUM        17.08   1970
 MINIMUM         4.03   1964

TOTALS          10.59             11.11   -0.52     8.80
DAILY AVG.       0.11              0.12   -0.01     0.10
DAYS >= .01        40                MM      MM       45
DAYS >= .10        20                MM      MM       24
DAYS >= .50         6                MM      MM        4
DAYS >= 1.00        3                MM      MM        0
GREATEST
 24 HR. TOTAL    1.91   10/27-28/2015

 (MM/DD(HH))            MM


DEGREE_DAYS
HEATING TOTAL    1354              1682    -328     1634
 SINCE 7/1       1480              1835    -355     1818
COOLING TOTAL      52                16      36       26
 SINCE 1/1        260               193      67      196

FREEZE DATES
RECORD
 EARLIEST     08/05/1972
 LATEST       06/30/1961
EARLIEST                        MM
LATEST                          MM
.................................................

WIND (MPH)
AVERAGE WIND SPEED              6.3
RESULTANT WIND SPEED/DIRECTION   1/198
HIGHEST WIND SPEED/DIRECTION    28/280    DATE  11/12
HIGHEST GUST SPEED/DIRECTION    43/220    DATE  11/12

SKY COVER
POSSIBLE SUNSHINE (PERCENT)   MM
AVERAGE SKY COVER           0.50
NUMBER OF DAYS FAIR           37
NUMBER OF DAYS PC             28
NUMBER OF DAYS CLOUDY         26

AVERAGE RH (PERCENT)     72

WEATHER CONDITIONS. NUMBER OF DAYS WITH
THUNDERSTORM              6     MIXED PRECIP               0
HEAVY RAIN               12     RAIN                      21
LIGHT RAIN               39     FREEZING RAIN              0
LT FREEZING RAIN          0     HAIL                       0
HEAVY SNOW                2     SNOW                       3
LIGHT SNOW                8     SLEET                      0
FOG                      67     FOG W/VIS <= 1/4 MILE     21
HAZE                      9

-  INDICATES NEGATIVE NUMBERS.
R  INDICATES RECORD WAS SET OR TIED.
MM INDICATES DATA IS MISSING.
T  INDICATES TRACE AMOUNT.

$$

LA CORTE
