000
CXUS51 KCTP 011609
CLSBFD

CLIMATE REPORT
NATIONAL WEATHER SERVICE STATE COLLEGE PA
1147 AM EDT MON JUN 1 2015

...................................

...THE BRADFORD CLIMATE SUMMARY FOR THE SEASON, FROM
3/1/2015 TO 5/31/2015...

CLIMATE NORMAL PERIOD 1981 TO 2010
CLIMATE RECORD PERIOD 1957 TO 2015

WEATHER         OBSERVED          NORMAL  DEPART  LAST YEAR`S
                 VALUE   DATE(S)  VALUE   FROM    VALUE  DATE(S)
                                          NORMAL
................................................................
TEMPERATURE (F)
RECORD
 HIGH              88   05/30/2006
 LOW              -21   03/02/1980

HIGHEST            86   05/10
LOWEST            -11   03/06
AVG. MAXIMUM     54.5              54.0     0.5     53.2
AVG. MINIMUM     32.6              31.5     1.1     30.5
MEAN             43.5              42.7     0.8     41.8
DAYS MAX >= 90      0                MM      MM        0
DAYS MAX <= 32      9                MM      MM       11
DAYS MIN <= 32     47                MM      MM       46
DAYS MIN <= 0       2                MM      MM        4

PRECIPITATION (INCHES)
RECORD
 MAXIMUM        20.43   2011
 MINIMUM         5.47   1999

TOTALS           9.59             11.10   -1.51    12.42
DAILY AVG.       0.11              0.12   -0.01     0.13
DAYS >= .01        52                MM      MM       40
DAYS >= .10        29                MM      MM       28
DAYS >= .50         5                MM      MM        9
DAYS >= 1.00        0                MM      MM        2
GREATEST
 24 HR. TOTAL    0.92   MM


 STORM TOTAL       MM
 (MM/DD(HH))            MM

DEGREE_DAYS
HEATING TOTAL    1977              2058     -81     2092
 SINCE 7/1       7876              7628     248     7758
COOLING TOTAL      44                10      34       18
 SINCE 1/1         44                10      34       18

FREEZE DATES
RECORD
 EARLIEST     08/05/1972
 LATEST       06/30/1961
EARLIEST                        MM
LATEST                          MM
..................................................

WIND (MPH)
AVERAGE WIND SPEED              7.6
RESULTANT WIND SPEED/DIRECTION   3/275
HIGHEST WIND SPEED/DIRECTION    32/320    DATE  03/17
HIGHEST GUST SPEED/DIRECTION    43/230    DATE  04/21

SKY COVER
POSSIBLE SUNSHINE (PERCENT)   MM
AVERAGE SKY COVER           0.60
NUMBER OF DAYS FAIR           27
NUMBER OF DAYS PC             37
NUMBER OF DAYS CLOUDY         28

AVERAGE RH (PERCENT)     67

WEATHER CONDITIONS. NUMBER OF DAYS WITH
THUNDERSTORM              7     MIXED PRECIP               0
HEAVY RAIN               15     RAIN                      21
LIGHT RAIN               48     FREEZING RAIN              1
LT FREEZING RAIN          4     HAIL                       0
HEAVY SNOW                4     SNOW                       6
LIGHT SNOW               23     SLEET                      0
FOG                      66     FOG W/VIS <= 1/4 MILE     18
HAZE                     26

-  INDICATES NEGATIVE NUMBERS.
R  INDICATES RECORD WAS SET OR TIED.
MM INDICATES DATA IS MISSING.
T  INDICATES TRACE AMOUNT.

$$

LA CORTE
