000
CXUS51 KBGM 012353 CCA
CLSBGM

CLIMATE REPORT...CORRECTED
NATIONAL WEATHER SERVICE BINGHAMTON NY
652 PM EST FRI DEC 1 2017

...................................

...THE BINGHAMTON NY CLIMATE SUMMARY FOR THE SEASON, FROM
9/1/2017 TO 11/30/2017...

CLIMATE NORMAL PERIOD 1981 TO 2010
CLIMATE RECORD PERIOD 1951 TO 2017

WEATHER         OBSERVED          NORMAL  DEPART  LAST YEAR`S
                 VALUE   DATE(S)  VALUE   FROM    VALUE  DATE(S)
                                          NORMAL
................................................................
TEMPERATURE (F)
RECORD
 HIGH              96   09/03/1953
                        09/02/1953
 LOW                3   11/30/1976
HIGHEST            87   09/25        56      31       86  09/08
LOWEST             13   11/11        40     -27       23  11/23
                                                          11/21
AVG. MAXIMUM     60.0              56.8     3.2     59.5
AVG. MINIMUM     42.2              40.7     1.5     41.7
MEAN             51.1              48.8     2.3     50.6
DAYS MAX >= 90      0               0.0     0.0        0
DAYS MAX <= 32      2               3.2    -1.2        4
DAYS MIN <= 32     23              21.9     1.1       24
DAYS MIN <= 0       0               0.0     0.0        0

PRECIPITATION (INCHES)
RECORD
 MAXIMUM        23.75   2011
 MINIMUM         3.62   1964
TOTALS           7.15             10.26   -3.11     8.97
DAILY AVG.       0.08              0.11   -0.03     0.10
DAYS >= .01        37              38.2    -1.2       38
DAYS >= .10        16              20.0    -4.0       19
DAYS >= .50         3               6.4    -3.4        4
DAYS >= 1.00        1               2.1    -1.1        1
GREATEST
 24 HR. TOTAL    1.85   10/29 TO 10/30

SNOWFALL (INCHES)
RECORDS
 TOTAL           33.9   1995
 24 HR TOTAL     12.9   11/20/2016 TO 11/21/2016
 SNOW DEPTH        15   11/22/2016
TOTALS            1.8               6.8    -5.0     28.6
SINCE 7/1         1.8               6.8    -5.0     28.6
SNOWDEPTH AVG.      0                MM      MM        1
DAYS >= TRACE      14               6.9     7.1       11
DAYS >= 1.0         1               2.4    -1.4        5
GREATEST
 SNOW DEPTH         1   11/20                         15  11/22
 24 HR TOTAL      1.0   11/10 TO 11/10

DEGREE_DAYS
HEATING TOTAL    1317              1512    -195     1340
 SINCE 7/1       1398              1575    -177     1349
COOLING TOTAL      78                33      45       52
 SINCE 1/1        349               381     -32      563

FREEZE DATES
RECORD
 EARLIEST     09/20/1993
 LATEST       05/25/1956
EARLIEST                        10/08
LATEST                          05/02
.................................................

WIND (MPH)
AVERAGE WIND SPEED              7.7
RESULTANT WIND SPEED/DIRECTION   2/246
HIGHEST WIND SPEED/DIRECTION    32/280    DATE  11/19
HIGHEST GUST SPEED/DIRECTION    45/290    DATE  11/19

SKY COVER
POSSIBLE SUNSHINE (PERCENT)   MM
AVERAGE SKY COVER           0.50
NUMBER OF DAYS FAIR           35
NUMBER OF DAYS PC             31
NUMBER OF DAYS CLOUDY         25

AVERAGE RH (PERCENT)     73

WEATHER CONDITIONS. NUMBER OF DAYS WITH
THUNDERSTORM              4     MIXED PRECIP               0
HEAVY RAIN                8     RAIN                      14
LIGHT RAIN               38     FREEZING RAIN              0
LT FREEZING RAIN          0     HAIL                       0
HEAVY SNOW                1     SNOW                       2
LIGHT SNOW               11     SLEET                      0
FOG                      55     FOG W/VIS <= 1/4 MILE     12
HAZE                      4

-  INDICATES NEGATIVE NUMBERS.
R  INDICATES RECORD WAS SET OR TIED.
MM INDICATES DATA IS MISSING.
T  INDICATES TRACE AMOUNT.

&&
MULTIPLE CORRECTIONS
10TH WARMEST SEPTEMBER TO NOVEMBER
13TH DRIEST SEPTEMBER TO NOVEMBER
$$

TAC
