000
CXUS51 KBGM 072117
CLSBGM


CLIMATE REPORT
NATIONAL WEATHER SERVICE BINGHAMTON NY
508 PM EDT SUN JUN 7 2015

...................................

...THE BINGHAMTON NY CLIMATE SUMMARY FOR THE SEASON, FROM
3/1/2015 TO 5/31/2015...

CLIMATE NORMAL PERIOD 1981 TO 2010
CLIMATE RECORD PERIOD 1951 TO 2015

WEATHER         OBSERVED          NORMAL  DEPART  LAST YEAR`S
                 VALUE   DATE(S)  VALUE   FROM    VALUE  DATE(S)
                                          NORMAL
................................................................
TEMPERATURE (F)
RECORD
 HIGH              89   04/27/2009
                        05/20/1996
                        05/07/1982
 LOW               -7   03/19/1993
HIGHEST            85   05/08        53      32       82  05/13
LOWEST             -3   03/06        35     -38       -3  03/04
AVG. MAXIMUM     53.6              53.6     0.0     52.8
AVG. MINIMUM     35.5              35.5     0.0     33.3
MEAN             44.5              44.6    -0.1     43.0
DAYS MAX >= 90      0               0.0     0.0        0
DAYS MAX <= 32     12               7.2     4.8       13
DAYS MIN <= 32     42              34.5     7.5       41
DAYS MIN <= 0       1               0.2     0.8        1

PRECIPITATION (INCHES)
RECORD
 MAXIMUM        19.93   2011
 MINIMUM         5.07   1969
TOTALS           9.61              9.99   -0.38     9.67
DAILY AVG.       0.10              0.11   -0.01     0.11
DAYS >= .01        46              41.7     4.3       39
DAYS >= .10        24              22.8     1.2       22
DAYS >= .50         5               6.3    -1.3        5
DAYS >= 1.00        1               1.2    -0.2        2
GREATEST
 24 HR. TOTAL    1.92   05/18 TO 05/19

SNOWFALL (INCHES)
RECORDS
 TOTAL           54.1   1993
 24 HR TOTAL     19.1   03/13/1993 TO 03/14/1993
 SNOW DEPTH        35   03/15/1993
TOTALS           17.6              19.5    -1.9      2.9
SINCE 7/1        93.4              83.4    10.0     85.1
SNOWDEPTH AVG.      4                MM      MM        1
DAYS >= TRACE      23              14.0     9.0       25
DAYS >= 1.0         5               4.9     0.1        0
GREATEST
 SNOW DEPTH        21   03/08                          7  03/01
                        03/04
 24 HR TOTAL      3.4   03/01 TO 03/01

DEGREE_DAYS
HEATING TOTAL    1926              1904      22     2023
 SINCE 7/1       7458              7104     354     7494
COOLING TOTAL      73                24      49       25
 SINCE 1/1         73                23      50       25

FREEZE DATES
RECORD
 EARLIEST     09/20/1993
 LATEST       05/25/1956
EARLIEST                        10/08
LATEST                          05/02
.......................................................

WIND (MPH)
AVERAGE WIND SPEED              8.7
RESULTANT WIND SPEED/DIRECTION   3/271
HIGHEST WIND SPEED/DIRECTION    35/130    DATE  04/20
HIGHEST GUST SPEED/DIRECTION    48/340    DATE  05/18

SKY COVER
POSSIBLE SUNSHINE (PERCENT)   MM
AVERAGE SKY COVER           0.50
NUMBER OF DAYS FAIR           36
NUMBER OF DAYS PC             27
NUMBER OF DAYS CLOUDY         29

AVERAGE RH (PERCENT)     67

WEATHER CONDITIONS. NUMBER OF DAYS WITH
THUNDERSTORM              0     MIXED PRECIP               0
HEAVY RAIN               11     RAIN                      14
LIGHT RAIN               39     FREEZING RAIN              0
LT FREEZING RAIN          1     HAIL                       0
HEAVY SNOW                3     SNOW                      12
LIGHT SNOW               23     SLEET                      0
FOG                      52     FOG W/VIS <= 1/4 MILE     20
HAZE                     18

-  INDICATES NEGATIVE NUMBERS.
R  INDICATES RECORD WAS SET OR TIED.
MM INDICATES DATA IS MISSING.
T  INDICATES TRACE AMOUNT.

$$

TAC
