000
CXUS51 KBGM 061011
CLSBGM


CLIMATE REPORT
NATIONAL WEATHER SERVICE BINGHAMTON NY
502 AM EST FRI MAR 6 2015

...................................

...THE BINGHAMTON NY CLIMATE SUMMARY FOR THE SEASON, FROM
12/1/2014 TO 2/28/2015...

CLIMATE NORMAL PERIOD 1981 TO 2010
CLIMATE RECORD PERIOD 1951 TO 2015

WEATHER         OBSERVED          NORMAL  DEPART  LAST YEAR`S
                 VALUE   DATE(S)  VALUE   FROM    VALUE  DATE(S)
                                          NORMAL
................................................................
TEMPERATURE (F)
RECORD
 HIGH              66   02/16/1954
 LOW              -20   01/15/1957
HIGHEST            56   12/25        31      25       62  12/22
LOWEST            -10   02/24        18     -28      -11  01/22
                        02/20
AVG. MAXIMUM     27.2              31.3    -4.1     28.6
AVG. MINIMUM     12.9              18.1    -5.2     14.6
MEAN             20.1              24.7    -4.6     21.6
DAYS MAX >= 90      0               0.0     0.0        0
DAYS MAX <= 32     66              48.6    17.4       58
DAYS MIN <= 32     84              80.9     3.1       84
DAYS MIN <= 0      19               5.2    13.8       14

PRECIPITATION (INCHES)
RECORD
 MAXIMUM        12.16   1977
 MINIMUM         3.99   1979
TOTALS           7.24              7.59   -0.35     9.12
DAILY AVG.       0.08              0.08    0.00     0.10
DAYS >= .01        51              44.3     6.7       51
DAYS >= .10        20              18.4     1.6       23
DAYS >= .50         3               3.9    -0.9        5
DAYS >= 1.00        0               0.7    -0.7        1
GREATEST
 24 HR. TOTAL    0.86   12/05 TO 12/06

SNOWFALL (INCHES)
RECORDS
 TOTAL           90.3   1977
 24 HR TOTAL     21.0   02/19/1972 TO 02/19/1972
 SNOW DEPTH        33   12/28/1969
TOTALS           62.1              57.1     5.0     74.0
SINCE 7/1        75.8              63.9    11.9     82.2
SNOWDEPTH AVG.      7                 4       3        5
DAYS >= TRACE      67              43.6    23.4       66
DAYS >= 1.0        18              16.7     1.3       21
GREATEST
 SNOW DEPTH        20   02/15                         17  02/17
                        02/14                             02/16
 24 HR TOTAL     10.3   02/01 TO 02/02

DEGREE_DAYS
HEATING TOTAL    3997              3624     373     3880
 SINCE 7/1       5532              5199     333     5471
COOLING TOTAL       0                 0       0        0
 SINCE 1/1          0                 0       0        0

FREEZE DATES
RECORD
 EARLIEST     09/20/1993
 LATEST       05/25/1956
EARLIEST                        10/08
LATEST                          05/02
......................................................

WIND (MPH)
AVERAGE WIND SPEED              9.3
RESULTANT WIND SPEED/DIRECTION   4/283
HIGHEST WIND SPEED/DIRECTION    30/240    DATE  12/25
HIGHEST GUST SPEED/DIRECTION    44/250    DATE  01/04

SKY COVER
POSSIBLE SUNSHINE (PERCENT)   MM
AVERAGE SKY COVER           0.70
NUMBER OF DAYS FAIR           13
NUMBER OF DAYS PC             30
NUMBER OF DAYS CLOUDY         47

AVERAGE RH (PERCENT)     76

WEATHER CONDITIONS. NUMBER OF DAYS WITH
THUNDERSTORM              0     MIXED PRECIP               0
HEAVY RAIN                0     RAIN                       5
LIGHT RAIN               17     FREEZING RAIN              2
LT FREEZING RAIN          7     HAIL                       0
HEAVY SNOW                6     SNOW                      19
LIGHT SNOW               62     SLEET                      0
FOG                      70     FOG W/VIS <= 1/4 MILE     17
HAZE                     31

-  INDICATES NEGATIVE NUMBERS.
R  INDICATES RECORD WAS SET OR TIED.
MM INDICATES DATA IS MISSING.
T  INDICATES TRACE AMOUNT.

&&
6TH COLDEST DECEMBER TO FEBRUARY
$$
