000
CXUS51 KBGM 022121
CLSBGM


CLIMATE REPORT
NATIONAL WEATHER SERVICE BINGHAMTON NY
403 PM EST WED DEC 2 2015

...................................

...THE BINGHAMTON NY CLIMATE SUMMARY FOR THE SEASON, FROM
9/1/2015 TO 11/30/2015...

CLIMATE NORMAL PERIOD 1981 TO 2010
CLIMATE RECORD PERIOD 1951 TO 2015

WEATHER         OBSERVED          NORMAL  DEPART  LAST YEAR`S
                 VALUE   DATE(S)  VALUE   FROM    VALUE  DATE(S)
                                          NORMAL
................................................................
TEMPERATURE (F)
RECORD
 HIGH              96   09/03/1953
                        09/02/1953
 LOW                3   11/30/1976
HIGHEST            89   09/07        56      33       83  09/05
                                                          09/02
LOWEST             19   11/30        40     -21       10  11/19
AVG. MAXIMUM     61.3              56.8     4.5     57.1
AVG. MINIMUM     43.7              40.7     3.0     40.9
MEAN             52.5              48.8     3.7     49.0
DAYS MAX >= 90      0               0.0     0.0        0
DAYS MAX <= 32      1               3.2    -2.2        7
DAYS MIN <= 32     20              21.9    -1.9       23
DAYS MIN <= 0       0               0.0     0.0        0

PRECIPITATION (INCHES)
RECORD
 MAXIMUM        23.75   2011
 MINIMUM         3.62   1964
TOTALS           7.58             10.26   -2.68     7.30
DAILY AVG.       0.08              0.11   -0.03     0.08
DAYS >= .01        32              38.2    -6.2       34
DAYS >= .10        14              20.0    -6.0       17
DAYS >= .50         4               6.4    -2.4        5
DAYS >= 1.00        3               2.1     0.9        1
GREATEST
 24 HR. TOTAL    2.05   11/10 TO 11/11           11/30 TO 11/30

SNOWFALL (INCHES)
RECORDS
 TOTAL           33.9   1995
 24 HR TOTAL     10.8   11/14/1995 TO 11/14/1995
 SNOW DEPTH        13   11/15/1995
                        11/01/1993
TOTALS            1.1               6.8    -5.7     13.7
SINCE 7/1         1.1               6.8    -5.7     13.7
SNOWDEPTH AVG.      0                MM      MM        0
DAYS >= TRACE       8               6.9     1.1       15
DAYS >= 1.0         0               2.4    -2.4        4
GREATEST
 SNOW DEPTH         T   11/23                          7  11/28
                        11/14                             11/27
                        10/19
 24 HR TOTAL      0.6   11/23 TO 11/23           11/30 TO 11/30

DEGREE_DAYS
HEATING TOTAL    1221              1512    -291     1469
 SINCE 7/1       1270              1575    -305     1535
COOLING TOTAL     101                33      68       39
 SINCE 1/1        443               381      62      341

FREEZE DATES
RECORD
 EARLIEST     09/20/1993
 LATEST       05/25/1956
EARLIEST                        10/08
LATEST                          05/02
.................................................

WIND (MPH)
AVERAGE WIND SPEED              7.9
RESULTANT WIND SPEED/DIRECTION   2/243
HIGHEST WIND SPEED/DIRECTION    33/260    DATE  11/22
HIGHEST GUST SPEED/DIRECTION    43/140    DATE  10/28

SKY COVER
POSSIBLE SUNSHINE (PERCENT)   MM
AVERAGE SKY COVER           0.40
NUMBER OF DAYS FAIR           41
NUMBER OF DAYS PC             27
NUMBER OF DAYS CLOUDY         23

AVERAGE RH (PERCENT)     72

WEATHER CONDITIONS. NUMBER OF DAYS WITH
THUNDERSTORM              1     MIXED PRECIP               0
HEAVY RAIN                8     RAIN                       9
LIGHT RAIN               31     FREEZING RAIN              0
LT FREEZING RAIN          0     HAIL                       0
HEAVY SNOW                0     SNOW                       1
LIGHT SNOW                6     SLEET                      0
FOG                      43     FOG W/VIS <= 1/4 MILE      8
HAZE                      6

-  INDICATES NEGATIVE NUMBERS.
R  INDICATES RECORD WAS SET OR TIED.
MM INDICATES DATA IS MISSING.
T  INDICATES TRACE AMOUNT.

&&
2ND WARMEST   RECORD 2007 52.8F
7TH LOWEST SNOWFALL  RECORD TRACE 2006 AND 1964
$$
