000
CXUS53 KGRR 012218
CLSBIV

CLIMATE REPORT
NATIONAL WEATHER SERVICE GRAND RAPIDS, MI
518 PM EST WED MAR 1 2017

...................................

...THE HOLLAND/TULIP CITY MI CLIMATE SUMMARY FOR THE SEASON, FROM
12/1/2016 TO 2/28/2017...

CLIMATE NORMAL PERIOD 1981 TO 2010
CLIMATE RECORD PERIOD 1996 TO 2017

WEATHER         OBSERVED          NORMAL  DEPART  LAST YEAR`S
                 VALUE   DATE(S)  VALUE   FROM    VALUE  DATE(S)
                                          NORMAL
................................................................
TEMPERATURE (F)
HIGHEST            65   02/22        MM      MM       62  12/23
                        02/20                             12/13
LOWEST              7   12/19        MM      MM        3  02/18
AVG. MAXIMUM     37.6              34.5     3.1     38.4
AVG. MINIMUM     26.3              22.7     3.6     26.2
MEAN             31.9              28.6     3.3     32.3
DAYS MAX >= 90      0               0.0     0.0        0
DAYS MAX <= 32     26              35.9    -9.9       25
DAYS MIN <= 32     62              74.4   -12.4       67
DAYS MIN <= 0       0               1.4    -1.4        0

PRECIPITATION (INCHES)
TOTALS           6.41              6.19    0.22     7.44
DAILY AVG.       0.07              0.07    0.00     0.08
DAYS >= .01        47                MM      MM       46
DAYS >= .10        18                MM      MM       16
DAYS >= .50         3                MM      MM        5
DAYS >= 1.00        0                MM      MM        1
GREATEST
 24 HR. TOTAL    0.98   01/16 TO 01/17
 STORM TOTAL       MM                                 MM
 (MM/DD(HH))            MM

DEGREE_DAYS
HEATING TOTAL    2964              3277    -313     2960
 SINCE 7/1       3862              4500    -638     3990
COOLING TOTAL       0                 0       0        0
 SINCE 1/1          0                 0       0        0

FREEZE DATES
EARLIEST                        MM
LATEST                          MM
.................................................................

WIND (MPH)
AVERAGE WIND SPEED              10.3
RESULTANT WIND SPEED/DIRECTION   5/250
HIGHEST WIND SPEED/DIRECTION    43/210    DATE  01/10
HIGHEST GUST SPEED/DIRECTION    57/220    DATE  01/10

SKY COVER
POSSIBLE SUNSHINE (PERCENT)   MM
AVERAGE SKY COVER           0.70
NUMBER OF DAYS FAIR           14
NUMBER OF DAYS PC             20
NUMBER OF DAYS CLOUDY         56

AVERAGE RH (PERCENT)     75

WEATHER CONDITIONS. NUMBER OF DAYS WITH
THUNDERSTORM              3     MIXED PRECIP               0
HEAVY RAIN                4     RAIN                      10
LIGHT RAIN               24     FREEZING RAIN              0
LT FREEZING RAIN          2     HAIL                       0
HEAVY SNOW                1     SNOW                       8
LIGHT SNOW               42     SLEET                      0
FOG                      45     FOG W/VIS <= 1/4 MILE      5
HAZE                     13

-  INDICATES NEGATIVE NUMBERS.
R  INDICATES RECORD WAS SET OR TIED.
MM INDICATES DATA IS MISSING.
T  INDICATES TRACE AMOUNT.

$$
