000
CXUS53 KGRR 011758
CLSBIV

CLIMATE REPORT
NATIONAL WEATHER SERVICE GRAND RAPIDS, MI
158 PM EDT WED JUN 1 2016

...................................

...THE HOLLAND/TULIP CITY MI CLIMATE SUMMARY FOR THE SEASON, FROM
3/1/2016 TO 5/31/2016...

CLIMATE NORMAL PERIOD 1981 TO 2010
CLIMATE RECORD PERIOD 1996 TO 2016

WEATHER         OBSERVED          NORMAL  DEPART  LAST YEAR`S
                 VALUE   DATE(S)  VALUE   FROM    VALUE  DATE(S)
                                          NORMAL
................................................................
TEMPERATURE (F)
HIGHEST            87   05/31        MM      MM       85  05/07
LOWEST              5   03/04        MM      MM       -2  03/05
AVG. MAXIMUM     58.3              57.2     1.1     57.0
AVG. MINIMUM     39.3              38.7     0.6     37.3
MEAN             48.8              47.9     0.9     47.1
DAYS MAX >= 90      0               0.4    -0.4        0
DAYS MAX <= 32      3               3.2    -0.2        6
DAYS MIN <= 32     27              27.6    -0.6       30
DAYS MIN <= 0       0               0.0     0.0        2

PRECIPITATION (INCHES)
TOTALS           9.27              8.70    0.57     9.33
DAILY AVG.       0.10              0.09    0.01     0.10
DAYS >= .01        40                MM      MM       28
DAYS >= .10        25                MM      MM       18
DAYS >= .50         7                MM      MM        6
DAYS >= 1.00        1                MM      MM        2
GREATEST
 24 HR. TOTAL    1.09   03/30 TO 03/31

DEGREE_DAYS
HEATING TOTAL    1512              1612    -100     1667
 SINCE 7/1       5502              6112    -610     6634
COOLING TOTAL      59                42      17       49
 SINCE 1/1         59                42      17       49

FREEZE DATES
EARLIEST                        MM
LATEST                          MM
.................................................................

WIND (MPH)
AVERAGE WIND SPEED              8.6
RESULTANT WIND SPEED/DIRECTION   1/201
HIGHEST WIND SPEED/DIRECTION    39/220    DATE  03/16
HIGHEST GUST SPEED/DIRECTION    52/220    DATE  03/16

SKY COVER
POSSIBLE SUNSHINE (PERCENT)   MM
AVERAGE SKY COVER           0.40
NUMBER OF DAYS FAIR           39
NUMBER OF DAYS PC             30
NUMBER OF DAYS CLOUDY         22

AVERAGE RH (PERCENT)     68

WEATHER CONDITIONS. NUMBER OF DAYS WITH
THUNDERSTORM              8     MIXED PRECIP               0
HEAVY RAIN               11     RAIN                      22
LIGHT RAIN               40     FREEZING RAIN              0
LT FREEZING RAIN          3     HAIL                       0
HEAVY SNOW                2     SNOW                       4
LIGHT SNOW               12     SLEET                      0
FOG                      44     FOG W/VIS <= 1/4 MILE     10
HAZE                     11

-  INDICATES NEGATIVE NUMBERS.
R  INDICATES RECORD WAS SET OR TIED.
MM INDICATES DATA IS MISSING.
T  INDICATES TRACE AMOUNT.

$$

EBW
