000
CXUS53 KGRR 022321
CLSBIV

CLIMATE REPORT
NATIONAL WEATHER SERVICE GRAND RAPIDS, MI
721 PM EDT TUE JUN 2 2015

...................................

...THE HOLLAND/TULIP CITY MI CLIMATE SUMMARY FOR THE SEASON, FROM
3/1/2015 TO 5/31/2015...

CLIMATE NORMAL PERIOD 1981 TO 2010
CLIMATE RECORD PERIOD 1996 TO 2015

WEATHER         OBSERVED          NORMAL  DEPART  LAST YEAR`S
                 VALUE   DATE(S)  VALUE   FROM    VALUE  DATE(S)
                                          NORMAL
................................................................
TEMPERATURE (F)
HIGHEST            85   05/07        MM      MM       87  05/08
LOWEST             -2   03/05        MM      MM       -8  03/03
AVG. MAXIMUM     57.0              57.2    -0.2     54.8
AVG. MINIMUM     37.3              38.7    -1.4     34.3
MEAN             47.1              47.9    -0.8     44.5
DAYS MAX >= 90      0               0.4    -0.4        0
DAYS MAX <= 32      6               3.2     2.8       11
DAYS MIN <= 32     30              27.6     2.4       31
DAYS MIN <= 0       2               0.0     2.0        2

PRECIPITATION (INCHES)
TOTALS           9.33              8.70    0.63     5.57
DAILY AVG.       0.10              0.09    0.01     0.06
DAYS >= .01        28                MM      MM       36
DAYS >= .10        18                MM      MM       20
DAYS >= .50         6                MM      MM        2
DAYS >= 1.00        2                MM      MM        0
GREATEST
 24 HR. TOTAL    2.06   04/09 TO 04/09

DEGREE_DAYS
HEATING TOTAL    1667              1612      55     1867
 SINCE 7/1       6634              6112     522     7025
COOLING TOTAL      49                42       7       39
 SINCE 1/1         49                42       7       39

FREEZE DATES
EARLIEST                        MM
LATEST                          MM
......................................................

WIND (MPH)
AVERAGE WIND SPEED              9.0
RESULTANT WIND SPEED/DIRECTION   3/230
HIGHEST WIND SPEED/DIRECTION    36/240    DATE  04/10
HIGHEST GUST SPEED/DIRECTION    46/240    DATE  04/10

SKY COVER
POSSIBLE SUNSHINE (PERCENT)   MM
AVERAGE SKY COVER           0.40
NUMBER OF DAYS FAIR           37
NUMBER OF DAYS PC             36
NUMBER OF DAYS CLOUDY         19

AVERAGE RH (PERCENT)     66

WEATHER CONDITIONS. NUMBER OF DAYS WITH
THUNDERSTORM              5     MIXED PRECIP               0
HEAVY RAIN                9     RAIN                      18
LIGHT RAIN               35     FREEZING RAIN              0
LT FREEZING RAIN          1     HAIL                       0
HEAVY SNOW                1     SNOW                       2
LIGHT SNOW                9     SLEET                      0
FOG                      37     FOG W/VIS <= 1/4 MILE      6
HAZE                     21

-  INDICATES NEGATIVE NUMBERS.
R  INDICATES RECORD WAS SET OR TIED.
MM INDICATES DATA IS MISSING.
T  INDICATES TRACE AMOUNT.

$$

EBW
