000
CXUS51 KRNK 040158
CLSBLF

CLIMATE REPORT
NATIONAL WEATHER SERVICE BLACKSBURG VA
748 AM EST THU DEC 1 2016

...................................

...THE BLUEFIELD WV CLIMATE SUMMARY FOR THE SEASON, FROM
9/1/2016 TO 11/30/2016...

CLIMATE NORMAL PERIOD 1981 TO 2010
CLIMATE RECORD PERIOD 1959 TO 2016

WEATHER         OBSERVED          NORMAL  DEPART  LAST YEAR`S
                 VALUE   DATE(S)  VALUE   FROM    VALUE
                                          NORMAL
.............................................................
TEMPERATURE (F)
RECORD
 HIGH              93   09/06/2007
 LOW                7   11/25/1970
                        11/24/1970
HIGHEST            84   09/08                         87
LOWEST             20   11/22                         23
AVG. MAXIMUM     66.9              65.2     1.7     66.4
AVG. MINIMUM     48.0              47.7     0.3     50.5
MEAN             57.5              56.4     1.1     58.4
DAYS MAX >= 90      0               0.3    -0.3        0
DAYS MAX <= 32      0               0.8    -0.8        0
DAYS MIN <= 32     10               9.5     0.5        4
DAYS MIN <= 0       0               0.0     0.0        0

PRECIPITATION (INCHES)
RECORD
 MAXIMUM        16.56   2004
 MINIMUM         2.14   2008
TOTALS           4.74              8.33   -3.59    11.62
DAILY AVG.       0.05              0.09   -0.04     0.13
DAYS >= .01        18              29.9   -11.9       38
DAYS >= .10         8              16.6    -8.6       22
DAYS >= .50         2               5.4    -3.4       10
DAYS >= 1.00        1               1.4    -0.4        2
GREATEST
 24 HR. TOTAL    1.51                               1.79

SNOWFALL (INCHES)
TOTALS              T                                  T
DAYS >= TRACE       2                                  2
DAYS >= 1.0         0                                  0
GREATEST
 24 HR TOTAL      0.0                                0.0

DEGREE_DAYS
HEATING TOTAL     776               898    -122      719
COOLING TOTAL     129               119      10      138
..............................................................

WIND (MPH)
AVERAGE WIND SPEED              6.0
HIGHEST WIND SPEED/DIRECTION    25/170    DATE  11/29
HIGHEST GUST SPEED/DIRECTION    46/150    DATE  11/29

SKY COVER
AVERAGE SKY COVER           0.30

AVERAGE RH (PERCENT)     65

WEATHER CONDITIONS. NUMBER OF DAYS WITH
THUNDERSTORM              4     MIXED PRECIP               0
HEAVY RAIN                5     RAIN                      12
LIGHT RAIN               23     FREEZING RAIN              0
LT FREEZING RAIN          0     HAIL                       0
HEAVY SNOW                0     SNOW                       0
LIGHT SNOW                2     SLEET                      0
FOG                      24     FOG W/VIS <= 1/4 MILE     10
HAZE                      3

-  INDICATES NEGATIVE NUMBERS.
R  INDICATES RECORD WAS SET OR TIED.
MM INDICATES DATA IS MISSING.
T  INDICATES TRACE AMOUNT.

REMARKS:
DUE TO A POWER OUTAGE CAUSING A MISSING HIGH TEMPERATURE ON NOVEMBER
10...ALL TEMPERATURE AND HEATING DEGREE DAY INFORMATION WILL BE
CALCULATED WITHOUT DATA FROM THIS DATE.

$$
