000
CXUS51 KRNK 011311
CLSBLF


CLIMATE REPORT
NATIONAL WEATHER SERVICE BLACKSBURG VA
909 AM EDT FRI SEP 1 2017

...................................

...THE BLUEFIELD WV CLIMATE SUMMARY FOR THE SEASON, FROM
6/1/2017 TO 8/31/2017...

CLIMATE NORMAL PERIOD 1981 TO 2010
CLIMATE RECORD PERIOD 1959 TO 2017

WEATHER         OBSERVED          NORMAL  DEPART  LAST YEAR`S
                 VALUE   DATE(S)  VALUE   FROM    VALUE
                                          NORMAL
.............................................................
TEMPERATURE (F)
RECORD
 HIGH              97   06/29/2012
 LOW               37   06/11/1972
HIGHEST            87   07/22                         89
LOWEST             47   06/07                         47
AVG. MAXIMUM     76.4              80.2    -3.8     79.1
AVG. MINIMUM     59.6              63.2    -3.6     62.7
MEAN             68.0              71.7    -3.7     70.9
DAYS MAX >= 90      0               2.9    -2.9        0
DAYS MAX <= 32      0               0.0     0.0        0
DAYS MIN <= 32      0               0.0     0.0        0
DAYS MIN <= 0       0               0.0     0.0        0

PRECIPITATION (INCHES)
RECORD
 MAXIMUM        19.16   2006
 MINIMUM         6.12   1997
TOTALS          11.26             11.57   -0.31    12.13
DAILY AVG.       0.12              0.13   -0.01     0.13
DAYS >= .01        35              36.7    -1.7       39
DAYS >= .10        19              22.9    -3.9       24
DAYS >= .50        10               8.0     2.0        5
DAYS >= 1.00        4               2.3     1.7        3
GREATEST
 24 HR. TOTAL    1.33                               1.75

SNOWFALL (INCHES)
TOTALS            0.0                                0.0
DAYS >= TRACE       0                                  0
DAYS >= 1.0         0                                  0
GREATEST
 24 HR TOTAL      0.0                                0.0

DEGREE_DAYS
HEATING TOTAL      71                29      42       16
COOLING TOTAL     372               644    -272      581
..............................................................

WIND (MPH)
AVERAGE WIND SPEED              5.1
HIGHEST WIND SPEED/DIRECTION    30/250    DATE  06/23
HIGHEST GUST SPEED/DIRECTION    38/300    DATE  06/23

SKY COVER
AVERAGE SKY COVER           0.40

AVERAGE RH (PERCENT)     72

WEATHER CONDITIONS. NUMBER OF DAYS WITH
THUNDERSTORM             17     MIXED PRECIP               0
HEAVY RAIN               15     RAIN                      19
LIGHT RAIN               46     FREEZING RAIN              0
LT FREEZING RAIN          0     HAIL                       0
HEAVY SNOW                0     SNOW                       0
LIGHT SNOW                0     SLEET                      0
FOG                      40     FOG W/VIS <= 1/4 MILE      9
HAZE                      0

-  INDICATES NEGATIVE NUMBERS.
R  INDICATES RECORD WAS SET OR TIED.
MM INDICATES DATA IS MISSING.
T  INDICATES TRACE AMOUNT.

$$
