000
CXUS51 KRNK 011000 RRA
CLSBLF

CLIMATE REPORT
NATIONAL WEATHER SERVICE BLACKSBURG VA
552 AM EDT SUN JUN 1 2014

...................................

...THE BLUEFIELD WV CLIMATE SUMMARY FOR THE SEASON, FROM
3/1/2014 TO 5/31/2014...

CLIMATE NORMAL PERIOD 1981 TO 2010
CLIMATE RECORD PERIOD 1959 TO 2014

WEATHER         OBSERVED          NORMAL  DEPART
                 VALUE   DATE(S)  VALUE   FROM
                                          NORMAL
................................................
TEMPERATURE (F)
RECORD
 HIGH              90   05/31/2011
 LOW               -2   03/03/1980
HIGHEST            87
LOWEST             10   03/04
AVG. MAXIMUM     66.0              63.7     2.3
AVG. MINIMUM     44.4
MEAN             55.2              54.3     0.9
DAYS MAX >= 90      0               0.1    -0.1
DAYS MAX <= 32      2               1.3     0.7
DAYS MIN <= 32     22              14.1     7.9
DAYS MIN <= 0       0               0.0     0.0

PRECIPITATION (INCHES)
RECORD
 MAXIMUM        15.42   2011
 MINIMUM         5.68   1969
TOTALS           7.53             11.16   -3.63
DAYS >= .01        33              42.4    -9.4
DAYS >= .10        18              25.0    -7.0
DAYS >= .50         4               7.2    -3.2
DAYS >= 1.00        1               1.9    -0.9
GREATEST
 24 HR. TOTAL    1.83

SNOWFALL (INCHES)
TOTALS            9.4
SINCE 7/1        47.0
SNOWDEPTH AVG.      0
DAYS >= TRACE      12
DAYS >= 1.0         4
GREATEST
 SNOW DEPTH         3
 24 HR TOTAL      3.1

DEGREE_DAYS
HEATING TOTAL    1017              1072     -55
 SINCE 7/1         MM              4566      MM
COOLING TOTAL     129                90      39
 SINCE 1/1        129                91      38
.................................................

WIND (MPH)
AVERAGE WIND SPEED              8.2
HIGHEST WIND SPEED/DIRECTION    36/250
HIGHEST GUST SPEED/DIRECTION    49/300

SKY COVER
POSSIBLE SUNSHINE (PERCENT)   MM
NUMBER OF DAYS FAIR           51
NUMBER OF DAYS PC             27
NUMBER OF DAYS CLOUDY         13

AVERAGE RH (PERCENT)     53

WEATHER CONDITIONS. NUMBER OF DAYS WITH
THUNDERSTORM             12     MIXED PRECIP               0
HEAVY RAIN                8     RAIN                      20
LIGHT RAIN               33     FREEZING RAIN              2
LT FREEZING RAIN          4     HAIL                       0
HEAVY SNOW                2     SNOW                       5
LIGHT SNOW               12     SLEET                      3
FOG                      22     FOG W/VIS <= 1/4 MILE      3
HAZE                     10

-  INDICATES NEGATIVE NUMBERS.
R  INDICATES RECORD WAS SET OR TIED.
MM INDICATES DATA IS MISSING.
T  INDICATES TRACE AMOUNT.

DUE TO A POWER FAILURE CAUSING MISSING DATA ON MAY 30...MONTLHY
TOTALS...AVERAGES...AND DEPARTURES FROM NORMAL FOR TEMERATURE ALONG
WITH CDD WILL BE CALCULATED WITHOUT DATA FROM THIS DATE.
$$
