000
CXUS53 KDVN 011407
CLSBRL


CLIMATE REPORT
NATIONAL WEATHER SERVICE QUAD CITIES IA IL
806 AM CST MON DEC 1 2014

...................................

...THE BURLINGTON IA CLIMATE SUMMARY FOR THE SEASON, FROM
9/1/2014 TO 11/30/2014...

CLIMATE NORMAL PERIOD 1981 TO 2010
CLIMATE RECORD PERIOD 1897 TO 2014

WEATHER         OBSERVED          NORMAL  DEPART
                 VALUE   DATE(S)  VALUE   FROM
                                          NORMAL
................................................
TEMPERATURE (F)
RECORD
 HIGH             103   09/01/1913
                        09/05/1899
 LOW               -2   11/08/1991
                        11/26/1977
                        11/29/1976
HIGHEST            91   09/04        83       8
LOWEST              4   11/27        26     -22
AVG. MAXIMUM     60.5              65.4    -4.9
AVG. MINIMUM     40.6              44.7    -4.1
MEAN             50.6              55.1    -4.5
DAYS MAX >= 90      1
DAYS MAX <= 32     12
DAYS MIN <= 32     24
DAYS MIN <= 0       0

PRECIPITATION (INCHES)
TOTALS          10.66              9.14    1.52
DAILY AVG.       0.12              0.10    0.02
DAYS >= .01        23
DAYS >= .10        12
DAYS >= .50         8
DAYS >= 1.00        4
GREATEST
 24 HR. TOTAL    4.03   09/09 TO 09/10

DEGREE_DAYS
HEATING TOTAL    1370              1070     300
 SINCE 7/1       1377              1073     304
COOLING TOTAL      86               164     -78
 SINCE 1/1        940              1207    -267
.................................................

WIND (MPH)
AVERAGE WIND SPEED              8.1
HIGHEST WIND SPEED/DIRECTION    29/330    DATE  11/06
HIGHEST GUST SPEED/DIRECTION    44/330    DATE  11/06

SKY COVER
POSSIBLE SUNSHINE (PERCENT)   MM
AVERAGE SKY COVER           0.40
NUMBER OF DAYS FAIR           47
NUMBER OF DAYS PC             26
NUMBER OF DAYS CLOUDY         18

AVERAGE RH (PERCENT)     73

WEATHER CONDITIONS. NUMBER OF DAYS WITH
THUNDERSTORM              6     HAIL                       0
SLEET                     0     FOG                       43
FOG W/VIS <= 1/4 MILE    10     HAZE                      17

-  INDICATES NEGATIVE NUMBERS.
R  INDICATES RECORD WAS SET OR TIED.
MM INDICATES DATA IS MISSING.
T  INDICATES TRACE AMOUNT.

$$

===========================================================

NOTE: SUPPLEMENTAL CLIMATE DATA WAS USED FROM A NEARBY
CLIMATOLOGICALLY REPRESENTATIVE STATION FOR THE
FOLLOWING DAYS.

PARAMETER    DATE
---------    ----
  PCPN       9/4

===========================================================

GROSS
