000
CXUS53 KDVN 011020
CLSBRL


CLIMATE REPORT
NATIONAL WEATHER SERVICE QUAD CITIES IA IL
515 AM CDT FRI SEP 1 2017

...................................

...THE BURLINGTON IA CLIMATE SUMMARY FOR THE SEASON, FROM
6/1/2017 TO 8/31/2017...

CLIMATE NORMAL PERIOD 1981 TO 2010
CLIMATE RECORD PERIOD 1897 TO 2017

WEATHER         OBSERVED          NORMAL  DEPART
                 VALUE   DATE(S)  VALUE   FROM
                                          NORMAL
................................................
TEMPERATURE (F)
RECORD
 HIGH             111   07/15/1936
                        07/14/1936
 LOW               39   06/08/1913
HIGHEST            95   07/20        87       8
LOWEST             47   06/27        58     -11
AVG. MAXIMUM     84.1              85.2    -1.1
AVG. MINIMUM     62.6              65.0    -2.4
MEAN             73.3              75.1    -1.8
DAYS MAX >= 90     20
DAYS MAX <= 32      0
DAYS MIN <= 32      0
DAYS MIN <= 0       0

PRECIPITATION (INCHES)
TOTALS          11.18             12.99   -1.81
DAILY AVG.       0.12              0.14   -0.02
DAYS >= .01        28
DAYS >= .10        20
DAYS >= .50         8
DAYS >= 1.00        3
GREATEST
 24 HR. TOTAL    2.20   08/27 TO 08/28

DEGREE_DAYS
HEATING TOTAL       8                16      -8
 SINCE 7/1          0                 4      -4
COOLING TOTAL     798               941    -143
 SINCE 1/1        874              1043    -169
.................................................

WIND (MPH)
AVERAGE WIND SPEED              7.0
HIGHEST WIND SPEED/DIRECTION    40/030    DATE  07/05
HIGHEST GUST SPEED/DIRECTION    55/030    DATE  07/05

SKY COVER
POSSIBLE SUNSHINE (PERCENT)   MM
AVERAGE SKY COVER           0.20
NUMBER OF DAYS FAIR           78
NUMBER OF DAYS PC             10
NUMBER OF DAYS CLOUDY          2

AVERAGE RH (PERCENT)     73

WEATHER CONDITIONS. NUMBER OF DAYS WITH
THUNDERSTORM             26     HAIL                       0
SLEET                     0     FOG                       43
FOG W/VIS <= 1/4 MILE     8     HAZE                      25

-  INDICATES NEGATIVE NUMBERS.
R  INDICATES RECORD WAS SET OR TIED.
MM INDICATES DATA IS MISSING.
T  INDICATES TRACE AMOUNT.

$$
