000
CXUS53 KGRR 012003
CLSBTL

CLIMATE REPORT
NATIONAL WEATHER SERVICE GRAND RAPIDS, MI
349 PM EDT THU JUN 1 2017

...................................

...THE BATTLE CREEK MI CLIMATE SUMMARY FOR THE SEASON, FROM
3/1/2017 TO 5/31/2017...

CLIMATE NORMAL PERIOD 1981 TO 2010
CLIMATE RECORD PERIOD 1998 TO 2017

WEATHER         OBSERVED          NORMAL  DEPART  LAST YEAR`S
                 VALUE   DATE(S)  VALUE   FROM    VALUE  DATE(S)
                                          NORMAL
................................................................
TEMPERATURE (F)
HIGHEST            85   05/18        MM      MM       84  05/29
                        05/16                             05/25
                                                          05/28
LOWEST             10   03/12        MM      MM        2  03/04
AVG. MAXIMUM     58.3              59.0    -0.7     59.3
AVG. MINIMUM     39.3              35.6     3.7     38.7
MEAN             48.8              47.3     1.5     49.0
DAYS MAX >= 90      0               0.2    -0.2        0
DAYS MAX <= 32      8               3.0     5.0        4
DAYS MIN <= 32     23              36.3   -13.3       28
DAYS MIN <= 0       0               0.3    -0.3        0

PRECIPITATION (INCHES)
TOTALS          10.01              8.48    1.53       MM
DAILY AVG.       0.11              0.09    0.02       MM
DAYS >= .01        36              33.5     2.5       37
DAYS >= .10        22              19.0     3.0       23
DAYS >= .50         8               5.4     2.6        6
DAYS >= 1.00        2               1.6     0.4        0
GREATEST
 24 HR. TOTAL    1.31   03/30 TO 03/30
 STORM TOTAL       MM                                 MM
 (MM/DD(HH))            MM

DEGREE_DAYS
HEATING TOTAL    1510              1668    -158     1500
 SINCE 7/1      14911              6634    8277     5415
COOLING TOTAL      37                37       0       55
 SINCE 1/1         37                38      -1       55

FREEZE DATES
EARLIEST                        MM
LATEST                          MM
.................................................................

WIND (MPH)
AVERAGE WIND SPEED              10.3
RESULTANT WIND SPEED/DIRECTION   2/257
HIGHEST WIND SPEED/DIRECTION    47/250    DATE  03/08
HIGHEST GUST SPEED/DIRECTION    62/250    DATE  03/08

SKY COVER
POSSIBLE SUNSHINE (PERCENT)   MM
AVERAGE SKY COVER           0.50
NUMBER OF DAYS FAIR           37
NUMBER OF DAYS PC             25
NUMBER OF DAYS CLOUDY         30

AVERAGE RH (PERCENT)     67

WEATHER CONDITIONS. NUMBER OF DAYS WITH
THUNDERSTORM             16     MIXED PRECIP               0
HEAVY RAIN               14     RAIN                      21
LIGHT RAIN               47     FREEZING RAIN              1
LT FREEZING RAIN          1     HAIL                       0
HEAVY SNOW                1     SNOW                       3
LIGHT SNOW                9     SLEET                      0
FOG                      42     FOG W/VIS <= 1/4 MILE      6
HAZE                      3

-  INDICATES NEGATIVE NUMBERS.
R  INDICATES RECORD WAS SET OR TIED.
MM INDICATES DATA IS MISSING.
T  INDICATES TRACE AMOUNT.

$$
