000
CXUS53 KGRR 030029
CLSBTL

CLIMATE REPORT
NATIONAL WEATHER SERVICE GRAND RAPIDS, MI
829 PM EDT SAT SEP 2 2017

...................................

...THE BATTLE CREEK MI CLIMATE SUMMARY FOR THE SEASON, FROM
6/1/2017 TO 8/31/2017...

CLIMATE NORMAL PERIOD 1981 TO 2010
CLIMATE RECORD PERIOD 1998 TO 2017

WEATHER         OBSERVED          NORMAL  DEPART  LAST YEAR`S
                 VALUE   DATE(S)  VALUE   FROM    VALUE  DATE(S)
                                          NORMAL
................................................................
TEMPERATURE (F)
HIGHEST            92   06/12        MM      MM       90  08/12
                                                          08/11
LOWEST             46   08/25        MM      MM       41  06/09
                        06/27
AVG. MAXIMUM     81.2              80.9     0.3     80.8
AVG. MINIMUM     59.3              57.4     1.9     60.1
MEAN             70.3              69.1     1.2     70.4
DAYS MAX >= 90      4               6.3    -2.3        2
DAYS MAX <= 32      0               0.0     0.0        0
DAYS MIN <= 32      0               0.1    -0.1        0
DAYS MIN <= 0       0               0.0     0.0        0

PRECIPITATION (INCHES)
TOTALS           6.12             10.06   -3.94    13.62
DAILY AVG.       0.07              0.11   -0.04     0.15
DAYS >= .01        33              29.1     3.9       31
DAYS >= .10        15              18.6    -3.6       22
DAYS >= .50         3               7.0    -4.0        7
DAYS >= 1.00        0               2.3    -2.3        4
GREATEST
 24 HR. TOTAL    0.88   07/10 TO 07/10
 STORM TOTAL       MM                                 MM
 (MM/DD(HH))            MM

DEGREE_DAYS
HEATING TOTAL      43                97     -54       42
 SINCE 7/1         20                41     -21        8
COOLING TOTAL     550               481      69      561
 SINCE 1/1        587               518      69      616

FREEZE DATES
EARLIEST                        MM
LATEST                          MM
.................................................................

WIND (MPH)
AVERAGE WIND SPEED              7.6
RESULTANT WIND SPEED/DIRECTION   3/249
HIGHEST WIND SPEED/DIRECTION    32/330    DATE  07/07
HIGHEST GUST SPEED/DIRECTION    42/290    DATE  06/19

SKY COVER
POSSIBLE SUNSHINE (PERCENT)   MM
AVERAGE SKY COVER           0.30
NUMBER OF DAYS FAIR           56
NUMBER OF DAYS PC             35
NUMBER OF DAYS CLOUDY          1

AVERAGE RH (PERCENT)     69

WEATHER CONDITIONS. NUMBER OF DAYS WITH
THUNDERSTORM             16     MIXED PRECIP               0
HEAVY RAIN               11     RAIN                      17
LIGHT RAIN               40     FREEZING RAIN              0
LT FREEZING RAIN          0     HAIL                       0
HEAVY SNOW                0     SNOW                       0
LIGHT SNOW                0     SLEET                      0
FOG                      18     FOG W/VIS <= 1/4 MILE      1
HAZE                      5

-  INDICATES NEGATIVE NUMBERS.
R  INDICATES RECORD WAS SET OR TIED.
MM INDICATES DATA IS MISSING.
T  INDICATES TRACE AMOUNT.

$$
