409
CXUS53 KGRR 031122 CCA
CLSBTL

CLIMATE REPORT...CORRECTED HDD SINCE 7/1
NATIONAL WEATHER SERVICE GRAND RAPIDS, MI
620 AM EST FRI MAR 3 2017

...................................

...THE BATTLE CREEK MI CLIMATE SUMMARY FOR THE SEASON, FROM
12/1/2016 TO 2/28/2017...

CLIMATE NORMAL PERIOD 1981 TO 2010
CLIMATE RECORD PERIOD 1998 TO 2017

WEATHER         OBSERVED          NORMAL  DEPART  LAST YEAR`S
                 VALUE   DATE(S)  VALUE   FROM    VALUE  DATE(S)
                                          NORMAL
................................................................
TEMPERATURE (F)
HIGHEST            66   02/18        MM      MM       63  12/14
                                                          12/12
                                                          12/13
LOWEST             -2   01/06        MM      MM       -4  02/14
AVG. MAXIMUM     37.6              34.0     3.6     38.5
AVG. MINIMUM     24.2              17.6     6.6     24.9
MEAN             30.9              25.8     5.1     31.7
DAYS MAX >= 90      0               0.0     0.0        0
DAYS MAX <= 32     29              37.9    -8.9       31
DAYS MIN <= 32     66              82.8   -16.8       68
DAYS MIN <= 0       2               6.6    -4.6        2

PRECIPITATION (INCHES)
TOTALS           6.51              4.99    1.52     4.72
DAILY AVG.       0.07              0.06    0.01     0.05
DAYS >= .01        37              36.3     0.7       32
DAYS >= .10        18              14.7     3.3       11
DAYS >= .50         3               2.5     0.5        2
DAYS >= 1.00        0               0.3    -0.3        0
GREATEST
 24 HR. TOTAL    0.91   01/16 TO 01/17
 STORM TOTAL       MM                                 MM
 (MM/DD(HH))            MM

DEGREE_DAYS
HEATING TOTAL    3060              3527    -467     2865
 SINCE 7/1         MM              4965      MM     3915
COOLING TOTAL       0                 0       0        0
 SINCE 1/1          0                 0       0        0

FREEZE DATES
EARLIEST                        MM
LATEST                          MM
.................................................................

WIND (MPH)
AVERAGE WIND SPEED              10.3
RESULTANT WIND SPEED/DIRECTION   6/245
HIGHEST WIND SPEED/DIRECTION    39/260    DATE  01/10
HIGHEST GUST SPEED/DIRECTION    53/250    DATE  01/10

SKY COVER
POSSIBLE SUNSHINE (PERCENT)   MM
AVERAGE SKY COVER           0.70
NUMBER OF DAYS FAIR           17
NUMBER OF DAYS PC             19
NUMBER OF DAYS CLOUDY         54

AVERAGE RH (PERCENT)     79

WEATHER CONDITIONS. NUMBER OF DAYS WITH
THUNDERSTORM              4     MIXED PRECIP               0
HEAVY RAIN                5     RAIN                      12
LIGHT RAIN               27     FREEZING RAIN              1
LT FREEZING RAIN          4     HAIL                       0
HEAVY SNOW                3     SNOW                      12
LIGHT SNOW               40     SLEET                      0
FOG                      64     FOG W/VIS <= 1/4 MILE     11
HAZE                     10

-  INDICATES NEGATIVE NUMBERS.
R  INDICATES RECORD WAS SET OR TIED.
MM INDICATES DATA IS MISSING.
T  INDICATES TRACE AMOUNT.

$$
