000
CXUS53 KGRR 022319
CLSBTL

CLIMATE REPORT
NATIONAL WEATHER SERVICE GRAND RAPIDS, MI
719 PM EDT TUE JUN 2 2015

...................................

...THE BATTLE CREEK MI CLIMATE SUMMARY FOR THE SEASON, FROM
3/1/2015 TO 5/31/2015...

CLIMATE NORMAL PERIOD 1981 TO 2010
CLIMATE RECORD PERIOD 1998 TO 2015

WEATHER         OBSERVED          NORMAL  DEPART  LAST YEAR`S
                 VALUE   DATE(S)  VALUE   FROM    VALUE  DATE(S)
                                          NORMAL
................................................................
TEMPERATURE (F)
HIGHEST            86   05/26        MM      MM       87  05/08
LOWEST              0   03/06        MM      MM      -10  03/03
AVG. MAXIMUM     58.9              59.0    -0.1     55.3
AVG. MINIMUM     37.8              35.6     2.2     34.1
MEAN             48.3              47.3     1.0     44.7
DAYS MAX >= 90      0               0.2    -0.2        0
DAYS MAX <= 32      6               3.0     3.0       12
DAYS MIN <= 32     31              36.3    -5.3       39
DAYS MIN <= 0       1               0.3     0.7        2

PRECIPITATION (INCHES)
TOTALS           7.24              8.48   -1.24     6.43
DAILY AVG.       0.08              0.09   -0.01     0.07
DAYS >= .01        29              33.5    -4.5       37
DAYS >= .10        19              19.0     0.0       15
DAYS >= .50         6               5.4     0.6        4
DAYS >= 1.00        0               1.6    -1.6        0
GREATEST
 24 HR. TOTAL    1.37   05/30 TO 05/31

DEGREE_DAYS
HEATING TOTAL    1583              1668     -85     1899
 SINCE 7/1       6788              6634     154     7353
COOLING TOTAL      73                37      36       52
 SINCE 1/1         73                38      35       52

FREEZE DATES
EARLIEST                        MM
LATEST                          MM
........................................................

WIND (MPH)
AVERAGE WIND SPEED              9.4
RESULTANT WIND SPEED/DIRECTION   3/251
HIGHEST WIND SPEED/DIRECTION    38/270    DATE  04/10
HIGHEST GUST SPEED/DIRECTION    48/280    DATE  04/10

SKY COVER
POSSIBLE SUNSHINE (PERCENT)   MM
AVERAGE SKY COVER           0.50
NUMBER OF DAYS FAIR           38
NUMBER OF DAYS PC             33
NUMBER OF DAYS CLOUDY         20

AVERAGE RH (PERCENT)     63

WEATHER CONDITIONS. NUMBER OF DAYS WITH
THUNDERSTORM              8     MIXED PRECIP               0
HEAVY RAIN               13     RAIN                      17
LIGHT RAIN               40     FREEZING RAIN              1
LT FREEZING RAIN          1     HAIL                       0
HEAVY SNOW                1     SNOW                       1
LIGHT SNOW                5     SLEET                      0
FOG                      37     FOG W/VIS <= 1/4 MILE      7
HAZE                     18

-  INDICATES NEGATIVE NUMBERS.
R  INDICATES RECORD WAS SET OR TIED.
MM INDICATES DATA IS MISSING.
T  INDICATES TRACE AMOUNT.

$$

EBW
