000
CXUS53 KGRR 020208
CLSBTL

CLIMATE REPORT
NATIONAL WEATHER SERVICE GRAND RAPIDS, MI
1008 PM EDT TUE SEP 1 2015

...................................

...THE BATTLE CREEK MI CLIMATE SUMMARY FOR THE SEASON, FROM
6/1/2015 TO 8/31/2015...

CLIMATE NORMAL PERIOD 1981 TO 2010
CLIMATE RECORD PERIOD 1998 TO 2015

WEATHER         OBSERVED          NORMAL  DEPART  LAST YEAR`S
                 VALUE   DATE(S)  VALUE   FROM    VALUE  DATE(S)
                                          NORMAL
................................................................
TEMPERATURE (F)
HIGHEST            92   08/02        MM      MM       90  08/25
LOWEST             42   06/02        MM      MM       45  08/15
                                                          06/14
AVG. MAXIMUM       MM              80.9      MM     79.1
AVG. MINIMUM       MM              57.4      MM     60.0
MEAN               MM              69.1      MM     69.6
DAYS MAX >= 90     MM               6.3      MM        1
DAYS MAX <= 32      0               0.0     0.0        0
DAYS MIN <= 32      0               0.1    -0.1        0
DAYS MIN <= 0       0               0.0     0.0        0

PRECIPITATION (INCHES)
TOTALS          14.97             10.06    4.91    11.98
DAILY AVG.       0.17              0.11    0.06     0.13
DAYS >= .01        33              29.1     3.9       34
DAYS >= .10        24              18.6     5.4       20
DAYS >= .50        13               7.0     6.0       12
DAYS >= 1.00        4               2.3     1.7        2
GREATEST
 24 HR. TOTAL    2.17   06/13 TO 06/14

DEGREE_DAYS
HEATING TOTAL      MM                97      MM       47
 SINCE 7/1         22                41     -19       29
COOLING TOTAL      MM               481      MM      485
 SINCE 1/1      10072               518    9554      537

FREEZE DATES
EARLIEST                        MM
LATEST                          MM
.....................................................

WIND (MPH)
AVERAGE WIND SPEED              7.2
RESULTANT WIND SPEED/DIRECTION   2/236
HIGHEST WIND SPEED/DIRECTION    36/360    DATE  06/13
HIGHEST GUST SPEED/DIRECTION    46/210    DATE  06/08

SKY COVER
POSSIBLE SUNSHINE (PERCENT)   MM
AVERAGE SKY COVER           0.40
NUMBER OF DAYS FAIR           46
NUMBER OF DAYS PC             30
NUMBER OF DAYS CLOUDY         11

AVERAGE RH (PERCENT)     MM

WEATHER CONDITIONS. NUMBER OF DAYS WITH
THUNDERSTORM             20     MIXED PRECIP               0
HEAVY RAIN               19     RAIN                      24
LIGHT RAIN               46     FREEZING RAIN              0
LT FREEZING RAIN          0     HAIL                       0
HEAVY SNOW                0     SNOW                       0
LIGHT SNOW                0     SLEET                      0
FOG                      45     FOG W/VIS <= 1/4 MILE      5
HAZE                     18

-  INDICATES NEGATIVE NUMBERS.
R  INDICATES RECORD WAS SET OR TIED.
MM INDICATES DATA IS MISSING.
T  INDICATES TRACE AMOUNT.

$$

EBW
