897
CXUS53 KGRR 011757
CLSBTL

CLIMATE REPORT
NATIONAL WEATHER SERVICE GRAND RAPIDS, MI
157 PM EDT WED JUN 1 2016

...................................

...THE BATTLE CREEK MI CLIMATE SUMMARY FOR THE SEASON, FROM
3/1/2016 TO 5/31/2016...

CLIMATE NORMAL PERIOD 1981 TO 2010
CLIMATE RECORD PERIOD 1998 TO 2016

WEATHER         OBSERVED          NORMAL  DEPART  LAST YEAR`S
                 VALUE   DATE(S)  VALUE   FROM    VALUE  DATE(S)
                                          NORMAL
................................................................
TEMPERATURE (F)
HIGHEST            84   05/29        MM      MM       86  05/26
                        05/25
                        05/28
LOWEST              2   03/04        MM      MM        0  03/06
AVG. MAXIMUM     59.3              59.0     0.3     58.9
AVG. MINIMUM     38.7              35.6     3.1     37.8
MEAN             49.0              47.3     1.7     48.3
DAYS MAX >= 90      0               0.2    -0.2        0
DAYS MAX <= 32      4               3.0     1.0        6
DAYS MIN <= 32     28              36.3    -8.3       31
DAYS MIN <= 0       0               0.3    -0.3        1

PRECIPITATION (INCHES)
TOTALS             MM              8.48      MM     7.24
DAILY AVG.         MM              0.09      MM     0.08
DAYS >= .01        37              33.5     3.5       29
DAYS >= .10        23              19.0     4.0       19
DAYS >= .50         6               5.4     0.6        6
DAYS >= 1.00        0               1.6    -1.6        0
GREATEST
 24 HR. TOTAL    0.83   05/25 TO 05/26

DEGREE_DAYS
HEATING TOTAL    1500              1668    -168     1583
 SINCE 7/1       5415              6634   -1219     6788
COOLING TOTAL      55                37      18       73
 SINCE 1/1         55                38      17       73

FREEZE DATES
EARLIEST                        MM
LATEST                          MM
.................................................................

WIND (MPH)
AVERAGE WIND SPEED              8.9
RESULTANT WIND SPEED/DIRECTION   1/223
HIGHEST WIND SPEED/DIRECTION    44/260    DATE  03/16
HIGHEST GUST SPEED/DIRECTION    56/260    DATE  03/16

SKY COVER
POSSIBLE SUNSHINE (PERCENT)   MM
AVERAGE SKY COVER           0.50
NUMBER OF DAYS FAIR           36
NUMBER OF DAYS PC             31
NUMBER OF DAYS CLOUDY         25

AVERAGE RH (PERCENT)     65

WEATHER CONDITIONS. NUMBER OF DAYS WITH
THUNDERSTORM              2     MIXED PRECIP               0
HEAVY RAIN                9     RAIN                      21
LIGHT RAIN               41     FREEZING RAIN              1
LT FREEZING RAIN          1     HAIL                       0
HEAVY SNOW                2     SNOW                       4
LIGHT SNOW               14     SLEET                      0
FOG                      49     FOG W/VIS <= 1/4 MILE      9
HAZE                     15

-  INDICATES NEGATIVE NUMBERS.
R  INDICATES RECORD WAS SET OR TIED.
MM INDICATES DATA IS MISSING.
T  INDICATES TRACE AMOUNT.

$$

EBW
