000
CXUS53 KGRR 021326
CLSBTL

CLIMATE REPORT
NATIONAL WEATHER SERVICE GRAND RAPIDS, MI
625 PM EST TUE DEC 1 2015

...................................

...THE BATTLE CREEK MI CLIMATE SUMMARY FOR THE SEASON, FROM
9/1/2015 TO 11/30/2015...

CLIMATE NORMAL PERIOD 1981 TO 2010
CLIMATE RECORD PERIOD 1998 TO 2015

WEATHER         OBSERVED          NORMAL  DEPART  LAST YEAR`S
                 VALUE   DATE(S)  VALUE   FROM    VALUE  DATE(S)
                                          NORMAL
................................................................
TEMPERATURE (F)
HIGHEST            91   09/07        MM      MM       90  09/05
LOWEST             18   11/22        MM      MM       11  11/21
AVG. MAXIMUM     64.7              60.8     3.9     58.1
AVG. MINIMUM     45.4              39.9     5.5     40.2
MEAN             55.0              50.3     4.7     49.2
DAYS MAX >= 90      2               0.2     1.8        1
DAYS MAX <= 32      1               1.6    -0.6       11
DAYS MIN <= 32     14              25.3   -11.3       23
DAYS MIN <= 0       0               0.0     0.0        0

PRECIPITATION (INCHES)
TOTALS           7.18              9.62   -2.44     8.38
DAILY AVG.       0.08              0.11   -0.03     0.10
DAYS >= .01        35              33.1     1.9       34
DAYS >= .10        18              18.5    -0.5       14
DAYS >= .50         5               6.2    -1.2        6
DAYS >= 1.00        0               2.5    -2.5        1
GREATEST
 24 HR. TOTAL    1.30   MM                       10/02 TO 10/03
                                                          10/03 TO 10/03
                                                          10/03 TO 10/03

DEGREE_DAYS
HEATING TOTAL    1028              1396    -368     1474
 SINCE 7/1       1050              1438    -388     1503
COOLING TOTAL     142                60      82       56
 SINCE 1/1        720               578     142      593

FREEZE DATES
EARLIEST                        MM
LATEST                          MM
....................................................

WIND (MPH)
AVERAGE WIND SPEED              8.9
RESULTANT WIND SPEED/DIRECTION   3/215
HIGHEST WIND SPEED/DIRECTION    39/230    DATE  11/12
HIGHEST GUST SPEED/DIRECTION    53/230    DATE  11/12

SKY COVER
POSSIBLE SUNSHINE (PERCENT)   MM
AVERAGE SKY COVER           0.40
NUMBER OF DAYS FAIR           45
NUMBER OF DAYS PC             25
NUMBER OF DAYS CLOUDY         18

AVERAGE RH (PERCENT)     70

WEATHER CONDITIONS. NUMBER OF DAYS WITH
THUNDERSTORM              6     MIXED PRECIP               0
HEAVY RAIN               10     RAIN                      14
LIGHT RAIN               43     FREEZING RAIN              0
LT FREEZING RAIN          0     HAIL                       0
HEAVY SNOW                1     SNOW                       1
LIGHT SNOW                4     SLEET                      0
FOG                      48     FOG W/VIS <= 1/4 MILE      2
HAZE                      7

-  INDICATES NEGATIVE NUMBERS.
R  INDICATES RECORD WAS SET OR TIED.
MM INDICATES DATA IS MISSING.
T  INDICATES TRACE AMOUNT.

$$

JAM 63
