000
CXUS51 KCLE 070336
CLSCAK


CLIMATE REPORT
NATIONAL WEATHER SERVICE CLEVELAND OH
1132 PM EDT MON JUL 6 2015

...................................

...THE AKRON CANTON OH CLIMATE SUMMARY FOR THE SEASON, FROM
3/1/2015 TO 5/31/2015...

CLIMATE NORMAL PERIOD 1981 TO 2010
CLIMATE RECORD PERIOD 1887 TO 2015

WEATHER         OBSERVED          NORMAL  DEPART
                 VALUE   DATE(S)  VALUE   FROM
                                          NORMAL
................................................
TEMPERATURE (F)
RECORD
 HIGH              94   05/31/1895
 LOW               -6   03/12/1948
HIGHEST            88   05/09
                        05/08
LOWEST              0   03/06
AVG. MAXIMUM     61.2              58.5     2.7
AVG. MINIMUM     40.4              38.6     1.8
MEAN             50.8              48.5     2.3
DAYS MAX >= 90      0               0.1
DAYS MAX <= 32      4               3.8
DAYS MIN <= 32     24              28.1
DAYS MIN <= 0       1               0.0

PRECIPITATION (INCHES)
RECORD
 MAXIMUM        18.18   1964
 MINIMUM         4.26   1915
TOTALS          10.93             10.81    0.12
DAYS >= .01        40              42.3
DAYS >= .10        25              24.3
DAYS >= .50         7               6.6
DAYS >= 1.00        2               1.9

SNOWFALL (INCHES)
RECORDS
 TOTAL           30.7   1987
TOTALS            6.9              11.0
DAYS >= TRACE      12
DAYS >= 1.0         1               3.4

DEGREE_DAYS
HEATING TOTAL    1433              1557    -124
COOLING TOTAL     144                43     101
.................................................

WIND (MPH)
HIGHEST GUST SPEED/DIRECTION    56/220    DATE  05/11

SKY COVER
POSSIBLE SUNSHINE (PERCENT)   MM
NUMBER OF DAYS FAIR           15
NUMBER OF DAYS PC             38
NUMBER OF DAYS CLOUDY         39


WEATHER CONDITIONS. NUMBER OF DAYS WITH
THUNDERSTORM              0     MIXED PRECIP               1
HEAVY RAIN                7     RAIN                      14
LIGHT RAIN               47     FREEZING RAIN              0
LT FREEZING RAIN          1     HAIL                       0
HEAVY SNOW                0     SNOW                       3
LIGHT SNOW               10     SLEET                      2
FOG                      46     FOG W/VIS <= 1/4 MILE      4
HAZE                     32

-  INDICATES NEGATIVE NUMBERS.
R  INDICATES RECORD WAS SET OR TIED.
MM INDICATES DATA IS MISSING.
T  INDICATES TRACE AMOUNT.

$$
