157
CXUS51 KCLE 061705
CLSCAK


CLIMATE REPORT
NATIONAL WEATHER SERVICE CLEVELAND OH
101 PM EDT TUE SEP 6 2016

...................................

...THE AKRON CANTON OH CLIMATE SUMMARY FOR THE SEASON, FROM
6/1/2016 TO 8/31/2016...

CLIMATE NORMAL PERIOD 1981 TO 2010
CLIMATE RECORD PERIOD 1887 TO 2016

WEATHER         OBSERVED          NORMAL  DEPART
                 VALUE   DATE(S)  VALUE   FROM
                                          NORMAL
................................................
TEMPERATURE (F)
RECORD
 HIGH             104   08/06/1918
 LOW               32   06/11/1972
HIGHEST            95   08/11
                        07/23
LOWEST             47   06/09
AVG. MAXIMUM     84.8              80.1     4.7
AVG. MINIMUM     63.6              60.1     3.5
MEAN             74.2              70.1     4.1
DAYS MAX >= 90     20               4.9
DAYS MAX <= 32      0               0.0
DAYS MIN <= 32      0               0.0
DAYS MIN <= 0       0               0.0

PRECIPITATION (INCHES)
RECORD
 MAXIMUM        19.89   1990
 MINIMUM         3.19   1991
TOTALS           8.93             11.47   -2.54
DAYS >= .01        30              33.0
DAYS >= .10        19              20.7
DAYS >= .50         7               7.9
DAYS >= 1.00        1               2.6

SNOWFALL (INCHES)
RECORDS
 TOTAL             MM   MM
TOTALS            0.0               0.0
DAYS >= TRACE       0
DAYS >= 1.0         0               0.0

DEGREE_DAYS
HEATING TOTAL      22                70     -48
COOLING TOTAL     893               539     354
.................................................

WIND (MPH)
HIGHEST GUST SPEED/DIRECTION    62/200    DATE  08/27

SKY COVER
POSSIBLE SUNSHINE (PERCENT)   MM
NUMBER OF DAYS FAIR           16
NUMBER OF DAYS PC             56
NUMBER OF DAYS CLOUDY         20


WEATHER CONDITIONS. NUMBER OF DAYS WITH
THUNDERSTORM              0     MIXED PRECIP               0
HEAVY RAIN               11     RAIN                      12
LIGHT RAIN               36     FREEZING RAIN              0
LT FREEZING RAIN          0     HAIL                       0
HEAVY SNOW                0     SNOW                       0
LIGHT SNOW                0     SLEET                      0
FOG                      44     FOG W/VIS <= 1/4 MILE      2
HAZE                     28

-  INDICATES NEGATIVE NUMBERS.
R  INDICATES RECORD WAS SET OR TIED.
MM INDICATES DATA IS MISSING.
T  INDICATES TRACE AMOUNT.

$$
