000
CXUS51 KCLE 021819
CLSCAK

CLIMATE REPORT
NATIONAL WEATHER SERVICE CLEVELAND OH
150 PM EDT SAT SEP 2 2017

...................................

...THE AKRON CANTON OH CLIMATE SUMMARY FOR THE SEASON, FROM
6/1/2017 TO 8/31/2017...

CLIMATE NORMAL PERIOD 1981 TO 2010
CLIMATE RECORD PERIOD 1887 TO 2017

WEATHER         OBSERVED          NORMAL  DEPART
                 VALUE   DATE(S)  VALUE   FROM
                                          NORMAL
................................................
TEMPERATURE (F)
RECORD
 HIGH             104   08/06/1918
 LOW               32   06/11/1972
HIGHEST            93   07/21
LOWEST             49   08/26
                        06/08
AVG. MAXIMUM     82.3              80.1     2.2
AVG. MINIMUM     61.4              60.1     1.3
MEAN             71.9              70.1     1.8
DAYS MAX >= 90      8               4.9
DAYS MAX <= 32      0               0.0
DAYS MIN <= 32      0               0.0
DAYS MIN <= 0       0               0.0

PRECIPITATION (INCHES)
RECORD
 MAXIMUM        19.89   1990
 MINIMUM         3.19   1991
TOTALS           8.55             11.47   -2.92
DAYS >= .01        27              33.0
DAYS >= .10        15              20.7
DAYS >= .50         6               7.9
DAYS >= 1.00        3               2.6

SNOWFALL (INCHES)
RECORDS
 TOTAL             MM   MM
TOTALS            0.0               0.0
DAYS >= TRACE       0
DAYS >= 1.0         0               0.0

DEGREE_DAYS
HEATING TOTAL      29                70     -41
COOLING TOTAL     678               539     139
.................................................

WIND (MPH)
HIGHEST GUST SPEED/DIRECTION    47/290    DATE  06/29

SKY COVER
POSSIBLE SUNSHINE (PERCENT)   MM
NUMBER OF DAYS FAIR           19
NUMBER OF DAYS PC             55
NUMBER OF DAYS CLOUDY         18


WEATHER CONDITIONS. NUMBER OF DAYS WITH
THUNDERSTORM              0     MIXED PRECIP               0
HEAVY RAIN                8     RAIN                       9
LIGHT RAIN               33     FREEZING RAIN              0
LT FREEZING RAIN          0     HAIL                       0
HEAVY SNOW                0     SNOW                       0
LIGHT SNOW                0     SLEET                      0
FOG                      36     FOG W/VIS <= 1/4 MILE      1
HAZE                     22

-  INDICATES NEGATIVE NUMBERS.
R  INDICATES RECORD WAS SET OR TIED.
MM INDICATES DATA IS MISSING.
T  INDICATES TRACE AMOUNT.

$$
