924
CXUS51 KCLE 272005
CLSCAK

CLIMATE REPORT
NATIONAL WEATHER SERVICE CLEVELAND OH
400 PM EDT MON JUN 27 2016

...................................

...THE AKRON CANTON OH CLIMATE SUMMARY FOR THE SEASON, FROM
3/1/2016 TO 5/31/2016...

CLIMATE NORMAL PERIOD 1981 TO 2010
CLIMATE RECORD PERIOD 1887 TO 2016

WEATHER         OBSERVED          NORMAL  DEPART
                 VALUE   DATE(S)  VALUE   FROM
                                          NORMAL
................................................
TEMPERATURE (F)
RECORD
 HIGH              94   05/31/1895
 LOW               -6   03/12/1948
HIGHEST            87   05/28
LOWEST             18   04/05
AVG. MAXIMUM     61.5              58.5     3.0
AVG. MINIMUM     40.2              38.6     1.6
MEAN             50.9              48.5     2.4
DAYS MAX >= 90      0               0.1
DAYS MAX <= 32      1               3.8
DAYS MIN <= 32     29              28.1
DAYS MIN <= 0       0               0.0

PRECIPITATION (INCHES)
RECORD
 MAXIMUM        18.18   1964
 MINIMUM         4.26   1915
TOTALS          10.08             10.81   -0.73
DAYS >= .01        43              42.3
DAYS >= .10        26              24.3
DAYS >= .50         6               6.6
DAYS >= 1.00        0               1.9

SNOWFALL (INCHES)
RECORDS
 TOTAL           30.7   1987
TOTALS            7.5              11.0
DAYS >= TRACE      14
DAYS >= 1.0         4               3.4

DEGREE_DAYS
HEATING TOTAL    1334              1557    -223
COOLING TOTAL      61                43      18
.................................................

WIND (MPH)
HIGHEST GUST SPEED/DIRECTION    53/200    DATE  03/31

SKY COVER
POSSIBLE SUNSHINE (PERCENT)   MM
NUMBER OF DAYS FAIR           15
NUMBER OF DAYS PC             32
NUMBER OF DAYS CLOUDY         45


WEATHER CONDITIONS. NUMBER OF DAYS WITH
THUNDERSTORM              0     MIXED PRECIP               0
HEAVY RAIN                4     RAIN                      13
LIGHT RAIN               44     FREEZING RAIN              0
LT FREEZING RAIN          0     HAIL                       1
HEAVY SNOW                1     SNOW                       3
LIGHT SNOW               13     SLEET                      0
FOG                      50     FOG W/VIS <= 1/4 MILE      4
HAZE                     24

-  INDICATES NEGATIVE NUMBERS.
R  INDICATES RECORD WAS SET OR TIED.
MM INDICATES DATA IS MISSING.
T  INDICATES TRACE AMOUNT.

$$
