000
CXUS53 KPAH 012253
CLSCGI

STLCLMCAS 000
TTAA00 KPAH 012244


CLIMATE REPORT
NATIONAL WEATHER SERVICE PADUCAH KY
540 PM CDT TUE SEP 1 2015

...................................

...THE CAPE GIRARDEAU MO CLIMATE SUMMARY FOR THE SEASON, FROM
6/1/2015 TO 8/31/2015...

CLIMATE NORMAL PERIOD 1981 TO 2010
CLIMATE RECORD PERIOD 1960 TO 2015

WEATHER         OBSERVED          NORMAL  DEPART
                 VALUE   DATE(S)  VALUE   FROM
                                          NORMAL
................................................
TEMPERATURE (F)
RECORD
 HIGH             107   06/29/2012
 LOW               43   06/01/1972
HIGHEST            96   07/29        MM      MM
LOWEST             51   08/26        MM      MM
AVG. MAXIMUM     86.9              88.2    -1.3
AVG. MINIMUM     67.8              65.8     2.0
MEAN             77.4              77.0     0.4
DAYS MAX >= 90     29              36.7    -7.7
DAYS MAX <= 32      0               0.0     0.0
DAYS MIN <= 32      0               0.0     0.0
DAYS MIN <= 0       0               0.0     0.0

PRECIPITATION (INCHES)
RECORD
 MAXIMUM        18.62   1989
 MINIMUM         4.25   2007
TOTALS          18.11              9.95    8.16
DAILY AVG.       0.20              0.11    0.09
DAYS >= .01        31              26.3     4.7
DAYS >= .10        20              16.9     3.1
DAYS >= .50        14               6.4     7.6
DAYS >= 1.00        6               2.1     3.9
GREATEST
 24 HR. TOTAL    3.06   MM
 STORM TOTAL       MM
 (MM/DD(HH))            MM

SNOWFALL (INCHES)
RECORDS
 TOTAL             MM   MM
 24 HR TOTAL       MM
TOTALS            0.0               0.0     0.0
 LIQUID EQUIV    0.00              0.00    0.00
SINCE 7/1         0.0               0.0     0.0
 LIQUID 7/1      0.00
DAYS >= TRACE       0               0.0     0.0
DAYS >= 1.0         0               0.0     0.0
GREATEST
 SNOW DEPTH         0   MM
 24 HR TOTAL      0.0   MM
 STORM TOTAL       MM
 (MM/DD(HH))            MM

DEGREE_DAYS
HEATING TOTAL       5                 5       0
 SINCE 7/1          0                 1      -1
COOLING TOTAL    1152              1108      44
 SINCE 1/1       1329              1260      69

FREEZE DATES
RECORD
 EARLIEST     MM
 LATEST       MM
EARLIEST                        MM
LATEST                          MM
.................................................

WIND (MPH)
AVERAGE WIND SPEED              5.4
HIGHEST WIND SPEED/DIRECTION    32/240    DATE  06/13
HIGHEST GUST SPEED/DIRECTION    46/250    DATE  08/10

SKY COVER
POSSIBLE SUNSHINE (PERCENT)   MM
AVERAGE SKY COVER           0.30
NUMBER OF DAYS FAIR           65
NUMBER OF DAYS PC             23
NUMBER OF DAYS CLOUDY          3

AVERAGE RH (PERCENT)     77

WEATHER CONDITIONS. NUMBER OF DAYS WITH
THUNDERSTORM              0     MIXED PRECIP               0
HEAVY RAIN               14     RAIN                      15
LIGHT RAIN               31     FREEZING RAIN              0
LT FREEZING RAIN          0     HAIL                       0
HEAVY SNOW                0     SNOW                       0
LIGHT SNOW                0     SLEET                      0
FOG                      46     FOG W/VIS <= 1/4 MILE      9
HAZE                      5

-  INDICATES NEGATIVE NUMBERS.
R  INDICATES RECORD WAS SET OR TIED.
MM INDICATES DATA IS MISSING.
T  INDICATES TRACE AMOUNT.

$$
