000
CXUS53 KPAH 012153
CLSCGI

STLCLMCAS 000
TTAA00 KPAH 012152


CLIMATE REPORT
NATIONAL WEATHER SERVICE PADUCAH KY
349 PM CST FRI DEC 1 2017

...................................

...THE CAPE GIRARDEAU MO CLIMATE SUMMARY FOR THE FALL SEASON, FROM
9/1/2017 TO 11/30/2017...

CLIMATE NORMAL PERIOD 1981 TO 2010
CLIMATE RECORD PERIOD 1960 TO 2017

WEATHER         OBSERVED          NORMAL  DEPART
                 VALUE   DATE(S)  VALUE   FROM
                                          NORMAL
................................................
TEMPERATURE (F)
RECORD
 HIGH             100   09/06/1960
 LOW                8   11/18/2014
                        11/29/1976
                        11/29/1976
HIGHEST            95   09/22        MM      MM
LOWEST             22   11/23        MM      MM
AVG. MAXIMUM     72.0              69.7     2.3
AVG. MINIMUM     46.9              45.9     1.0
MEAN             59.5              57.8     1.7
DAYS MAX >= 90     11               3.7     7.3
DAYS MAX <= 32      0               0.1    -0.1
DAYS MIN <= 32     19              14.5     4.5
DAYS MIN <= 0       0               0.0     0.0

PRECIPITATION (INCHES)
RECORD
 MAXIMUM        22.13   1984
 MINIMUM         3.54   1999
TOTALS           5.75             11.51   -5.76
DAILY AVG.       0.06              0.13   -0.07
DAYS >= .01        22              26.2    -4.2
DAYS >= .10        15              17.5    -2.5
DAYS >= .50         2               7.9    -5.9
DAYS >= 1.00        1               3.6    -2.6
GREATEST
 24 HR. TOTAL    1.33   MM
 STORM TOTAL       MM
 (MM/DD(HH))            MM

SNOWFALL (INCHES)
RECORDS
 TOTAL              T   2011
                        2010
                        2008
 24 HR TOTAL        T   11/25/2010 TO 11/25/2010
TOTALS            0.0               0.3    -0.3
 LIQUID EQUIV    0.00              0.00    0.00
SINCE 7/1         0.0               0.3    -0.3
 LIQUID 7/1      0.00
DAYS >= TRACE       0               0.4    -0.4
DAYS >= 1.0         0               0.2    -0.2
GREATEST
 SNOW DEPTH         0   MM
 24 HR TOTAL      0.0   MM
 STORM TOTAL       MM
 (MM/DD(HH))            MM

DEGREE_DAYS
HEATING TOTAL     768               850     -82
 SINCE 7/1        768               851     -83
COOLING TOTAL     290               193      97
 SINCE 1/1       1492              1453      39

FREEZE DATES
RECORD
 EARLIEST     MM
 LATEST       MM
EARLIEST                        MM
LATEST                          MM
.................................................

WIND (MPH)
AVERAGE WIND SPEED              6.7
HIGHEST WIND SPEED/DIRECTION    35/330    DATE  11/18
HIGHEST GUST SPEED/DIRECTION    51/320    DATE  11/18

SKY COVER
POSSIBLE SUNSHINE (PERCENT)   MM
AVERAGE SKY COVER           0.30
NUMBER OF DAYS FAIR           56
NUMBER OF DAYS PC             19
NUMBER OF DAYS CLOUDY         16

AVERAGE RH (PERCENT)     69

WEATHER CONDITIONS. NUMBER OF DAYS WITH
THUNDERSTORM              0     MIXED PRECIP               0
HEAVY RAIN                8     RAIN                       9
LIGHT RAIN               24     FREEZING RAIN              0
LT FREEZING RAIN          0     HAIL                       0
HEAVY SNOW                0     SNOW                       0
LIGHT SNOW                0     SLEET                      0
FOG                      45     FOG W/VIS <= 1/4 MILE     19
HAZE                     10

-  INDICATES NEGATIVE NUMBERS.
R  INDICATES RECORD WAS SET OR TIED.
MM INDICATES DATA IS MISSING.
T  INDICATES TRACE AMOUNT.

&&

RMK: THE SEASONAL RAINFALL OF 5.75 INCHES IS THE
FOURTH DRIEST FALL SEASON ON RECORD, DATING BACK
TO 1960. THE DRIEST WAS 3.54 INCHES IN 1999.

$$
