139
CXUS53 KDVN 011300
CLSCID


CLIMATE REPORT
NATIONAL WEATHER SERVICE QUAD CITIES IA IL
700 AM CST TUE DEC 1 2015

...................................

...THE CEDAR RAPIDS IA CLIMATE SUMMARY FOR THE SEASON, FROM
9/1/2015 TO 11/30/2015...

CLIMATE NORMAL PERIOD 1981 TO 2010
CLIMATE RECORD PERIOD 1891 TO 2015

WEATHER         OBSERVED          NORMAL  DEPART
                 VALUE   DATE(S)  VALUE   FROM
                                          NORMAL
................................................
TEMPERATURE (F)
RECORD
 HIGH             105   09/04/1925
 LOW              -12   11/29/1891
HIGHEST            92   09/06        79      13
LOWEST             MM                20      MM
AVG. MAXIMUM     64.8              60.9     3.9
AVG. MINIMUM     45.0              39.5     5.5
MEAN             54.9              50.2     4.7
DAYS MAX >= 90      2
DAYS MAX <= 32      2
DAYS MIN <= 32     17
DAYS MIN <= 0       0

PRECIPITATION (INCHES)
TOTALS          13.00              7.89    5.11
DAILY AVG.       0.14              0.09    0.05
DAYS >= .01        27
DAYS >= .10        19
DAYS >= .50        10
DAYS >= 1.00        4
GREATEST
 24 HR. TOTAL    2.09   09/17 TO 09/18

DEGREE_DAYS
HEATING TOTAL    1003              1427    -424
 SINCE 7/1       1031              1446    -415
COOLING TOTAL     152                80      72
 SINCE 1/1        712               748     -36
.................................................

WIND (MPH)
AVERAGE WIND SPEED              10.0
HIGHEST WIND SPEED/DIRECTION    44/270    DATE  11/12
HIGHEST GUST SPEED/DIRECTION    53/280    DATE  11/12

SKY COVER
POSSIBLE SUNSHINE (PERCENT)   MM
AVERAGE SKY COVER           0.30
NUMBER OF DAYS FAIR           53
NUMBER OF DAYS PC             25
NUMBER OF DAYS CLOUDY         13

AVERAGE RH (PERCENT)     76

WEATHER CONDITIONS. NUMBER OF DAYS WITH
THUNDERSTORM              9     HAIL                       0
SLEET                     0     FOG                       43
FOG W/VIS <= 1/4 MILE     4     HAZE                       9

-  INDICATES NEGATIVE NUMBERS.
R  INDICATES RECORD WAS SET OR TIED.
MM INDICATES DATA IS MISSING.
T  INDICATES TRACE AMOUNT.

$$


NOTE: SUPPLEMENTAL CLIMATE DATA WAS USED FROM A NEARBY
CLIMATOLOGICALLY REPRESENTATIVE STATION.
