000
CXUS53 KDVN 041720 CCA
CLSCID

CLIMATE REPORT...RESEND
NATIONAL WEATHER SERVICE QUAD CITIES IA IL
544 AM CST SUN MAR 1 2015

...................................

...THE CEDAR RAPIDS IA CLIMATE SUMMARY FOR THE SEASON, FROM
12/1/2014 TO 2/28/2015...

CLIMATE NORMAL PERIOD 1981 TO 2010
CLIMATE RECORD PERIOD 1891 TO 2015

WEATHER         OBSERVED          NORMAL  DEPART
                 VALUE   DATE(S)  VALUE   FROM
                                          NORMAL
................................................
TEMPERATURE (F)
RECORD
 HIGH              73   02/15/1921
 LOW              -29   01/15/2009
HIGHEST            54   12/14        39      15
LOWEST            -20   02/27        11     -31
AVG. MAXIMUM     29.3              31.0    -1.7
AVG. MINIMUM     12.4              13.7    -1.3
MEAN             20.9              22.4    -1.5
DAYS MAX >= 90      0
DAYS MAX <= 32     48
DAYS MIN <= 32     82
DAYS MIN <= 0      21

PRECIPITATION (INCHES)
TOTALS           1.98              3.56   -1.58
DAILY AVG.       0.02              0.04   -0.02
DAYS >= .01        17
DAYS >= .10         8
DAYS >= .50         0
DAYS >= 1.00        0
GREATEST
 24 HR. TOTAL    0.59   01/31 TO 02/01

DEGREE_DAYS
HEATING TOTAL    3866              3837      29
 SINCE 7/1       5527              5283     244
COOLING TOTAL       0                 0       0
 SINCE 1/1          0                 0       0
.................................................

WIND (MPH)
AVERAGE WIND SPEED              10.3
HIGHEST WIND SPEED/DIRECTION    40/320    DATE  01/09
HIGHEST GUST SPEED/DIRECTION    49/340    DATE  02/14

SKY COVER
POSSIBLE SUNSHINE (PERCENT)   MM
AVERAGE SKY COVER           0.50
NUMBER OF DAYS FAIR           35
NUMBER OF DAYS PC             25
NUMBER OF DAYS CLOUDY         30

AVERAGE RH (PERCENT)     80

WEATHER CONDITIONS. NUMBER OF DAYS WITH
THUNDERSTORM              0     HAIL                       0
SLEET                     0     FOG                       56
FOG W/VIS <= 1/4 MILE    11     HAZE                      29

-  INDICATES NEGATIVE NUMBERS.
R  INDICATES RECORD WAS SET OR TIED.
MM INDICATES DATA IS MISSING.
T  INDICATES TRACE AMOUNT.

$$

===================================================================

NOTE: SUPPLEMENTAL CLIMATE DATA WAS USED FROM A NEARBY
CLIMATOLOGICALLY REPRESENTATIVE STATION.

===================================================================

PARAMETER   DATE
---------   ----
   WTR      02/25

OLSEN
