000
CXUS53 KDVN 011733
CLSCID


CLIMATE REPORT
NATIONAL WEATHER SERVICE QUAD CITIES IA IL
1133 AM CST THU DEC 1 2016

...................................

...THE CEDAR RAPIDS IA CLIMATE SUMMARY FOR THE SEASON, FROM
9/1/2016 TO 11/30/2016...

CLIMATE NORMAL PERIOD 1981 TO 2010
CLIMATE RECORD PERIOD 1891 TO 2016

WEATHER         OBSERVED          NORMAL  DEPART
                 VALUE   DATE(S)  VALUE   FROM
                                          NORMAL
................................................
TEMPERATURE (F)
RECORD
 HIGH             105   09/04/1925
 LOW              -12   11/29/1891
HIGHEST            91   09/06        79      12
LOWEST             16   11/20        20      -4
AVG. MAXIMUM     66.8              60.9     5.9
AVG. MINIMUM     46.1              39.5     6.6
MEAN             56.5              50.2     6.3
DAYS MAX >= 90      1
DAYS MAX <= 32      0
DAYS MIN <= 32     14
DAYS MIN <= 0       0

PRECIPITATION (INCHES)
TOTALS          12.06              7.89    4.17
DAILY AVG.       0.13              0.09    0.04
DAYS >= .01        25
DAYS >= .10        15
DAYS >= .50         8
DAYS >= 1.00        6
GREATEST
 24 HR. TOTAL    2.66   09/22 TO 09/23

DEGREE_DAYS
HEATING TOTAL     913              1427    -514
 SINCE 7/1        917              1446    -529
COOLING TOTAL     159                80      79
 SINCE 1/1        970               748     222
.................................................

WIND (MPH)
AVERAGE WIND SPEED              9.2
HIGHEST WIND SPEED/DIRECTION    37/300    DATE  11/18
HIGHEST GUST SPEED/DIRECTION    49/280    DATE  11/18

SKY COVER
POSSIBLE SUNSHINE (PERCENT)   MM
AVERAGE SKY COVER           0.30
NUMBER OF DAYS FAIR           57
NUMBER OF DAYS PC             22
NUMBER OF DAYS CLOUDY         12

AVERAGE RH (PERCENT)     78

WEATHER CONDITIONS. NUMBER OF DAYS WITH
THUNDERSTORM             13     HAIL                       0
SLEET                     0     FOG                       48
FOG W/VIS <= 1/4 MILE     9     HAZE                      15

-  INDICATES NEGATIVE NUMBERS.
R  INDICATES RECORD WAS SET OR TIED.
MM INDICATES DATA IS MISSING.
T  INDICATES TRACE AMOUNT.

$$
