000
CXUS53 KDVN 011513
CLSCID


CLIMATE REPORT
NATIONAL WEATHER SERVICE QUAD CITIES IA IL
952 AM CDT THU JUN 1 2017

...................................

...THE CEDAR RAPIDS IA CLIMATE SUMMARY FOR THE SEASON, FROM
3/1/2017 TO 5/31/2017...

CLIMATE NORMAL PERIOD 1981 TO 2010
CLIMATE RECORD PERIOD 1891 TO 2017

WEATHER         OBSERVED          NORMAL  DEPART
                 VALUE   DATE(S)  VALUE   FROM
                                          NORMAL
................................................
TEMPERATURE (F)
RECORD
 HIGH             104   05/31/1934
 LOW              -20   03/01/1962
HIGHEST            88   05/15        76      12
LOWEST              2   03/15        21     -19
AVG. MAXIMUM     59.7              59.5     0.2
AVG. MINIMUM     39.1              37.8     1.3
MEAN             49.3              48.6     0.7
DAYS MAX >= 90      0
DAYS MAX <= 32      6
DAYS MIN <= 32     20
DAYS MIN <= 0       0

PRECIPITATION (INCHES)
TOTALS          10.21              9.30    0.91
DAILY AVG.       0.11              0.10    0.01
DAYS >= .01        33
DAYS >= .10        25
DAYS >= .50         9
DAYS >= 1.00        0
GREATEST
 24 HR. TOTAL    0.89   05/17 TO 05/17

DEGREE_DAYS
HEATING TOTAL    1458              1554     -96
 SINCE 7/1       5734              6837   -1103
COOLING TOTAL      38                50     -12
 SINCE 1/1         38                49     -11
.................................................

WIND (MPH)
AVERAGE WIND SPEED              11.6
HIGHEST WIND SPEED/DIRECTION    45/250    DATE  05/17
HIGHEST GUST SPEED/DIRECTION    59/220    DATE  04/10

SKY COVER
POSSIBLE SUNSHINE (PERCENT)   MM
AVERAGE SKY COVER           0.50
NUMBER OF DAYS FAIR           42
NUMBER OF DAYS PC             21
NUMBER OF DAYS CLOUDY         29

AVERAGE RH (PERCENT)     73

WEATHER CONDITIONS. NUMBER OF DAYS WITH
THUNDERSTORM             17     HAIL                       1
SLEET                     0     FOG                       43
FOG W/VIS <= 1/4 MILE     4     HAZE                      12

-  INDICATES NEGATIVE NUMBERS.
R  INDICATES RECORD WAS SET OR TIED.
MM INDICATES DATA IS MISSING.
T  INDICATES TRACE AMOUNT.

$$

NOTE: SUPPLEMENTAL CLIMATE DATA WAS USED FROM A NEARBY
CLIMATOLOGICALLY REPRESENTATIVE STATION.
