156
CXUS51 KCLE 061705
CLSCLE


CLIMATE REPORT
NATIONAL WEATHER SERVICE CLEVELAND OH
101 PM EDT TUE SEP 6 2016

...................................

...THE CLEVELAND OH CLIMATE SUMMARY FOR THE SEASON, FROM
6/1/2016 TO 8/31/2016...

CLIMATE NORMAL PERIOD 1981 TO 2010
CLIMATE RECORD PERIOD 1871 TO 2016

WEATHER         OBSERVED          NORMAL  DEPART
                 VALUE   DATE(S)  VALUE   FROM
                                          NORMAL
................................................
TEMPERATURE (F)
RECORD
 HIGH             104   06/25/1988
 LOW               31   06/11/1972
HIGHEST            95   07/22
                        07/13
LOWEST             50   06/09
AVG. MAXIMUM     85.2              80.7     4.5
AVG. MINIMUM     65.8              62.5     3.3
MEAN             75.5              71.6     3.9
DAYS MAX >= 90     25               8.2
DAYS MAX <= 32      0               0.0
DAYS MIN <= 32      0               0.0
DAYS MIN <= 0       0               0.0

PRECIPITATION (INCHES)
RECORD
 MAXIMUM        19.88   1972
 MINIMUM         3.63   1933
TOTALS           7.44             10.40   -2.96
DAYS >= .01        34              31.2
DAYS >= .10        18              19.2
DAYS >= .50         4               6.6
DAYS >= 1.00        2               2.4

SNOWFALL (INCHES)
RECORDS
 TOTAL             MM   MM
TOTALS            0.0               0.0
DAYS >= TRACE       0
DAYS >= 1.0         0               0.0

DEGREE_DAYS
HEATING TOTAL      13                53     -40
COOLING TOTAL    1003               656     347
.................................................

WIND (MPH)
HIGHEST GUST SPEED/DIRECTION    51/260    DATE  07/13

SKY COVER
POSSIBLE SUNSHINE (PERCENT)   MM
AVERAGE SKY COVER           0.50
NUMBER OF DAYS FAIR           17
NUMBER OF DAYS PC             58
NUMBER OF DAYS CLOUDY         17


WEATHER CONDITIONS. NUMBER OF DAYS WITH
THUNDERSTORM              0     MIXED PRECIP               0
HEAVY RAIN               14     RAIN                      10
LIGHT RAIN               38     FREEZING RAIN              0
LT FREEZING RAIN          0     HAIL                       0
HEAVY SNOW                0     SNOW                       0
LIGHT SNOW                0     SLEET                      0
FOG                      22     FOG W/VIS <= 1/4 MILE      1
HAZE                     13

-  INDICATES NEGATIVE NUMBERS.
R  INDICATES RECORD WAS SET OR TIED.
MM INDICATES DATA IS MISSING.
T  INDICATES TRACE AMOUNT.

$$
