000
CXUS51 KCLE 040504
CLSCLE


CLIMATE REPORT
NATIONAL WEATHER SERVICE CLEVELAND OH
1200 AM EST SAT MAR 4 2017

...................................

...THE CLEVELAND OH CLIMATE SUMMARY FOR THE SEASON, FROM
12/1/2016 TO 2/28/2017...

CLIMATE NORMAL PERIOD 1981 TO 2010
CLIMATE RECORD PERIOD 1871 TO 2017

WEATHER         OBSERVED          NORMAL  DEPART
                 VALUE   DATE(S)  VALUE   FROM
                                          NORMAL
................................................
TEMPERATURE (F)
RECORD
 HIGH              77   12/03/1982
 LOW              -20   01/19/1994
HIGHEST            77R  02/24
LOWEST              5   01/06
AVG. MAXIMUM     43.0              36.7     6.3
AVG. MINIMUM     29.2              23.9     5.3
MEAN             36.1              30.3     5.8
DAYS MAX >= 90      0               0.0
DAYS MAX <= 32     16              31.0
DAYS MIN <= 32     55              69.4
DAYS MIN <= 0       0               2.4

PRECIPITATION (INCHES)
RECORD
 MAXIMUM        14.95   1950
 MINIMUM         3.27   1901
TOTALS          10.11              8.16    1.95
DAYS >= .01        47              47.0
DAYS >= .10        24              22.0
DAYS >= .50         5               3.7
DAYS >= 1.00        2               0.7

SNOWFALL (INCHES)
RECORDS
 TOTAL           82.8   2003
TOTALS           24.3              47.7
DAYS >= TRACE      40
DAYS >= 1.0         8              14.4

DEGREE_DAYS
HEATING TOTAL    2595              3122    -527
COOLING TOTAL       0                 0       0
.................................................

WIND (MPH)
HIGHEST GUST SPEED/DIRECTION    58/260    DATE  01/10

SKY COVER
POSSIBLE SUNSHINE (PERCENT)   MM
AVERAGE SKY COVER           0.90
NUMBER OF DAYS FAIR            2
NUMBER OF DAYS PC             21
NUMBER OF DAYS CLOUDY         67


WEATHER CONDITIONS. NUMBER OF DAYS WITH
THUNDERSTORM              0     MIXED PRECIP               0
HEAVY RAIN                4     RAIN                      13
LIGHT RAIN               39     FREEZING RAIN              1
LT FREEZING RAIN          2     HAIL                       0
HEAVY SNOW                4     SNOW                      16
LIGHT SNOW               39     SLEET                      1
FOG                      39     FOG W/VIS <= 1/4 MILE      3
HAZE                     22

-  INDICATES NEGATIVE NUMBERS.
R  INDICATES RECORD WAS SET OR TIED.
MM INDICATES DATA IS MISSING.
T  INDICATES TRACE AMOUNT.

$$
