000
CXUS51 KCLE 030113
CLSCLE


CLIMATE REPORT
NATIONAL WEATHER SERVICE CLEVELAND OH
808 PM EST MON MAR 2 2015

...................................

...THE CLEVELAND OH CLIMATE SUMMARY FOR THE SEASON, FROM
12/1/2014 TO 2/28/2015...

CLIMATE NORMAL PERIOD 1981 TO 2010
CLIMATE RECORD PERIOD 1871 TO 2015

WEATHER         OBSERVED          NORMAL  DEPART
                 VALUE   DATE(S)  VALUE   FROM
                                          NORMAL
................................................
TEMPERATURE (F)
RECORD
 HIGH              77   12/03/1982
 LOW              -20   01/19/1994
HIGHEST            59   12/24
LOWEST            -17   02/20
AVG. MAXIMUM     31.5              36.7    -5.2
AVG. MINIMUM     17.0              23.9    -6.9
MEAN             24.2              30.3    -6.1
DAYS MAX >= 90      0               0.0
DAYS MAX <= 32     50              31.0
DAYS MIN <= 32     79              69.4
DAYS MIN <= 0      13               2.4

PRECIPITATION (INCHES)
RECORD
 MAXIMUM        14.95   1950
 MINIMUM         3.27   1901
TOTALS           6.75              8.16   -1.41
DAYS >= .01        47              47.0
DAYS >= .10        15              22.0
DAYS >= .50         4               3.7
DAYS >= 1.00        1               0.7

SNOWFALL (INCHES)
RECORDS
 TOTAL           82.8   2003
TOTALS           42.0              47.7
DAYS >= TRACE      54
DAYS >= 1.0        10              14.4

DEGREE_DAYS
HEATING TOTAL    3616              3122     494
COOLING TOTAL       0                 0       0
.................................................

WIND (MPH)
HIGHEST GUST SPEED/DIRECTION    54/210    DATE  12/24

SKY COVER
POSSIBLE SUNSHINE (PERCENT)   29
AVERAGE SKY COVER           0.80
NUMBER OF DAYS FAIR            5
NUMBER OF DAYS PC             20
NUMBER OF DAYS CLOUDY         65


WEATHER CONDITIONS. NUMBER OF DAYS WITH
THUNDERSTORM              0     MIXED PRECIP               0
HEAVY RAIN                2     RAIN                       4
LIGHT RAIN               21     FREEZING RAIN              0
LT FREEZING RAIN          9     HAIL                       0
HEAVY SNOW                2     SNOW                      16
LIGHT SNOW               52     SLEET                      4
FOG                      58     FOG W/VIS <= 1/4 MILE      7
HAZE                     35

-  INDICATES NEGATIVE NUMBERS.
R  INDICATES RECORD WAS SET OR TIED.
MM INDICATES DATA IS MISSING.
T  INDICATES TRACE AMOUNT.

$$
