000
CXUS51 KCLE 051109
CLSCLE


CLIMATE REPORT
NATIONAL WEATHER SERVICE CLEVELAND OH
707 AM EDT MON JUN 5 2017

...................................

...THE CLEVELAND OH CLIMATE SUMMARY FOR THE SEASON, FROM
3/1/2017 TO 5/31/2017...

CLIMATE NORMAL PERIOD 1981 TO 2010
CLIMATE RECORD PERIOD 1871 TO 2017

WEATHER         OBSERVED          NORMAL  DEPART
                 VALUE   DATE(S)  VALUE   FROM
                                          NORMAL
................................................
TEMPERATURE (F)
RECORD
 HIGH              92   05/28/2012
                        05/06/1959
                        05/31/1944
 LOW               -5   03/09/1984
                        03/12/1948
HIGHEST            90   05/17
LOWEST             18   03/23
AVG. MAXIMUM     61.3              58.4     2.9
AVG. MINIMUM     43.4              40.2     3.2
MEAN             52.3              49.3     3.0
DAYS MAX >= 90      1               0.2
DAYS MAX <= 32      6               3.8
DAYS MIN <= 32     16              24.7
DAYS MIN <= 0       0               0.0

PRECIPITATION (INCHES)
RECORD
 MAXIMUM        18.21   2011
 MINIMUM         4.45   1895
TOTALS          14.60             10.08    4.52
DAYS >= .01        48              41.8
DAYS >= .10        31              24.2
DAYS >= .50         9               6.2
DAYS >= 1.00        3               1.5

SNOWFALL (INCHES)
RECORDS
 TOTAL           30.8   2005
TOTALS           12.1              15.9
DAYS >= TRACE      16
DAYS >= 1.0         5               4.6

DEGREE_DAYS
HEATING TOTAL    1239              1503    -264
COOLING TOTAL      88                60      28
.................................................

WIND (MPH)
HIGHEST GUST SPEED/DIRECTION    61/260    DATE  03/08

SKY COVER
POSSIBLE SUNSHINE (PERCENT)   53
AVERAGE SKY COVER           0.70
NUMBER OF DAYS FAIR            9
NUMBER OF DAYS PC             30
NUMBER OF DAYS CLOUDY         53


WEATHER CONDITIONS. NUMBER OF DAYS WITH
THUNDERSTORM              0     MIXED PRECIP               0
HEAVY RAIN                6     RAIN                      18
LIGHT RAIN               49     FREEZING RAIN              0
LT FREEZING RAIN          0     HAIL                       0
HEAVY SNOW                2     SNOW                       7
LIGHT SNOW               14     SLEET                      1
FOG                      36     FOG W/VIS <= 1/4 MILE      9
HAZE                     15

-  INDICATES NEGATIVE NUMBERS.
R  INDICATES RECORD WAS SET OR TIED.
MM INDICATES DATA IS MISSING.
T  INDICATES TRACE AMOUNT.

$$
