000
CXUS53 KILX 020143 RRA
CLSCMI

CLIMATE REPORT
NATIONAL WEATHER SERVICE LINCOLN IL
843 PM CDT MON JUN 1 2015

...................................

...THE CHAMPAIGN IL AIRPORT CLIMATE SUMMARY FOR THE SEASON, FROM
3/1/2015 TO 5/31/2015...

CLIMATE NORMAL PERIOD 1981 TO 2010
CLIMATE RECORD PERIOD 9999 TO 9999

WEATHER         OBSERVED          NORMAL  DEPART  LAST YEAR`S
                 VALUE   DATE(S)  VALUE   FROM    VALUE
                                          NORMAL
.............................................................
TEMPERATURE (F)
RECORD
 HIGH              MM   MM
 LOW               MM   MM
HIGHEST            88   05/24        MM      MM       92
                        05/06
                        05/07
LOWEST             -9   03/06        MM      MM        1
AVG. MAXIMUM     63.7              63.2     0.5     62.6
AVG. MINIMUM     41.2              40.5     0.7     39.6
MEAN             52.4              51.8     0.6     51.1
DAYS MAX >= 90      0               1.6    -1.6        3
DAYS MAX <= 32      4               1.6     2.4        4
DAYS MIN <= 32     24              25.4    -1.4       30
DAYS MIN <= 0       2               0.0     2.0        0

PRECIPITATION (INCHES)
RECORD
 MAXIMUM           MM   MM
 MINIMUM           MM   MM
TOTALS           9.74             11.09   -1.35    11.79
DAILY AVG.       0.11                               0.13
DAYS >= .01        36                MM      MM       33
DAYS >= .10        21                MM      MM       20
DAYS >= .50         5                MM      MM        7
DAYS >= 1.00        2                MM      MM        2
GREATEST
 24 HR. TOTAL    2.59   05/30 TO 05/31              3.76

DEGREE_DAYS
HEATING TOTAL    1291              1304     -13     1405
 SINCE 7/1       6167              5806     361     6486
COOLING TOTAL     154                92      62      152
 SINCE 1/1        154                92      62      152

FREEZE DATES
RECORD
 EARLIEST     MM
 LATEST       MM
EARLIEST                        MM
LATEST                          MM
..............................................................

WIND (MPH)
AVERAGE WIND SPEED              11.6
HIGHEST WIND SPEED/DIRECTION    46/340    DATE  04/08
HIGHEST GUST SPEED/DIRECTION    52/340    DATE  04/08

SKY COVER
POSSIBLE SUNSHINE (PERCENT)   MM
AVERAGE SKY COVER           0.40
NUMBER OF DAYS FAIR           44
NUMBER OF DAYS PC             32
NUMBER OF DAYS CLOUDY         16

AVERAGE RH (PERCENT)     67

WEATHER CONDITIONS. NUMBER OF DAYS WITH
THUNDERSTORM             11     MIXED PRECIP               0
HEAVY RAIN               13     RAIN                      18
LIGHT RAIN               43     FREEZING RAIN              0
LT FREEZING RAIN          1     HAIL                       1
HEAVY SNOW                0     SNOW                       1
LIGHT SNOW                2     SLEET                      0
FOG                      48     FOG W/VIS <= 1/4 MILE     10
HAZE                     21

-  INDICATES NEGATIVE NUMBERS.
R  INDICATES RECORD WAS SET OR TIED.
MM INDICATES DATA IS MISSING.
T  INDICATES TRACE AMOUNT.

$$
GEELHART
