000
CXUS55 KPUB 012325 RRA
CLSCOS

CLIMATE REPORT
NATIONAL WEATHER SERVICE PUEBLO
525 PM MDT MON JUN 1 2015

...................................

...THE COLORADO SPRINGS CO CLIMATE SUMMARY FOR THE SEASON...FROM
3/1/2015 TO 5/31/2015...

CLIMATE NORMAL PERIOD 1981 TO 2010
CLIMATE RECORD PERIOD 1872 TO 2015

WEATHER         OBSERVED          NORMAL  DEPART  LAST YEAR`S
                 VALUE   DATE(S)  VALUE   FROM    VALUE  DATE(S)
                                          NORMAL
................................................................
TEMPERATURE (F)
RECORD
 HIGH              94   05/30/2000
 LOW              -16   03/02/1943
HIGHEST            80   03/16                         84  05/28
                                                          05/19
LOWEST             -2   03/05                          6  03/02
AVG. MAXIMUM     60.7              60.3     0.4     62.1
AVG. MINIMUM     35.1              34.0     1.1     33.8
MEAN             48.0              47.2     0.8     47.9
DAYS MAX >= 90      0               0.2    -0.2
DAYS MAX <= 32      2               2.7    -0.7
DAYS MIN <= 32     33              38.0    -5.0
DAYS MIN <= 0       1               0.1     0.9

PRECIPITATION (INCHES)
RECORD
 MAXIMUM        12.13   1957
 MINIMUM         1.14   2006
TOTALS           9.91              4.45    5.46     3.90
DAILY AVG.       0.11              0.05    0.06
DAYS >= .01        37              26.5    10.5
DAYS >= .10        20              11.3     8.7
DAYS >= .50         5               1.9     3.1
DAYS >= 1.00        2               0.5     1.5
GREATEST
 24 HR. TOTAL    1.81   05/18 TO 05/19

SNOWFALL (INCHES)
RECORDS
 TOTAL           63.1   1957
TOTALS            5.6              13.7    -8.1     10.7
SINCE 7/1        46.5              37.7     8.8     34.0
SNOWDEPTH AVG.      0
DAYS >= 1.0         2               4.0    -2.0
GREATEST
 SNOW DEPTH         5   03/05                          6
 24 HR TOTAL      3.3   03/04 TO 03/04               6.0

DEGREE_DAYS
HEATING TOTAL    1546              1650    -104     1559
 SINCE 7/1       5767              6213    -446     6046
COOLING TOTAL       0                10     -10       13
 SINCE 1/1          0                10     -10       13
.................................................................

WIND (MPH)
AVERAGE WIND SPEED              10.0
HIGHEST WIND SPEED/DIRECTION    45/300    DATE  04/01
HIGHEST GUST SPEED/DIRECTION    58/300    DATE  04/01

SKY COVER
POSSIBLE SUNSHINE (PERCENT)   MM
AVERAGE SKY COVER           0.60
NUMBER OF DAYS FAIR           18
NUMBER OF DAYS PC             48
NUMBER OF DAYS CLOUDY         26

AVERAGE RH (PERCENT)     56

WEATHER CONDITIONS. NUMBER OF DAYS WITH
THUNDERSTORM             24     MIXED PRECIP               3
HEAVY RAIN               10     RAIN                      15
LIGHT RAIN               47     FREEZING RAIN              0
LT FREEZING RAIN          0     HAIL                       9
HEAVY SNOW                1     SNOW                       5
LIGHT SNOW               16     SLEET                      0
FOG                      31     FOG W/VIS <= 1/4 MILE      8
HAZE                      6

-  INDICATES NEGATIVE NUMBERS.
R  INDICATES RECORD WAS SET OR TIED.
MM INDICATES DATA IS MISSING.
T  INDICATES TRACE AMOUNT.

$$
