000
CXUS55 KPUB 011948
CLSCOS

CLIMATE REPORT
NATIONAL WEATHER SERVICE PUEBLO
147 PM MDT THU JUN 1 2017

...................................

...THE COLORADO SPRINGS CO CLIMATE SUMMARY FOR THE SEASON, FROM
3/1/2017 TO 5/31/2017...

CLIMATE NORMAL PERIOD 1981 TO 2010
CLIMATE RECORD PERIOD 1872 TO 2017

WEATHER         OBSERVED          NORMAL  DEPART  LAST YEAR`S
                 VALUE   DATE(S)  VALUE   FROM    VALUE  DATE(S)
                                          NORMAL
................................................................
TEMPERATURE (F)
RECORD
 HIGH              94   05/30/2000
 LOW              -16   03/02/1943

HIGHEST            82   05/24                         83  05/21
LOWEST             16   03/02                         15  03/20
                        03/01
AVG. MAXIMUM     63.9              60.3     3.6     60.9
AVG. MINIMUM     36.9              34.0     2.9     34.5

MEAN             50.4              47.2     3.2     47.7

DAYS MAX >= 90      0               0.2    -0.2
DAYS MAX <= 32      0               2.7    -2.7
DAYS MIN <= 32     29              38.0    -9.0
DAYS MIN <= 0       0               0.1    -0.1

PRECIPITATION (INCHES)
RECORD
 MAXIMUM        12.13   1957
 MINIMUM         1.14   2006

TOTALS           5.73              4.45    1.28     5.39

DAILY AVG.       0.06              0.05    0.01

DAYS >= .01        28              26.5     1.5
DAYS >= .10        19              11.3     7.7
DAYS >= .50         3               1.9     1.1
DAYS >= 1.00        1               0.5     0.5

GREATEST
 24 HR. TOTAL    1.16   05/17 TO 05/18

SNOWFALL (INCHES)
RECORDS
 MAXIMUM         63.1   1957
 MINIMUM          T     1946

TOTALS           11.8              13.7    -1.9     23.6

SINCE 7/1        25.2              37.7   -12.5     50.7

SNOWDEPTH AVG.      0
DAYS >= 1.0         3               4.0    -1.0

GREATEST
 SNOW DEPTH         5   04/04                          5
 24 HR TOTAL      5.5   04/03 TO 04/04               7.2

DEGREE_DAYS
HEATING TOTAL    1325              1650    -325     1573
 SINCE 7/1       5078              6213   -1135     5476

COOLING TOTAL       2                10      -8        2
 SINCE 1/1          2                10      -8        2
.................................................................

WIND (MPH)
AVERAGE WIND SPEED              11.1
HIGHEST WIND SPEED/DIRECTION    52/010    DATE  03/23
HIGHEST GUST SPEED/DIRECTION    65/020    DATE  03/23

SKY COVER
POSSIBLE SUNSHINE (PERCENT)   MM
AVERAGE SKY COVER           0.60
NUMBER OF DAYS FAIR           15
NUMBER OF DAYS PC             61
NUMBER OF DAYS CLOUDY         16

AVERAGE RH (PERCENT)     49

WEATHER CONDITIONS. NUMBER OF DAYS WITH
THUNDERSTORM              0     MIXED PRECIP               1
HEAVY RAIN                5     RAIN                      11
LIGHT RAIN               35     FREEZING RAIN              0
LT FREEZING RAIN          0     HAIL                       3
HEAVY SNOW                1     SNOW                       4
LIGHT SNOW               12     SLEET                      2
FOG                      24     FOG W/VIS <= 1/4 MILE      4
HAZE                      3

-  INDICATES NEGATIVE NUMBERS.
R  INDICATES RECORD WAS SET OR TIED.
MM INDICATES DATA IS MISSING.
T  INDICATES TRACE AMOUNT.

$$
