000
CXUS53 KLSX 020204
CLSCOU

TTAA00 KLSX 020202


CLIMATE REPORT
NATIONAL WEATHER SERVICE ST LOUIS MO
733 PM CST MON DEC 1 2014

...................................

...THE COLUMBIA     ASOS CLIMATE SUMMARY FOR THE SEASON, FROM
9/1/2014 TO 11/30/2014...

CLIMATE NORMAL PERIOD 1981 TO 2010
CLIMATE RECORD PERIOD 1890 TO 2014

WEATHER         OBSERVED          NORMAL  DEPART
                 VALUE   DATE(S)  VALUE   FROM
                                          NORMAL
................................................
TEMPERATURE (F)
RECORD
 HIGH             104   09/14/1893
 LOW               -3   11/30/1929
HIGHEST            93   09/04
LOWEST              9   11/18
AVG. MAXIMUM     64.8              66.6    -1.8
AVG. MINIMUM     44.5              45.5    -1.0
MEAN             54.6              56.0    -1.4
DAYS MAX >= 90      2
DAYS MAX <= 32      5
DAYS MIN <= 32     21
DAYS MIN <= 0       0

PRECIPITATION (INCHES)
RECORD
 MAXIMUM        22.48   1941
 MINIMUM         2.21   1956
TOTALS          17.65             10.43    7.22
DAYS >= .01        26
DAYS >= .10        15
DAYS >= .50         8
DAYS >= 1.00        5
GREATEST
 24 HR. TOTAL    5.25   10/01 TO 10/02

SNOWFALL (INCHES)
RECORDS
 TOTAL            8.3   1971
 24 HR TOTAL      8.1   11/25/1975 TO 11/26/1975
TOTALS            0.8               0.9    -0.1
SINCE 7/1         0.8               0.9    -0.1
GREATEST
 SNOW DEPTH         1   11/17
 24 HR TOTAL      0.5   11/16 TO 11/16

DEGREE_DAYS
HEATING TOTAL    1081               983      98
 SINCE 7/1       1081               985      96
COOLING TOTAL     156               165      -9
 SINCE 1/1       1266              1249      17
.................................................

WIND (MPH)
AVERAGE WIND SPEED              9.2
HIGHEST WIND SPEED/DIRECTION    35/250    DATE  09/05
HIGHEST GUST SPEED/DIRECTION    55/260    DATE  09/05


WEATHER CONDITIONS. NUMBER OF DAYS WITH
THUNDERSTORM             13     HAIL                       0
FOG W/VIS <= 1/4 MILE     7

-  INDICATES NEGATIVE NUMBERS.
R  INDICATES RECORD WAS SET OR TIED.
MM INDICATES DATA IS MISSING.
T  INDICATES TRACE AMOUNT.

$$

TIED 17TH COOLEST FALL ON RECORD WITH 1991, 1926 AND 1907

5TH WETTEST FALL ON RECORD

THE CLIMATE TEAM
