000
CXUS51 KRNK 010941
CLSDAN


CLIMATE REPORT
NATIONAL WEATHER SERVICE BLACKSBURG VA
524 AM EDT TUE SEP 1 2015

...................................

...THE DANVILLE VA CLIMATE SUMMARY FOR THE SEASON, FROM
6/1/2015 TO 8/31/2015...

CLIMATE NORMAL PERIOD 1981 TO 2010
CLIMATE RECORD PERIOD 1948 TO 2015

WEATHER         OBSERVED          NORMAL  DEPART  LAST YEAR`S
                 VALUE   DATE(S)  VALUE   FROM    VALUE
                                          NORMAL
.............................................................
TEMPERATURE (F)
RECORD
 HIGH             105   07/10/1990
                        08/23/1983
                        07/14/1954
 LOW               40   06/11/1977
HIGHEST            95   08/05                         97
                        06/23
                        06/16
LOWEST             57   06/29                         51
AVG. MAXIMUM     87.4              86.2     1.2     86.1
AVG. MINIMUM     67.4              67.2     0.2     65.8
MEAN             77.4              76.7     0.7     75.9
DAYS MAX >= 90     31              25.6     5.4       25
DAYS MAX <= 32      0               0.0     0.0        0
DAYS MIN <= 32      0               0.0     0.0        0
DAYS MIN <= 0       0               0.0     0.0        0

PRECIPITATION (INCHES)
RECORD
 MAXIMUM        22.94   1995
 MINIMUM         6.76   2007
TOTALS          18.42             12.41    6.01    11.19
DAILY AVG.       0.20              0.13    0.07     0.12
DAYS >= .01        37              29.3     7.7       31
DAYS >= .10        23              19.7     3.3       17
DAYS >= .50        15               8.4     6.6        8
DAYS >= 1.00        6               3.1     2.9        3
GREATEST
 24 HR. TOTAL    2.19                               2.39

SNOWFALL (INCHES)
TOTALS            0.0                                0.0
DAYS >= TRACE       0                                  0
DAYS >= 1.0         0                                  0
GREATEST
 24 HR TOTAL      0.0                                0.0

DEGREE_DAYS
HEATING TOTAL       5                 3       2        0
COOLING TOTAL    1167              1082      85     1028
..............................................................

WIND (MPH)
AVERAGE WIND SPEED              4.2
HIGHEST WIND SPEED/DIRECTION    37/360    DATE  06/13
HIGHEST GUST SPEED/DIRECTION    44/350    DATE  06/13

SKY COVER
AVERAGE SKY COVER           0.30

AVERAGE RH (PERCENT)     72

WEATHER CONDITIONS. NUMBER OF DAYS WITH
THUNDERSTORM             29     MIXED PRECIP               0
HEAVY RAIN               23     RAIN                      22
LIGHT RAIN               43     FREEZING RAIN              0
LT FREEZING RAIN          0     HAIL                       0
HEAVY SNOW                0     SNOW                       0
LIGHT SNOW                0     SLEET                      0
FOG                      49     FOG W/VIS <= 1/4 MILE      2
HAZE                      4

-  INDICATES NEGATIVE NUMBERS.
R  INDICATES RECORD WAS SET OR TIED.
MM INDICATES DATA IS MISSING.
T  INDICATES TRACE AMOUNT.

$$

PW
