000
CXUS53 KDVN 011407
CLSDBQ


CLIMATE REPORT
NATIONAL WEATHER SERVICE QUAD CITIES IA IL
0805 AM CST MON DEC 1 2014

...................................

...THE DUBUQUE CLIMATE SUMMARY FOR THE SEASON, FROM
9/1/2014 TO 11/30/2014...

CLIMATE NORMAL PERIOD 1981 TO 2010
CLIMATE RECORD PERIOD 1873 TO 2014

WEATHER         OBSERVED          NORMAL  DEPART
                 VALUE   DATE(S)  VALUE   FROM
                                          NORMAL
................................................
TEMPERATURE (F)
RECORD
 HIGH              99   09/07/1939
                        09/06/1922
 LOW              -17   11/26/1977
HIGHEST            86   09/04        77       9
LOWEST              1   11/21        21     -20
AVG. MAXIMUM     55.7              59.1    -3.4
AVG. MINIMUM     36.2              40.0    -3.8
MEAN             45.9              49.6    -3.7
DAYS MAX >= 90      0               0.2    -0.2
DAYS MAX <= 32     14               4.1     9.9
DAYS MIN <= 32     30              25.6     4.4
DAYS MIN <= 0       0               0.0     0.0

PRECIPITATION (INCHES)
TOTALS           6.37              8.47   -2.10
DAILY AVG.       0.07              0.09   -0.02
DAYS >= .01        27              27.6    -0.6
DAYS >= .10        13
DAYS >= .50         5
DAYS >= 1.00        1               1.8    -0.8
GREATEST
 24 HR. TOTAL    2.00   10/13 TO 10/14

SNOWFALL (INCHES)
TOTALS            3.5               2.8     0.7
SINCE 7/1         3.5               2.8     0.7
SNOWDEPTH AVG.      0
DAYS >= TRACE      13               2.9    10.1
DAYS >= 1.0         2               0.9     1.1
GREATEST
 SNOW DEPTH         2   11/17
                        11/16
 24 HR TOTAL      2.0   11/15 TO 11/16

DEGREE_DAYS
HEATING TOTAL    1753              1473     280
 SINCE 7/1       1782              1500     282
COOLING TOTAL      44                67     -23
 SINCE 1/1        526               643    -117
.................................................

WIND (MPH)
AVERAGE WIND SPEED              10.0
HIGHEST WIND SPEED/DIRECTION    32/280    DATE  11/24
HIGHEST GUST SPEED/DIRECTION    42/280    DATE  11/24

SKY COVER
POSSIBLE SUNSHINE (PERCENT)   MM
AVERAGE SKY COVER           0.40
NUMBER OF DAYS FAIR           39
NUMBER OF DAYS PC             26
NUMBER OF DAYS CLOUDY         20

AVERAGE RH (PERCENT)     76

WEATHER CONDITIONS. NUMBER OF DAYS WITH
THUNDERSTORM              6     HAIL                       0
SLEET                     0     FOG                       47
FOG W/VIS <= 1/4 MILE     8     HAZE                      16

-  INDICATES NEGATIVE NUMBERS.
R  INDICATES RECORD WAS SET OR TIED.
MM INDICATES DATA IS MISSING.
T  INDICATES TRACE AMOUNT.

$$

===========================================================

NOTE: SUPPLEMENTAL CLIMATE DATA WAS USED FROM A NEARBY
CLIMATOLOGICALLY REPRESENTATIVE STATION FOR THE
FOLLOWING DAYS.

PARAMETER    DATE
---------    ----
   SNW       ALL OBSERVED SNW ABOVE
12Z DPTH     ALL OBSERVED 12Z DPTH ABOVE

===========================================================

GROSS
