365
CXUS53 KDDC 011555
CLSDDC


CLIMATE REPORT
NATIONAL WEATHER SERVICE DODGE CITY KS
941 AM CST THU DEC 1 2016

...................................

...THE DODGE CITY KS CLIMATE SUMMARY FOR THE SEASON, FROM
9/1/2016 TO 11/30/2016...

CLIMATE NORMAL PERIOD 1981 TO 2010
CLIMATE RECORD PERIOD 1875 TO 2016

WEATHER         OBSERVED          NORMAL  DEPART  LAST YEAR`S
                 VALUE   DATE(S)  VALUE   FROM    VALUE  DATE(S)
                                          NORMAL
................................................................
TEMPERATURE (F)
RECORD
 HIGH             107   09/01/2011
 LOW              -13   11/27/1887
HIGHEST           101   10/17        MM      MM      100  09/07
                                                          09/02
LOWEST             14   11/19        MM      MM       20  11/27
AVG. MAXIMUM     76.9              69.3     7.6     71.6
AVG. MINIMUM     46.6              43.3     3.3     46.6
MEAN             61.8              56.3     5.5     59.1
DAYS MAX >= 90     19               8.4    10.6       16
DAYS MAX <= 32      0               1.3    -1.3        3
DAYS MIN <= 32     14              20.6    -6.6       16
DAYS MIN <= 0       0               0.0     0.0        0

PRECIPITATION (INCHES)
RECORD
 MAXIMUM        12.72   1906
 MINIMUM         0.25   1980
TOTALS           0.77              4.17   -3.40     6.20
DAILY AVG.       0.01              0.05   -0.04     0.07
DAYS >= .01         7              16.3    -9.3       24
DAYS >= .10         3               7.7    -4.7       12
DAYS >= .50         0               2.5    -2.5        4
DAYS >= 1.00        0               1.1    -1.1        1
GREATEST
 24 HR. TOTAL    0.29   09/08 TO 09/08           10/21 TO 10/22

SNOWFALL (INCHES)
RECORDS
 TOTAL           26.7   1992
 24 HR TOTAL     12.1   11/24/1992
 SNOW DEPTH        14   11/25/1992
                        11/26/1992
TOTALS            0.0               2.2    -2.2      1.1
SINCE 7/1         0.0               2.2    -2.2      1.1
DAYS >= TRACE       0               1.4    -1.4        5
DAYS >= 1.0         0               0.6    -0.6        0
GREATEST
 SNOW DEPTH         0   MM                             1  11/30
                                                          11/28
                                                          11/29
 24 HR TOTAL      0.0   MM                       11/27 TO 11/27

DEGREE_DAYS
HEATING TOTAL     596              1009    -413      828
 SINCE 7/1        596              1014    -418      830
COOLING TOTAL     326               216     110      314
 SINCE 1/1       1580              1463     117     1512
........................................................

WIND (MPH)
AVERAGE WIND SPEED              12.5
RESULTANT WIND SPEED/DIRECTION   4/184
HIGHEST WIND SPEED/DIRECTION    39/220    DATE  11/27
HIGHEST GUST SPEED/DIRECTION    53/220    DATE  11/27

SKY COVER
POSSIBLE SUNSHINE (PERCENT)   MM
AVERAGE SKY COVER           0.10
NUMBER OF DAYS FAIR           76
NUMBER OF DAYS PC             12
NUMBER OF DAYS CLOUDY          3

AVERAGE RH (PERCENT)     59

WEATHER CONDITIONS. NUMBER OF DAYS WITH
THUNDERSTORM              4     MIXED PRECIP               0
HEAVY RAIN                2     RAIN                       4
LIGHT RAIN               14     FREEZING RAIN              0
LT FREEZING RAIN          0     HAIL                       0
HEAVY SNOW                0     SNOW                       0
LIGHT SNOW                0     SLEET                      0
FOG                      30     FOG W/VIS <= 1/4 MILE      7
HAZE                     16

-  INDICATES NEGATIVE NUMBERS.
R  INDICATES RECORD WAS SET OR TIED.
MM INDICATES DATA IS MISSING.
T  INDICATES TRACE AMOUNT.

$$
