000
CXUS51 KALY 011227
CLSDDH

ALBCLMDDH 000
TTAA00 KALY 011221


CLIMATE REPORT
NATIONAL WEATHER SERVICE ALBANY NY
816 AM EDT WED JUN 1 2016

...................................

...THE BENNINGTON VT CLIMATE SUMMARY FOR THE SEASON, FROM
3/1/2016 TO 5/31/2016...

CLIMATE NORMAL PERIOD 1981 TO 2010
CLIMATE RECORD PERIOD 9999 TO 9999

WEATHER         OBSERVED          NORMAL  DEPART  LAST YEAR`S
                 VALUE   DATE(S)  VALUE   FROM    VALUE  DATE(S)
                                          NORMAL
................................................................
TEMPERATURE (F)
HIGHEST            89   05/28                         MM  MM
LOWEST              2   04/05                         MM  MM
AVG. MAXIMUM     58.8              55.8     3.0       MM
AVG. MINIMUM     34.6              33.4     1.2       MM
MEAN             46.7              44.6     2.1       MM
DAYS MAX >= 90      0               0.3    -0.3       MM
DAYS MAX <= 32      2               4.2    -2.2       MM
DAYS MIN <= 32     39              42.5    -3.5       MM
DAYS MIN <= 0       0               0.6    -0.6       MM

PRECIPITATION (INCHES)
TOTALS           8.01             10.08   -2.07       MM
DAILY AVG.       0.09              0.11   -0.02       MM
DAYS >= .01        37                                 MM
DAYS >= .10        23                                 MM
DAYS >= .50         4                                 MM
DAYS >= 1.00        0                                 MM
GREATEST
 24 HR. TOTAL    0.83   04/07 TO 04/08

DEGREE_DAYS
HEATING TOTAL    1703              1888    -185
 SINCE 7/1       5291              7139   -1848
COOLING TOTAL      42                13      29
 SINCE 1/1         42                14      28

FREEZE DATES
EARLIEST                        10/01
LATEST                          05/10
.................................................................

WIND (MPH)
AVERAGE WIND SPEED              5.5
HIGHEST WIND SPEED/DIRECTION    37/140    DATE  03/01
HIGHEST GUST SPEED/DIRECTION    48/140    DATE  03/01


WEATHER CONDITIONS. NUMBER OF DAYS WITH
THUNDERSTORM              4     MIXED PRECIP               0
HEAVY RAIN                2     RAIN                      13
LIGHT RAIN               37     FREEZING RAIN              0
LT FREEZING RAIN          0     HAIL                       0
HEAVY SNOW                0     SNOW                       2
LIGHT SNOW                8     SLEET                      0
FOG                      39     FOG W/VIS <= 1/4 MILE      8
HAZE                     10

-  INDICATES NEGATIVE NUMBERS.
R  INDICATES RECORD WAS SET OR TIED.
MM INDICATES DATA IS MISSING.
T  INDICATES TRACE AMOUNT.

$$
