565
CXUS51 KALY 011448
CLSDDH

CLIMATE REPORT
NATIONAL WEATHER SERVICE ALBANY NY
845 AM EST WED MAR 1 2017

...................................

...THE BENNINGTON VT CLIMATE SUMMARY FOR THE SEASON, FROM
12/1/2016 TO 2/28/2017...

CLIMATE NORMAL PERIOD 1981 TO 2010
CLIMATE RECORD PERIOD 9999 TO 9999

WEATHER         OBSERVED          NORMAL  DEPART  LAST YEAR`S
                 VALUE   DATE(S)  VALUE   FROM    VALUE  DATE(S)
                                          NORMAL
................................................................
TEMPERATURE (F)
HIGHEST            72   02/24                         60  02/03
LOWEST             -9   02/10                        -17  02/14
                        12/16
AVG. MAXIMUM     38.1              33.7     4.4     37.5
AVG. MINIMUM     21.2              15.5     5.7     17.2
MEAN             29.6              24.6     5.0     27.4
DAYS MAX >= 90      0               0.0     0.0        0
DAYS MAX <= 32     26              40.1   -14.1       21
DAYS MIN <= 32     75              83.0    -8.0       55
DAYS MIN <= 0       3              10.2    -7.2        4

PRECIPITATION (INCHES)
TOTALS           5.91              7.78   -1.87     8.79
DAILY AVG.       0.07              0.09   -0.02     0.09
DAYS >= .01        34                                 17
DAYS >= .10        16                                  9
DAYS >= .50         2                                  5
DAYS >= 1.00        0                                  0
GREATEST
 24 HR. TOTAL    0.74   12/17 TO 12/18

DEGREE_DAYS
HEATING TOTAL    3165              3638    -473
 SINCE 7/1       4535              5251    -716
COOLING TOTAL       0                 0       0
 SINCE 1/1          0                 0       0

FREEZE DATES
EARLIEST                        10/01
LATEST                          05/10
.................................................................

WIND (MPH)
AVERAGE WIND SPEED              5.9
HIGHEST WIND SPEED/DIRECTION    41/190    DATE  01/11
HIGHEST GUST SPEED/DIRECTION    58/170    DATE  01/11


WEATHER CONDITIONS. NUMBER OF DAYS WITH
THUNDERSTORM              0     MIXED PRECIP               0
HEAVY RAIN                1     RAIN                       8
LIGHT RAIN               27     FREEZING RAIN              2
LT FREEZING RAIN          1     HAIL                       0
HEAVY SNOW                4     SNOW                      10
LIGHT SNOW               40     SLEET                      0
FOG                      42     FOG W/VIS <= 1/4 MILE      9
HAZE                     13

-  INDICATES NEGATIVE NUMBERS.
R  INDICATES RECORD WAS SET OR TIED.
MM INDICATES DATA IS MISSING.
T  INDICATES TRACE AMOUNT.

$$
