000
CXUS53 KDLH 031311
CLSDLH

CLIMATE REPORT
NATIONAL WEATHER SERVICE DULUTH MN
811 AM CDT WED SEP 3 2014

...................................

...THE DULUTH CLIMATE SUMMARY FOR THE SEASON, FROM
6/1/2014 TO 8/31/2014...

CLIMATE NORMAL PERIOD 1981 TO 2010
CLIMATE RECORD PERIOD 1870 TO 2014

WEATHER         OBSERVED          NORMAL  DEPART  LAST YEAR`S
                 VALUE   DATE(S)  VALUE   FROM    VALUE
                                          NORMAL
.............................................................
TEMPERATURE (F)
RECORD
 HIGH             106   07/13/1936
 LOW               27   06/10/1972
HIGHEST            88   07/21        MM      MM       94
LOWEST             42   06/13        MM      MM       37
MEAN             63.8              63.4     0.4     66.1

PRECIPITATION (INCHES)
RECORD
 MAXIMUM        20.91   1873
 MINIMUM         3.49   1936
TOTALS          12.52             11.78    0.74     8.25

SNOWFALL (INCHES)
SINCE 7/1         0.0

DEGREE_DAYS
HEATING TOTAL     239               329     -90      220
COOLING TOTAL     152               186     -34      350
..............................................................

WIND (MPH)
AVERAGE WIND SPEED              8.8
HIGHEST WIND SPEED/DIRECTION    39/240
HIGHEST GUST SPEED/DIRECTION    52/260

SKY COVER
POSSIBLE SUNSHINE (PERCENT)   MM



-  INDICATES NEGATIVE NUMBERS.
R  INDICATES RECORD WAS SET OR TIED.
MM INDICATES DATA IS MISSING.
T  INDICATES TRACE AMOUNT.

$$

.THE 2014 SUMMER SEASON WAS WARMER AND WETTER THAN NORMAL AT DULUTH
MN...

THE AVERAGE TEMPERATURE FOR THE SUMMER SEASON WAS 63.8 DEGREES WHICH
WAS 0.4 DEGREES ABOVE THE NORMAL OF 63.4 DEGREES. THIS TIED FOR THE
47TH WARMEST METEOROLOGICAL SUMMER ON RECORD AT DULUTH. 12.52 INCHES
OF  PRECIPITATION WAS REPORTED FOR THE SEASON WHICH WAS 0.74 INCHES
ABOVE THE NORMAL OF 11.78 INCHES. THIS WAS THE 50TH WETTEST SUMMER
SEASON ON RECORD.

$$
