000
CXUS53 KEAX 032212
CLSDMO

STLCLMWS4 000
TTAA00 KEAX 032209


CLIMATE REPORT
NATIONAL WEATHER SERVICE KANSAS CITY/PLEASANT HILL MO
501 PM CDT WED SEP 3 2014

...................................

...THE SEDALIA CLIMATE SUMMARY FOR THE SEASON, FROM
6/1/2014 TO 8/31/2014...

CLIMATE NORMAL PERIOD 1981 TO 2010
CLIMATE RECORD PERIOD 9999 TO 9999

WEATHER         OBSERVED          NORMAL  DEPART  LAST YEAR`S
                 VALUE   DATE(S)  VALUE   FROM    VALUE  DATE(S)
                                          NORMAL
................................................................
TEMPERATURE (F)
HIGHEST            97   08/24        98      -1       98  08/31
                                                          08/30
                                                          06/26
LOWEST             54   07/16        49       5       50  06/03
AVG. MAXIMUM     85.5              87.7    -2.2     86.1
AVG. MINIMUM     66.2              67.1    -0.9     66.5
MEAN             75.9              77.4    -1.5     76.3
DAYS MAX >= 90     29              29.7    -0.7       31
DAYS MAX <= 32      0               0.0     0.0        0
DAYS MIN <= 32      0               0.0     0.0        0
DAYS MIN <= 0       0               0.0     0.0        0

PRECIPITATION (INCHES)
TOTALS          10.20             12.79   -2.59     6.91
DAILY AVG.       0.11              0.14   -0.03     0.07
DAYS >= .01        27              26.6     0.4       18
DAYS >= .10        16              18.1    -2.1       12
DAYS >= .50         8               8.9    -0.9        3
DAYS >= 1.00        4               4.0     0.0        2
GREATEST
 24 HR. TOTAL    2.32   MM

DEGREE_DAYS
HEATING TOTAL       0                 7      -7        9
COOLING TOTAL    1022              1146    -124     1067
.................................................................

WIND (MPH)
AVERAGE WIND SPEED              7.8
HIGHEST WIND SPEED/DIRECTION    41/340    DATE  07/08
HIGHEST GUST SPEED/DIRECTION    57/330    DATE  07/08

SKY COVER
POSSIBLE SUNSHINE (PERCENT)    0
AVERAGE SKY COVER           0.30
NUMBER OF DAYS FAIR           70
NUMBER OF DAYS PC             16
NUMBER OF DAYS CLOUDY          6

AVERAGE RH (PERCENT)     71

WEATHER CONDITIONS. NUMBER OF DAYS WITH
THUNDERSTORM              0     MIXED PRECIP               0
HEAVY RAIN               11     RAIN                      16
LIGHT RAIN               35     FREEZING RAIN              0
LT FREEZING RAIN          0     HAIL                       0
HEAVY SNOW                0     SNOW                       0
LIGHT SNOW                0     SLEET                      0
FOG                      45     FOG W/VIS <= 1/4 MILE      2
HAZE                     36

-  INDICATES NEGATIVE NUMBERS.
R  INDICATES RECORD WAS SET OR TIED.
MM INDICATES DATA IS MISSING.
T  INDICATES TRACE AMOUNT.

$$
