000
CXUS53 KEAX 020747
CLSDMO

CLIMATE REPORT
NATIONAL WEATHER SERVICE KANSAS CITY/PLEASANT HILL MO
143 AM CST FRI DEC 2 2016

...................................

...THE SEDALIA CLIMATE SUMMARY FOR THE SEASON, FROM
9/1/2016 TO 11/30/2016...

CLIMATE NORMAL PERIOD 1981 TO 2010
CLIMATE RECORD PERIOD 9999 TO 9999

WEATHER         OBSERVED          NORMAL  DEPART  LAST YEAR`S
                 VALUE   DATE(S)  VALUE   FROM    VALUE  DATE(S)
                                          NORMAL
................................................................
TEMPERATURE (F)
HIGHEST            95   09/06        92       3       97  09/06
LOWEST             25   11/20        17       8       25  11/22
                                                          11/21
AVG. MAXIMUM     73.8              67.9     5.9     72.1
AVG. MINIMUM     52.4              48.1     4.3     50.2
MEAN             63.1              58.0     5.1     61.2
DAYS MAX >= 90      6               3.2     2.8        9
DAYS MAX <= 32      0               1.0    -1.0        0
DAYS MIN <= 32      4              19.2   -15.2        4
DAYS MIN <= 0       0               0.0     0.0        0

PRECIPITATION (INCHES)
TOTALS           6.82             10.85   -4.03    10.20
DAILY AVG.       0.07              0.12   -0.05     0.11
DAYS >= .01        17              25.6    -8.6       22
DAYS >= .10        12              15.9    -3.9       15
DAYS >= .50         3               6.7    -3.7        6
DAYS >= 1.00        2               3.0    -1.0        4
GREATEST
 24 HR. TOTAL    2.91   MM

DEGREE_DAYS
HEATING TOTAL     507               844    -337      645
COOLING TOTAL     362               206     156      313
.................................................................

WIND (MPH)
AVERAGE WIND SPEED              8.8
HIGHEST WIND SPEED/DIRECTION    38/170    DATE  10/06
HIGHEST GUST SPEED/DIRECTION    49/160    DATE  10/06

SKY COVER
POSSIBLE SUNSHINE (PERCENT)   MM
AVERAGE SKY COVER           0.30
NUMBER OF DAYS FAIR           61
NUMBER OF DAYS PC             24
NUMBER OF DAYS CLOUDY          6

AVERAGE RH (PERCENT)     68

WEATHER CONDITIONS. NUMBER OF DAYS WITH
THUNDERSTORM             12     MIXED PRECIP               0
HEAVY RAIN                9     RAIN                       9
LIGHT RAIN               26     FREEZING RAIN              0
LT FREEZING RAIN          0     HAIL                       0
HEAVY SNOW                0     SNOW                       0
LIGHT SNOW                0     SLEET                      0
FOG                      24     FOG W/VIS <= 1/4 MILE      3
HAZE                     14

-  INDICATES NEGATIVE NUMBERS.
R  INDICATES RECORD WAS SET OR TIED.
MM INDICATES DATA IS MISSING.
T  INDICATES TRACE AMOUNT.

$$
