000
CXUS53 KEAX 011353
CLSDMO

CLIMATE REPORT
NATIONAL WEATHER SERVICE KANSAS CITY/PLEASANT HILL MO
848 AM CDT FRI SEP 1 2017

...................................

...THE SEDALIA CLIMATE SUMMARY FOR THE SEASON, FROM
6/1/2017 TO 8/31/2017...

CLIMATE NORMAL PERIOD 1981 TO 2010
CLIMATE RECORD PERIOD 9999 TO 9999

WEATHER         OBSERVED          NORMAL  DEPART  LAST YEAR`S
                 VALUE   DATE(S)  VALUE   FROM    VALUE  DATE(S)
                                          NORMAL
................................................................
TEMPERATURE (F)
HIGHEST            98   07/22        98       0       99  06/15
                        07/21
LOWEST             53   08/05        49       4       58  08/22
                        06/26                             08/21
                                                          06/08
AVG. MAXIMUM     86.5              87.7    -1.2     88.3
AVG. MINIMUM     65.8              67.1    -1.3     69.2
MEAN             76.1              77.4    -1.3     78.8
DAYS MAX >= 90     28              29.7    -1.7       48
DAYS MAX <= 32      0               0.0     0.0        0
DAYS MIN <= 32      0               0.0     0.0        0
DAYS MIN <= 0       0               0.0     0.0        0

PRECIPITATION (INCHES)
TOTALS          13.01             12.79    0.22    15.10
DAILY AVG.       0.14              0.14    0.00     0.17
DAYS >= .01        22              26.6    -4.6       26
DAYS >= .10        16              18.1    -2.1       17
DAYS >= .50         9               8.9     0.1        8
DAYS >= 1.00        4               4.0     0.0        5
GREATEST
 24 HR. TOTAL    2.42   MM

DEGREE_DAYS
HEATING TOTAL       5                 7      -2        0
COOLING TOTAL    1011              1146    -135     1291
.................................................................

WIND (MPH)
AVERAGE WIND SPEED              7.1
HIGHEST WIND SPEED/DIRECTION    37/340    DATE  06/17
HIGHEST GUST SPEED/DIRECTION    49/330    DATE  06/17

SKY COVER
POSSIBLE SUNSHINE (PERCENT)   MM
AVERAGE SKY COVER           0.20
NUMBER OF DAYS FAIR           76
NUMBER OF DAYS PC             14
NUMBER OF DAYS CLOUDY          2

AVERAGE RH (PERCENT)     76

WEATHER CONDITIONS. NUMBER OF DAYS WITH
THUNDERSTORM             22     MIXED PRECIP               0
HEAVY RAIN               18     RAIN                      16
LIGHT RAIN               29     FREEZING RAIN              0
LT FREEZING RAIN          0     HAIL                       0
HEAVY SNOW                0     SNOW                       0
LIGHT SNOW                0     SLEET                      0
FOG                      30     FOG W/VIS <= 1/4 MILE      3
HAZE                      3

-  INDICATES NEGATIVE NUMBERS.
R  INDICATES RECORD WAS SET OR TIED.
MM INDICATES DATA IS MISSING.
T  INDICATES TRACE AMOUNT.

$$
