181
CXUS53 KEAX 031535 RRA
CLSDMO

CLIMATE REPORT
NATIONAL WEATHER SERVICE KANSAS CITY/PLEASANT HILL MO
1030 AM CDT FRI JUN 3 2016

...................................

...THE SEDALIA CLIMATE SUMMARY FOR THE SEASON, FROM
3/1/2016 TO 5/31/2016...

CLIMATE NORMAL PERIOD 1981 TO 2010
CLIMATE RECORD PERIOD 9999 TO 9999

WEATHER         OBSERVED          NORMAL  DEPART  LAST YEAR`S
                 VALUE   DATE(S)  VALUE   FROM    VALUE  DATE(S)
                                          NORMAL
................................................................
TEMPERATURE (F)
HIGHEST            87   05/26        87       0       84  04/08
                        05/07
LOWEST             20   03/02        15       5       13  03/05
                                                          03/02
AVG. MAXIMUM     69.2              66.6     2.6     67.8
AVG. MINIMUM     47.6              45.8     1.8     47.3
MEAN             58.4              56.2     2.2     57.5
DAYS MAX >= 90      0               0.4    -0.4        0
DAYS MAX <= 32      0               0.9    -0.9        2
DAYS MIN <= 32     10              21.6   -11.6        7
DAYS MIN <= 0       0               0.0     0.0        0

PRECIPITATION (INCHES)
TOTALS           6.92             11.55   -4.63    11.35
DAILY AVG.       0.10              0.13   -0.03     0.13
DAYS >= .01        34              31.5     2.5       43
DAYS >= .10        15              20.0    -5.0       25
DAYS >= .50         5               7.9    -2.9        7
DAYS >= 1.00        2               3.0    -1.0        2
GREATEST
 24 HR. TOTAL    1.98   MM

DEGREE_DAYS
HEATING TOTAL     692               948    -256      792
COOLING TOTAL     122               140     -18      127
.................................................................

WIND (MPH)
AVERAGE WIND SPEED              9.9
HIGHEST WIND SPEED/DIRECTION    38/170    DATE  03/30
HIGHEST GUST SPEED/DIRECTION    48/220    DATE  03/23

SKY COVER
POSSIBLE SUNSHINE (PERCENT)   MM
AVERAGE SKY COVER           0.30
NUMBER OF DAYS FAIR           52
NUMBER OF DAYS PC             26
NUMBER OF DAYS CLOUDY         13

AVERAGE RH (PERCENT)     64

WEATHER CONDITIONS. NUMBER OF DAYS WITH
THUNDERSTORM             19     MIXED PRECIP               0
HEAVY RAIN                8     RAIN                      14
LIGHT RAIN               44     FREEZING RAIN              0
LT FREEZING RAIN          0     HAIL                       0
HEAVY SNOW                0     SNOW                       0
LIGHT SNOW                1     SLEET                      0
FOG                      30     FOG W/VIS <= 1/4 MILE      3
HAZE                      8

-  INDICATES NEGATIVE NUMBERS.
R  INDICATES RECORD WAS SET OR TIED.
MM INDICATES DATA IS MISSING.
T  INDICATES TRACE AMOUNT.

$$
