000
CXUS53 KDVN 011430
CLSDVN


CLIMATE REPORT
NATIONAL WEATHER SERVICE QUAD CITIES IA IL
930 AM CDT WED JUN 1 2016

...................................

...THE DAVENPORT IA CLIMATE SUMMARY FOR THE SEASON, FROM
3/1/2016 TO 5/31/2016...

CLIMATE NORMAL PERIOD 1981 TO 2010
CLIMATE RECORD PERIOD 9999 TO 9999

WEATHER         OBSERVED          NORMAL  DEPART
                 VALUE   DATE(S)  VALUE   FROM
                                          NORMAL
................................................
TEMPERATURE (F)
HIGHEST            88   05/24        77      11
LOWEST             12   03/02        23     -11
AVG. MAXIMUM     62.6              60.6     2.0
AVG. MINIMUM     40.9              38.9     2.0
MEAN             51.7              49.8     1.9
DAYS MAX >= 90      0
DAYS MAX <= 32      1
DAYS MIN <= 32     24
DAYS MIN <= 0       0

PRECIPITATION (INCHES)
TOTALS           9.78             10.28   -0.50
DAILY AVG.       0.11              0.11    0.00
DAYS >= .01        41
DAYS >= .10        22
DAYS >= .50         8
DAYS >= 1.00        2
GREATEST
 24 HR. TOTAL    1.26   05/31 TO 05/31

SNOWFALL (INCHES)
TOTALS            1.2
SINCE 7/1        16.6
SNOWDEPTH AVG.      0
DAYS >= TRACE      11
DAYS >= 1.0         0
GREATEST
 SNOW DEPTH         1   03/03
 24 HR TOTAL      0.8   03/02 TO 03/03

DEGREE_DAYS
HEATING TOTAL    1283              1462    -179
 SINCE 7/1       5507              6487    -980
COOLING TOTAL      85                61      24
 SINCE 1/1         85                61      24
.................................................

WIND (MPH)
AVERAGE WIND SPEED              11.5
HIGHEST WIND SPEED/DIRECTION    46/300    DATE  04/02
HIGHEST GUST SPEED/DIRECTION    56/300    DATE  04/02

SKY COVER
POSSIBLE SUNSHINE (PERCENT)   MM
AVERAGE SKY COVER           0.40
NUMBER OF DAYS FAIR           46
NUMBER OF DAYS PC             22
NUMBER OF DAYS CLOUDY         24

AVERAGE RH (PERCENT)     67

WEATHER CONDITIONS. NUMBER OF DAYS WITH
THUNDERSTORM             18     HAIL                       4
SLEET                     1     FOG                       45
FOG W/VIS <= 1/4 MILE     5     HAZE                      20

-  INDICATES NEGATIVE NUMBERS.
R  INDICATES RECORD WAS SET OR TIED.
MM INDICATES DATA IS MISSING.
T  INDICATES TRACE AMOUNT.

$$
