000
CXUS53 KDVN 011733
CLSDVN


CLIMATE REPORT
NATIONAL WEATHER SERVICE QUAD CITIES IA IL
1133 AM CST THU DEC 1 2016

...................................

...THE DAVENPORT IA CLIMATE SUMMARY FOR THE SEASON, FROM
9/1/2016 TO 11/30/2016...

CLIMATE NORMAL PERIOD 1981 TO 2010
CLIMATE RECORD PERIOD 9999 TO 9999

WEATHER         OBSERVED          NORMAL  DEPART
                 VALUE   DATE(S)  VALUE   FROM
                                          NORMAL
................................................
TEMPERATURE (F)
HIGHEST            92   09/06        80      12
LOWEST             18   11/20        23      -5
AVG. MAXIMUM     68.3              61.9     6.4
AVG. MINIMUM     47.1              40.6     6.5
MEAN             57.7              51.3     6.4
DAYS MAX >= 90      1
DAYS MAX <= 32      0
DAYS MIN <= 32     12
DAYS MIN <= 0       0

PRECIPITATION (INCHES)
TOTALS           6.47              8.48   -2.01
DAILY AVG.       0.07              0.09   -0.02
DAYS >= .01        18
DAYS >= .10        12
DAYS >= .50         5
DAYS >= 1.00        1
GREATEST
 24 HR. TOTAL    2.26   09/07 TO 09/08

SNOWFALL (INCHES)
TOTALS              T
SINCE 7/1           T
SNOWDEPTH AVG.      0
DAYS >= TRACE       5
DAYS >= 1.0         0
GREATEST
 SNOW DEPTH         0   MM
 24 HR TOTAL        T   11/30 TO 11/30
                        11/25 TO 11/25
                        11/24 TO 11/24

DEGREE_DAYS
HEATING TOTAL     851              1333    -482
 SINCE 7/1        855              1348    -493
COOLING TOTAL     211                82     129
 SINCE 1/1       1063               786     277
.................................................

WIND (MPH)
AVERAGE WIND SPEED              9.1
HIGHEST WIND SPEED/DIRECTION    38/300    DATE  11/19
HIGHEST GUST SPEED/DIRECTION    48/250    DATE  11/18

SKY COVER
POSSIBLE SUNSHINE (PERCENT)   MM
AVERAGE SKY COVER           0.30
NUMBER OF DAYS FAIR           55
NUMBER OF DAYS PC             24
NUMBER OF DAYS CLOUDY         12

AVERAGE RH (PERCENT)     71

WEATHER CONDITIONS. NUMBER OF DAYS WITH
THUNDERSTORM             11     HAIL                       0
SLEET                     1     FOG                       44
FOG W/VIS <= 1/4 MILE     4     HAZE                      11

-  INDICATES NEGATIVE NUMBERS.
R  INDICATES RECORD WAS SET OR TIED.
MM INDICATES DATA IS MISSING.
T  INDICATES TRACE AMOUNT.

$$


NOTE: SUPPLEMENTAL CLIMATE DATA WAS USED FROM A NEARBY
CLIMATOLOGICALLY REPRESENTATIVE STATION.
