000
CXUS55 KLKN 011919
CLSEKO


CLIMATE REPORT
NATIONAL WEATHER SERVICE ELKO NV
1208 PM PDT FRI SEP 1 2017

...................................

...THE ELKO AIRPORT NV CLIMATE SUMMARY FOR THE SEASON, FROM
6/1/2017 TO 8/31/2017...

CLIMATE NORMAL PERIOD 1981 TO 2010
CLIMATE RECORD PERIOD 1888 TO 2017

WEATHER         OBSERVED          NORMAL  DEPART  LAST YEAR`S
                 VALUE   DATE(S)  VALUE   FROM    VALUE
                                          NORMAL
.............................................................
TEMPERATURE (F)
RECORD
 HIGH             107   07/04/1981
                        08/04/1978
                        07/24/1890
 LOW               12   06/06/1914
HIGHEST           102   07/08       100       2      102
LOWEST             36   06/12        31       5       38
AVG. MAXIMUM     91.1              86.4     4.7     90.4
AVG. MINIMUM     52.0              47.5     4.5     49.9
MEAN             71.6              66.9     4.7     70.1
DAYS MAX >= 90     64              35.9    28.1       59
DAYS MAX <= 32      0               0.0     0.0        0
DAYS MIN <= 32      0               1.3    -1.3        0
DAYS MIN <= 0       0               0.0     0.0        0

PRECIPITATION (INCHES)
RECORD
 MAXIMUM         6.38   1970
 MINIMUM         0.00   1919
TOTALS           0.78              1.39   -0.61     0.87
DAILY AVG.       0.01              0.02   -0.01        T
DAYS >= .01         8              11.6    -3.6        5
DAYS >= .10         1               4.1    -3.1        2
DAYS >= .50         1               0.4     0.6        1
DAYS >= 1.00        0               0.0     0.0        0

SNOWFALL (INCHES)
RECORDS
 TOTAL            1.7   1914
TOTALS              T               0.0     0.0        T
DAYS >= 1.0         0               0.0     0.0        0

DEGREE_DAYS
HEATING TOTAL      66               182    -116       43
COOLING TOTAL     692               358     334      544
..............................................................

WIND (MPH)
AVERAGE WIND SPEED              5.7
HIGHEST WIND SPEED/DIRECTION    39/160    DATE  06/19
HIGHEST GUST SPEED/DIRECTION    51/180    DATE  06/26

AVERAGE RH (PERCENT)     37

WEATHER CONDITIONS. NUMBER OF DAYS WITH
THUNDERSTORM              0     MIXED PRECIP               0
HEAVY RAIN                0     RAIN                       2
LIGHT RAIN               18     FREEZING RAIN              0
LT FREEZING RAIN          0     HAIL                       0
HEAVY SNOW                0     SNOW                       0
LIGHT SNOW                1     SLEET                      0
FOG                       2     FOG W/VIS <= 1/4 MILE      1
HAZE                      8

-  INDICATES NEGATIVE NUMBERS.
R  INDICATES RECORD WAS SET OR TIED.
MM INDICATES DATA IS MISSING.
T  INDICATES TRACE AMOUNT.

&&

=====================================================================

...2ND WARMEST METEOROLOGICAL SUMMER (JUNE - AUGUST) ON RECORD IN
   ELKO WITH AN AVERAGE TEMPERATURE OF 71.6 DEGREES...

$$

DS
