000
CXUS55 KLKN 030022
CLSELY


CLIMATE REPORT
NATIONAL WEATHER SERVICE ELKO NV
504 PM PDT TUE SEP 2 2014

...................................

...THE ELY AIRPORT NV CLIMATE SUMMARY FOR THE SEASON, FROM
6/1/2014 TO 8/31/2014...

CLIMATE NORMAL PERIOD 1981 TO 2010
CLIMATE RECORD PERIOD 1893 TO 2014

WEATHER         OBSERVED          NORMAL  DEPART  LAST YEAR`S
                 VALUE   DATE(S)  VALUE   FROM    VALUE
                                          NORMAL
.............................................................
TEMPERATURE (F)
RECORD
 HIGH             101   07/12/2002
                        07/18/1998
 LOW               18   06/14/1976
HIGHEST            97   07/14        96       1       99
LOWEST             25   06/18        28      -3       30
AVG. MAXIMUM     84.1              84.0     0.1     87.3
AVG. MINIMUM     47.0              45.4     1.6     47.9
MEAN             65.6              64.7     0.9     67.6
DAYS MAX >= 90     23              19.7     3.3       36
DAYS MAX <= 32      0               0.0     0.0        0
DAYS MIN <= 32      4               2.9     1.1        3
DAYS MIN <= 0       0               0.0     0.0        0

PRECIPITATION (INCHES)
RECORD
 MAXIMUM         4.88   1983
 MINIMUM         0.31   1974
TOTALS           3.09              2.21    0.88     1.04
DAILY AVG.       0.03              0.02    0.01        T
DAYS >= .01        17              16.0     1.0       17
DAYS >= .10         7               6.3     0.7        4
DAYS >= .50         3               1.0     2.0        0
DAYS >= 1.00        0               0.2    -0.2        0

SNOWFALL (INCHES)
RECORDS
 TOTAL            1.7   1955
TOTALS              T               0.1    -0.1      0.0
DAYS >= 1.0         0               0.0     0.0        0
GREATEST
 SNOW DEPTH         0   MM                             0

DEGREE_DAYS
HEATING TOTAL     188               239     -51      103
COOLING TOTAL     266               211      55      370
..............................................................

WIND (MPH)
AVERAGE WIND SPEED              9.2
HIGHEST WIND SPEED/DIRECTION    41/350    DATE  07/29
HIGHEST GUST SPEED/DIRECTION    54/350    DATE  07/29

AVERAGE RH (PERCENT)     40

WEATHER CONDITIONS. NUMBER OF DAYS WITH
THUNDERSTORM              0     MIXED PRECIP               0
HEAVY RAIN                3     RAIN                       7
LIGHT RAIN               24     FREEZING RAIN              0
LT FREEZING RAIN          0     HAIL                       1
HEAVY SNOW                0     SNOW                       0
LIGHT SNOW                0     SLEET                      0
FOG                       7     FOG W/VIS <= 1/4 MILE      0
HAZE                      2

-  INDICATES NEGATIVE NUMBERS.
R  INDICATES RECORD WAS SET OR TIED.
MM INDICATES DATA IS MISSING.
T  INDICATES TRACE AMOUNT.

&&

==============================================================

...18TH WARMEST METEOROLOGICAL SUMMER ON RECORD IN ELY...
...20TH WETTEST METEOROLOGICAL SUMMER ON RECORD IN ELY...

THE AVERAGE TEMPERATURE IN ELY DURING METEOROLOGICAL SUMMER
(JUNE, JULY AND AUGUST) 2014 WAS 65.6 DEGREES...WHICH IS 0.9
DEGREES ABOVE THE 1981-2010 CLIMATOLOGICAL NORMAL OF 64.7
DEGREES. THIS MAKES METEOROLOGICAL SUMMER 2014 THE 18TH
WARMEST ON RECORD. THE TOTAL PRECIPITATION WAS 3.09
INCHES...WHICH IS 0.88 INCHES OR 40 PERCENT ABOVE THE
1981-2010 CLIMATOLOGICAL NORMAL OF 2.21 INCHES. THIS MAKES
METEOROLOGICAL SUMMER 2014 THE 20TH WETTEST ON RECORD.

NO MONTHLY RECORDS WERE SET IN ELY DURING METEOROLOGICAL
SUMMER 2014.

$$

RCM
