921
CXUS55 KLKN 020347
CLSELY


CLIMATE REPORT
NATIONAL WEATHER SERVICE ELKO NV
726 PM PST WED MAR 1 2017

...................................

...THE ELY AIRPORT NV CLIMATE SUMMARY FOR THE SEASON, FROM
12/1/2016 TO 2/28/2017...

CLIMATE NORMAL PERIOD 1981 TO 2010
CLIMATE RECORD PERIOD 1893 TO 2017

WEATHER         OBSERVED          NORMAL  DEPART  LAST YEAR`S
                 VALUE   DATE(S)  VALUE   FROM    VALUE
                                          NORMAL
.............................................................
TEMPERATURE (F)
RECORD
 HIGH              68   01/25/1951
 LOW              -30   02/06/1989
HIGHEST            59   02/15        61      -2       59
LOWEST            -23   01/06       -16      -7      -19
AVG. MAXIMUM     39.1              40.4    -1.3     37.3
AVG. MINIMUM     13.6              12.5     1.1      9.9
MEAN             26.4              26.5    -0.1     23.6
DAYS MAX >= 90      0               0.0     0.0        0
DAYS MAX <= 32     25              17.5     7.5       26
DAYS MIN <= 32     81              87.5    -6.5       91
DAYS MIN <= 0      18              13.6     4.4       20

PRECIPITATION (INCHES)
RECORD
 MAXIMUM         7.65   1895
 MINIMUM         0.48   1977
TOTALS           4.42              2.04    2.38     3.87
DAILY AVG.       0.05              0.02    0.03     0.04
DAYS >= .01        25              20.4     4.6       25
DAYS >= .10        12               7.1     4.9       13
DAYS >= .50         3               0.4     2.6        1
DAYS >= 1.00        0               0.0     0.0        0

SNOWFALL (INCHES)
RECORDS
 TOTAL           66.0   1895
TOTALS           43.7              25.4    18.3     61.6
DAYS >= 1.0        11               7.8     3.2       14
GREATEST
 SNOW DEPTH        13   01/20                         25

DEGREE_DAYS
HEATING TOTAL    3408              3469     -61     3745
COOLING TOTAL       0                 0       0        0
..............................................................

WIND (MPH)
AVERAGE WIND SPEED              10.5
HIGHEST WIND SPEED/DIRECTION    48/210    DATE  01/23
HIGHEST GUST SPEED/DIRECTION    63/210    DATE  01/23

AVERAGE RH (PERCENT)     70

WEATHER CONDITIONS. NUMBER OF DAYS WITH
THUNDERSTORM              0     MIXED PRECIP               0
HEAVY RAIN                2     RAIN                       3
LIGHT RAIN               15     FREEZING RAIN              0
LT FREEZING RAIN          0     HAIL                       0
HEAVY SNOW                4     SNOW                       8
LIGHT SNOW               34     SLEET                      0
FOG                      27     FOG W/VIS <= 1/4 MILE      4
HAZE                      2

-  INDICATES NEGATIVE NUMBERS.
R  INDICATES RECORD WAS SET OR TIED.
MM INDICATES DATA IS MISSING.
T  INDICATES TRACE AMOUNT.

&&

=====================================================================

...3RD WETTEST METEOROLOGICAL WINTER (DECEMBER-FEBRUARY) ON RECORD IN
   ELY WITH A TOTAL PRECIP OF 4.42 INCHES...
...10TH SNOWIEST METEOROLOGICAL WINTER (DECEMBER-FEBRUARY) ON RECORD
   IN ELY WITH A TOTAL SNOWFALL OF 43.7 INCHES...

...FEBRUARY WAS THE 7TH WETTEST ON RECORD WITH 1.73 INCHES...
...JANUARY WAS THE 6TH SNOWIEST ON RECORD WITH 22.6 INCHES...
$$

DS
