000
CXUS51 KCLE 051109
CLSERI


CLIMATE REPORT
NATIONAL WEATHER SERVICE CLEVELAND OH
707 AM EDT MON JUN 5 2017

...................................

...THE ERIE PA CLIMATE SUMMARY FOR THE SEASON, FROM
3/1/2017 TO 5/31/2017...

CLIMATE NORMAL PERIOD 1981 TO 2010
CLIMATE RECORD PERIOD 1873 TO 2017

WEATHER         OBSERVED          NORMAL  DEPART
                 VALUE   DATE(S)  VALUE   FROM
                                          NORMAL
................................................
TEMPERATURE (F)
RECORD
 HIGH              91   05/30/1879
 LOW               -9   03/02/1980
HIGHEST            87   05/18
                        05/17
LOWEST             14   03/05
AVG. MAXIMUM     56.6              55.5     1.1
AVG. MINIMUM     40.2              37.9     2.3
MEAN             48.4              46.7     1.7
DAYS MAX >= 90      0               0.1
DAYS MAX <= 32      9               5.7
DAYS MIN <= 32     21              30.4
DAYS MIN <= 0       0               0.0

PRECIPITATION (INCHES)
RECORD
 MAXIMUM        19.76   2011
 MINIMUM         4.46   1962
TOTALS          12.57              9.72    2.85
DAYS >= .01        49              41.0
DAYS >= .10        28              24.3
DAYS >= .50         8               6.0
DAYS >= 1.00        3               1.1

SNOWFALL (INCHES)
RECORDS
 TOTAL           34.9   2005
TOTALS           10.3              16.9
DAYS >= TRACE      13
DAYS >= 1.0         3               4.8

DEGREE_DAYS
HEATING TOTAL    1553              1721    -168
COOLING TOTAL      44                39       5
.................................................

WIND (MPH)
HIGHEST GUST SPEED/DIRECTION    55/260    DATE  03/01

SKY COVER
POSSIBLE SUNSHINE (PERCENT)   MM
NUMBER OF DAYS FAIR           25
NUMBER OF DAYS PC             32
NUMBER OF DAYS CLOUDY         35


WEATHER CONDITIONS. NUMBER OF DAYS WITH
THUNDERSTORM              0     MIXED PRECIP               0
HEAVY RAIN                8     RAIN                      14
LIGHT RAIN               46     FREEZING RAIN              0
LT FREEZING RAIN          0     HAIL                       0
HEAVY SNOW                2     SNOW                       4
LIGHT SNOW               13     SLEET                      0
FOG                      41     FOG W/VIS <= 1/4 MILE      6
HAZE                     12

-  INDICATES NEGATIVE NUMBERS.
R  INDICATES RECORD WAS SET OR TIED.
MM INDICATES DATA IS MISSING.
T  INDICATES TRACE AMOUNT.

$$
