000
CXUS51 KCLE 040504
CLSERI


CLIMATE REPORT
NATIONAL WEATHER SERVICE CLEVELAND OH
1200 AM EST SAT MAR 4 2017

...................................

...THE ERIE PA CLIMATE SUMMARY FOR THE SEASON, FROM
12/1/2016 TO 2/28/2017...

CLIMATE NORMAL PERIOD 1981 TO 2010
CLIMATE RECORD PERIOD 1873 TO 2017

WEATHER         OBSERVED          NORMAL  DEPART
                 VALUE   DATE(S)  VALUE   FROM
                                          NORMAL
................................................
TEMPERATURE (F)
RECORD
 HIGH              77   02/24/2017
 LOW              -18   01/19/1994
HIGHEST            77R  02/24
LOWEST              8   01/07
                        01/06
AVG. MAXIMUM     41.1              35.8     5.3
AVG. MINIMUM     28.0              22.9     5.1
MEAN             34.5              29.3     5.2
DAYS MAX >= 90      0               0.0
DAYS MAX <= 32     21              34.5
DAYS MIN <= 32     60              73.1
DAYS MIN <= 0       0               1.9

PRECIPITATION (INCHES)
RECORD
 MAXIMUM        16.20   1887
 MINIMUM         3.00   1906
TOTALS          11.30              9.08    2.22
DAYS >= .01        56              53.8
DAYS >= .10        33              25.8
DAYS >= .50         6               4.1
DAYS >= 1.00        0               0.7

SNOWFALL (INCHES)
RECORDS
 TOTAL          126.0   1978
TOTALS           65.9              75.3
DAYS >= TRACE      47
DAYS >= 1.0        17              20.7

DEGREE_DAYS
HEATING TOTAL    2724              3210    -486
COOLING TOTAL       0                 0       0
.................................................

WIND (MPH)
HIGHEST GUST SPEED/DIRECTION    68/180    DATE  01/10

SKY COVER
POSSIBLE SUNSHINE (PERCENT)   MM
NUMBER OF DAYS FAIR           12
NUMBER OF DAYS PC             25
NUMBER OF DAYS CLOUDY         53


WEATHER CONDITIONS. NUMBER OF DAYS WITH
THUNDERSTORM              0     MIXED PRECIP               0
HEAVY RAIN                1     RAIN                       9
LIGHT RAIN               34     FREEZING RAIN              0
LT FREEZING RAIN          1     HAIL                       0
HEAVY SNOW                6     SNOW                      19
LIGHT SNOW               47     SLEET                      0
FOG                      56     FOG W/VIS <= 1/4 MILE     17
HAZE                     44

-  INDICATES NEGATIVE NUMBERS.
R  INDICATES RECORD WAS SET OR TIED.
MM INDICATES DATA IS MISSING.
T  INDICATES TRACE AMOUNT.

$$
