000
CXUS53 KPAH 012250
CLSEVV

INDCLMEWS 000
TTAA00 KPAH 012244


CLIMATE REPORT
NATIONAL WEATHER SERVICE PADUCAH KY
540 PM CDT TUE SEP 1 2015

...................................

...THE EVANSVILLE IN CLIMATE SUMMARY FOR THE SEASON, FROM
6/1/2015 TO 8/31/2015...

CLIMATE NORMAL PERIOD 1981 TO 2010
CLIMATE RECORD PERIOD 1896 TO 2015

WEATHER         OBSERVED          NORMAL  DEPART
                 VALUE   DATE(S)  VALUE   FROM
                                          NORMAL
................................................
TEMPERATURE (F)
RECORD
 HIGH             111   07/28/1930
 LOW               41   06/01/1966
                        06/02/1956
HIGHEST            95   07/29        88       7
                        07/18
LOWEST             53   06/04        65     -12
                        06/03
AVG. MAXIMUM     86.1              87.4    -1.3
AVG. MINIMUM     67.4              65.6     1.8
MEAN             76.7              76.5     0.2
DAYS MAX >= 90     24              32.8    -8.8
DAYS MAX <= 32      0               0.0     0.0
DAYS MIN <= 32      0               0.0     0.0
DAYS MIN <= 0       0               0.0     0.0

PRECIPITATION (INCHES)
RECORD
 MAXIMUM        19.83   1977
 MINIMUM         2.59   1936
TOTALS          15.12             10.68    4.44
DAILY AVG.       0.17              0.12    0.05
DAYS >= .01        35              25.8     9.2
DAYS >= .10        27              17.1     9.9
DAYS >= .50         8               7.3     0.7
DAYS >= 1.00        4               3.0     1.0
GREATEST
 24 HR. TOTAL    4.08   MM
 STORM TOTAL       MM
 (MM/DD(HH))            MM

SNOWFALL (INCHES)
TOTALS            0.0
 LIQUID EQUIV    0.00
SINCE 7/1         0.0
 LIQUID 7/1      0.00
SNOWDEPTH AVG.      0
DAYS >= TRACE       0
DAYS >= 1.0         0
GREATEST
 SNOW DEPTH         0   MM
 24 HR TOTAL      0.0   MM
 STORM TOTAL       MM
 (MM/DD(HH))            MM

DEGREE_DAYS
HEATING TOTAL       7                 7       0
 SINCE 7/1          0                 1      -1
COOLING TOTAL    1108              1065      43
 SINCE 1/1       1299              1199     100

FREEZE DATES
RECORD
 EARLIEST     10/03/1974
 LATEST       05/10/1966
EARLIEST                        10/23
LATEST                          04/10
.................................................

WIND (MPH)
AVERAGE WIND SPEED              5.4
HIGHEST WIND SPEED/DIRECTION    30/290    DATE  06/17
HIGHEST GUST SPEED/DIRECTION    43/290    DATE  06/17

SKY COVER
POSSIBLE SUNSHINE (PERCENT)   MM
AVERAGE SKY COVER           0.30
NUMBER OF DAYS FAIR           62
NUMBER OF DAYS PC             25
NUMBER OF DAYS CLOUDY          5

AVERAGE RH (PERCENT)     73

WEATHER CONDITIONS. NUMBER OF DAYS WITH
THUNDERSTORM              0     MIXED PRECIP               0
HEAVY RAIN               23     RAIN                      26
LIGHT RAIN               45     FREEZING RAIN              0
LT FREEZING RAIN          0     HAIL                       0
HEAVY SNOW                0     SNOW                       0
LIGHT SNOW                0     SLEET                      0
FOG                      67     FOG W/VIS <= 1/4 MILE      3
HAZE                     53

-  INDICATES NEGATIVE NUMBERS.
R  INDICATES RECORD WAS SET OR TIED.
MM INDICATES DATA IS MISSING.
T  INDICATES TRACE AMOUNT.

$$
