000
CXUS53 KFGF 011901
CLSFAR

CLIMATE REPORT
NATIONAL WEATHER SERVICE EASTERN NORTH DAKOTA/GRAND FORKS
151 PM CDT MON JUN 1 2015

...................................

...THE FARGO HECTOR INTL AP ND CLIMATE SUMMARY FOR THE SEASON, FROM
3/1/2015 TO 5/31/2015...

CLIMATE NORMAL PERIOD 1981 TO 2010
CLIMATE RECORD PERIOD 1881 TO 2015

WEATHER         OBSERVED          NORMAL  DEPART  LAST YEAR`S
                 VALUE   DATE(S)  VALUE   FROM    VALUE  DATE(S)
                                          NORMAL
................................................................
TEMPERATURE (F)
RECORD
 HIGH             104   05/30/1934
 LOW              -34   03/10/1948
HIGHEST            87   05/02        53      34       93  05/30
LOWEST            -11   03/05        32     -43      -19  03/02
AVG. MAXIMUM     57.7              53.8     3.9     50.3
AVG. MINIMUM     32.7              32.3     0.4     29.4
MEAN             45.2              43.0     2.2     39.9
DAYS MAX >= 90      0               0.8    -0.8        3
DAYS MAX <= 32      5              10.8    -5.8       14
DAYS MIN <= 32     42              44.2    -2.2       48
DAYS MIN <= 0       4               2.9     1.1        4

PRECIPITATION (INCHES)
RECORD
 MAXIMUM        11.44   1902
 MINIMUM         1.28   1980
TOTALS           9.13              5.47    3.66     6.14
DAILY AVG.       0.10              0.06    0.04     0.06
DAYS >= .01        26              26.7    -0.7       32
DAYS >= .10        16              13.0     3.0       15
DAYS >= .50         6               3.0     3.0        3
DAYS >= 1.00        1               0.9     0.1        1
GREATEST
 24 HR. TOTAL    2.75   MM                       04/27 TO 04/28
                                                          03/31 TO 03/31
                                                          03/31 TO 03/31
 STORM TOTAL       MM                                 MM
 (MM/DD(HH))            MM                    04/28(00) TO 04/28(00)
                                                 03/31(00) TO 03/31(00)1
                                                 03/31(00) TO 03/31(00)1

SNOWFALL (INCHES)
RECORDS
 TOTAL           33.6   1997
 24 HR TOTAL       MM
 SNOW DEPTH        MM   MM
TOTALS            0.4              12.1   -11.7      7.3
 LIQUID EQUIV    0.04                MM      MM     0.73
SINCE 7/1        16.0              50.4   -34.4     34.9
 LIQUID 7/1      1.60                MM      MM     3.49
SNOWDEPTH AVG.      0                MM      MM        1
DAYS >= TRACE      14               7.1     6.9       19
DAYS >= 1.0         0               3.3    -3.3        3
GREATEST
 SNOW DEPTH         3   03/06                         13  03/06
                        03/04                             03/04
                        03/05                             03/05
 24 HR TOTAL      0.2   MM                       03/31 TO 03/31
                                                          03/31 TO 03/31
                                                          03/31 TO 03/31
 STORM TOTAL       MM                                 MM
 (MM/DD(HH))            MM                    03/31(00) TO 03/31(00)
                                                 03/31(00) TO 03/31(00)1
                                                 03/31(00) TO 03/31(00)1

DEGREE_DAYS
HEATING TOTAL    1816              2051    -235     2372
 SINCE 7/1         MM              8729      MM       MM
COOLING TOTAL      15                31     -16       79
 SINCE 1/1         15                31     -16       79

FREEZE DATES
RECORD
 EARLIEST     MM
 LATEST       MM
EARLIEST                        MM
LATEST                          MM
..................................................

WIND (MPH)
AVERAGE WIND SPEED              12.6
RESULTANT WIND SPEED/DIRECTION   1/314
HIGHEST WIND SPEED/DIRECTION    41/280    DATE  04/02
HIGHEST GUST SPEED/DIRECTION    54/280    DATE  04/02

SKY COVER
POSSIBLE SUNSHINE (PERCENT)   MM
AVERAGE SKY COVER           0.40
NUMBER OF DAYS FAIR           46
NUMBER OF DAYS PC             24
NUMBER OF DAYS CLOUDY         22

AVERAGE RH (PERCENT)     59

WEATHER CONDITIONS. NUMBER OF DAYS WITH
THUNDERSTORM              0     MIXED PRECIP               0
HEAVY RAIN                8     RAIN                      18
LIGHT RAIN               31     FREEZING RAIN              0
LT FREEZING RAIN          0     HAIL                       0
HEAVY SNOW                0     SNOW                       0
LIGHT SNOW               13     SLEET                      0
FOG                      28     FOG W/VIS <= 1/4 MILE      3
HAZE                     12

-  INDICATES NEGATIVE NUMBERS.
R  INDICATES RECORD WAS SET OR TIED.
MM INDICATES DATA IS MISSING.
T  INDICATES TRACE AMOUNT.

&&

REMARKS...SPRING 2015 WAS THE 4TH LEAST SNOWY AND 9TH WETTEST AT
FARGO. THE WINTERS DROUGHT CONTINUED INTO MARCH AND APRIL PRODUCING
LITTLE PRECIPITATION AND SNOWFALL...AS A RESULT THE SNOWFALL TOTAL
THIS SEASON WAS ONLY FOUR TENTHS OF AN INCH WHICH IS THE 4TH LEAST
SNOWY SPRING SEASON ON RECORD. WHEN PRECIPITATION RETURNED THE
SECOND WEEK OF MAY IT DID SO IN ABUNDANCE...WITH THE WETTEST MAY ON
RECORD HELPING MAKE THIS THE 9TH WETTEST SPRING ON RECORD.

THE AVERAGE TEMPERATURE WAS 45.2 DEGREES WHICH WAS 2.2 DEGREES ABOVE
NORMAL.

$$

KAISER
