000
CXUS53 KFGF 011123
CLSFGF

CLIMATE REPORT
NATIONAL WEATHER SERVICE EASTERN NORTH DAKOTA/GRAND FORKS
521 AM CST WED MAR 1 2017

...................................

...THE GRAND FORKS UNIV. (NWS) ND CLIMATE SUMMARY FOR THE SEASON, FROM
12/1/2016 TO 2/28/2017...

CLIMATE NORMAL PERIOD 1981 TO 2010
CLIMATE RECORD PERIOD 1890 TO 2017

WEATHER         OBSERVED          NORMAL  DEPART  LAST YEAR`S
                 VALUE   DATE(S)  VALUE   FROM    VALUE  DATE(S)
                                          NORMAL
................................................................
TEMPERATURE (F)
RECORD
 HIGH              67   02/22/2000
 LOW              -43   01/11/1912
HIGHEST            48   02/17        19      29       46  02/26
LOWEST            -23   01/13         2     -25      -21  01/17
AVG. MAXIMUM     22.3              19.4     2.9     24.1
AVG. MINIMUM      7.6               2.5     5.1     10.5
MEAN             15.0              10.9     4.1     17.3
DAYS MAX >= 90      0               0.0     0.0        0
DAYS MAX <= 32     65              72.6    -7.6       64
DAYS MIN <= 32     87              89.4    -2.4       91
DAYS MIN <= 0      30              39.6    -9.6       23

PRECIPITATION (INCHES)
RECORD
 MAXIMUM         4.39   1996
 MINIMUM         0.37   2002
TOTALS           2.94              1.95    0.99     1.77
DAILY AVG.       0.03              0.02    0.01     0.02
DAYS >= .01        25              19.1     5.9       20
DAYS >= .10        11               6.1     4.9        7
DAYS >= .50         0               0.4    -0.4        0
DAYS >= 1.00        0               0.1    -0.1        0
GREATEST
 24 HR. TOTAL    0.43   MM                       02/29 TO 02/29
                                                          02/29 TO 02/29
                                                          02/29 TO 02/29
 STORM TOTAL       MM                                 MM
 (MM/DD(HH))            MM                    02/29(00) TO 02/29(00)
                                                 02/29(00) TO 02/29(00)9
                                                 02/29(00) TO 02/29(00)9

SNOWFALL (INCHES)
RECORDS
 TOTAL           75.3   1996
 24 HR TOTAL     15.7   12/25/2009 TO 12/25/2009
 SNOW DEPTH        MM   MM
TOTALS           42.0              28.2    13.8     23.9
 LIQUID EQUIV    4.20              2.80    1.40     1.77
SINCE 7/1        42.9              35.3     7.6     27.3
 LIQUID 7/1      4.29              3.50    0.79     2.11
SNOWDEPTH AVG.      8                 5       3        4
DAYS >= TRACE      46              20.9    25.1       52
DAYS >= 1.0        13               8.4     4.6        6
GREATEST
 SNOW DEPTH        16   01/03                          8  01/18
                        01/02                             01/16
                                                          01/17
 24 HR TOTAL      7.6   MM                       02/29 TO 02/29
                                                          02/29 TO 02/29
                                                          02/29 TO 02/29
 STORM TOTAL       MM                                 MM
 (MM/DD(HH))            MM                    02/29(00) TO 02/29(00)
                                                 02/29(00) TO 02/29(00)9
                                                 02/29(00) TO 02/29(00)9

DEGREE_DAYS
HEATING TOTAL    4494              4866    -372     4323
 SINCE 7/1         MM              6960      MM       MM
COOLING TOTAL       0                 0       0        0
 SINCE 1/1          0                 0       0        0

FREEZE DATES
RECORD
 EARLIEST     MM
 LATEST       MM
EARLIEST                        MM
LATEST                          MM
..........................................................

WIND (MPH)
AVERAGE WIND SPEED              MM
RESULTANT WIND SPEED/DIRECTION  MM
HIGHEST WIND SPEED/DIRECTION    MM        DATE   MM
HIGHEST GUST SPEED/DIRECTION    MM        DATE   MM

SKY COVER
POSSIBLE SUNSHINE (PERCENT)   MM
AVERAGE SKY COVER             MM
NUMBER OF DAYS FAIR            0
NUMBER OF DAYS PC              0
NUMBER OF DAYS CLOUDY          0

AVERAGE RH (PERCENT)     MM

WEATHER CONDITIONS. NUMBER OF DAYS WITH
THUNDERSTORM              0     MIXED PRECIP               0
HEAVY RAIN                0     RAIN                       0
LIGHT RAIN                1     FREEZING RAIN              0
LT FREEZING RAIN          1     HAIL                       0
HEAVY SNOW                1     SNOW                       3
LIGHT SNOW               22     SLEET                      0
FOG                       2     FOG W/VIS <= 1/4 MILE      1
HAZE                      3

-  INDICATES NEGATIVE NUMBERS.
R  INDICATES RECORD WAS SET OR TIED.
MM INDICATES DATA IS MISSING.
T  INDICATES TRACE AMOUNT.

&&

REMARKS...

THE 2016-2017 WINTER SEASON WAS MUCH WETTER AND WARMER THAN THE LONG
TERM AVERAGE. THE AVERAGE TEMPERATURES FOR THE WINTER (DEC JAN FEB)
WAS 15.0 DEGREES OR 4.1 DEGREES ABOVE NORMAL...WHICH RANKS AS THE
17TH WARMEST WINTER SEASON ON RECORD.

PRECIPITATION FOR THE WINTER WAS 2.94 INCHES OR 0.99 INCHES ABOVE
NORMAL. THIS RANKS AS THE 13TH WETTEST WINTER ON RECORD. THE 42.0
INCHES OF SNOW THAT FELL WAS 13.8 INCHES ABOVE THE NORMAL 28.2
INCHES. THIS RANKS AS THE 8TH SNOWIEST WINTER.

THE DATA IS PROVISIONAL AND SUBJECT TO CHANGE. THE FINAL AND
OFFICIAL RECORDS WILL BE AVAILABLE FROM THE NATIONAL CENTERS FOR
ENVIRONMENTAL INFORMATION (FORMERLY THE NATIONAL CLIMATIC DATA
CENTER).

$$
