000
CXUS53 KFGF 012106
CLSFGF

CLIMATE REPORT
NATIONAL WEATHER SERVICE EASTERN NORTH DAKOTA/GRAND FORKS
353 PM CDT WED JUN 1 2016

...................................

...THE GRAND FORKS UNIV. (NWS) ND CLIMATE SUMMARY FOR THE SEASON, FROM
3/1/2016 TO 5/31/2016...

CLIMATE NORMAL PERIOD 1981 TO 2010
CLIMATE RECORD PERIOD 1890 TO 2016

WEATHER         OBSERVED          NORMAL  DEPART  LAST YEAR`S
                 VALUE   DATE(S)  VALUE   FROM    VALUE  DATE(S)
                                          NORMAL
................................................................
TEMPERATURE (F)
RECORD
 HIGH             105   05/30/1934
 LOW              -36   03/10/1948
HIGHEST            92   05/05        54      38       85  05/26
                                                          05/02
LOWEST              4   03/01        32     -28      -11  03/05
AVG. MAXIMUM     55.3              52.4     2.9     55.4
AVG. MINIMUM     35.4              30.8     4.6     32.0
MEAN             45.4              41.6     3.8     43.7
DAYS MAX >= 90      1               0.5     0.5        0
DAYS MAX <= 32      6              13.0    -7.0        7
DAYS MIN <= 32     41              48.2    -7.2       47
DAYS MIN <= 0       0               3.4    -3.4        5

PRECIPITATION (INCHES)
RECORD
 MAXIMUM        14.01   1896
 MINIMUM         0.78   1952
TOTALS           6.45              4.75    1.70     5.37
DAILY AVG.       0.07              0.05    0.02     0.06
DAYS >= .01        31              22.0     9.0       25
DAYS >= .10        10              11.3    -1.3       11
DAYS >= .50         6               2.9     3.1        2
DAYS >= 1.00        0               0.7    -0.7        1
GREATEST
 24 HR. TOTAL    0.97   MM                       05/31 TO 05/31
                                                          05/31 TO 05/31
                                                          05/31 TO 05/31
 STORM TOTAL       MM                                 MM
 (MM/DD(HH))            MM                    05/31(00) TO 05/31(00)
                                                 05/31(00) TO 05/31(00)1
                                                 05/31(00) TO 05/31(00)1

SNOWFALL (INCHES)
RECORDS
 TOTAL           30.5   1950
 24 HR TOTAL       MM
 SNOW DEPTH        MM   MM
TOTALS            2.3               7.5    -5.2      3.0
 LIQUID EQUIV    0.23              0.80   -0.57     0.30
SINCE 7/1        29.6              43.4   -13.8     19.3
 LIQUID 7/1      2.96              4.30   -1.34     1.93
SNOWDEPTH AVG.      0                MM      MM        0
DAYS >= TRACE      15               5.3     9.7       17
DAYS >= 1.0         1               2.4    -1.4        1
GREATEST
 SNOW DEPTH         1   03/17                          3  03/06
                                                          03/04
                                                          03/05
 24 HR TOTAL      1.7   MM                       05/31 TO 05/31
                                                          05/31 TO 05/31
                                                          05/31 TO 05/31
 STORM TOTAL       MM                                 MM
 (MM/DD(HH))            MM                    05/31(00) TO 05/31(00)
                                                 05/31(00) TO 05/31(00)1
                                                 05/31(00) TO 05/31(00)1

DEGREE_DAYS
HEATING TOTAL    1800              2178    -378     1950
 SINCE 7/1         MM              9125      MM       MM
COOLING TOTAL      24                26      -2       11
 SINCE 1/1         24                26      -2       11

FREEZE DATES
RECORD
 EARLIEST     MM
 LATEST       MM
EARLIEST                        MM
LATEST                          MM
..................................................

WIND (MPH)
AVERAGE WIND SPEED              MM
RESULTANT WIND SPEED/DIRECTION  MM
HIGHEST WIND SPEED/DIRECTION    MM        DATE   MM
HIGHEST GUST SPEED/DIRECTION    MM        DATE   MM

SKY COVER
POSSIBLE SUNSHINE (PERCENT)   MM
AVERAGE SKY COVER             MM
NUMBER OF DAYS FAIR            0
NUMBER OF DAYS PC              0
NUMBER OF DAYS CLOUDY          0

AVERAGE RH (PERCENT)     MM

WEATHER CONDITIONS. NUMBER OF DAYS WITH
THUNDERSTORM              0     MIXED PRECIP               0
HEAVY RAIN                5     RAIN                       5
LIGHT RAIN               14     FREEZING RAIN              0
LT FREEZING RAIN          0     HAIL                       0
HEAVY SNOW                0     SNOW                       0
LIGHT SNOW                5     SLEET                      1
FOG                       3     FOG W/VIS <= 1/4 MILE      1
HAZE                      0

-  INDICATES NEGATIVE NUMBERS.
R  INDICATES RECORD WAS SET OR TIED.
MM INDICATES DATA IS MISSING.
T  INDICATES TRACE AMOUNT.

&&

SPRING 2016 AT THE GRAND FORKS UNIVERSITY (NWS) WAS THE EIGHTH
WARMEST ON RECORD. THE EARLY PART OF THE SEASON WAS DRY...BUT
ABUNDANT RAINFALL DURING THE MONTH OF MAY PUSHED RAINFALL TO 1.70
INCHES ABOVE NORMAL.

REMEMBER... THIS DATA IS PROVISIONAL AND IS SUBJECT TO CHANGE. THE
FINAL AND OFFICIAL RECORDS WILL BE AVAILABLE FROM THE NATIONAL
CENTERS FOR ENVIRONMENTAL INFORMATION (FORMERLY THE NATIONAL
CLIMATIC DATA CENTER).

$$
