000
CXUS53 KFGF 011147
CLSFGF

CLIMATE REPORT
NATIONAL WEATHER SERVICE EASTERN NORTH DAKOTA/GRAND FORKS
545 AM CST TUE MAR 1 2016

...................................

...THE GRAND FORKS UNIV. (NWS) ND CLIMATE SUMMARY FOR THE SEASON, FROM
12/1/2015 TO 2/29/2016...

CLIMATE NORMAL PERIOD 1981 TO 2010
CLIMATE RECORD PERIOD 1890 TO 2016

WEATHER         OBSERVED          NORMAL  DEPART  LAST YEAR`S
                 VALUE   DATE(S)  VALUE   FROM    VALUE  DATE(S)
                                          NORMAL
................................................................
TEMPERATURE (F)
RECORD
 HIGH              67   02/22/2000
 LOW              -43   01/11/1912
HIGHEST            46   02/26        19      27       44  01/23
LOWEST            -21   01/17         2     -23      -22  02/22
AVG. MAXIMUM     24.1              19.4     4.7     20.2
AVG. MINIMUM     10.5               2.5     8.0      3.7
MEAN             17.3              10.9     6.4     12.0
DAYS MAX >= 90      0               0.0     0.0        0
DAYS MAX <= 32     64              72.6    -8.6       75
DAYS MIN <= 32     91              89.4     1.6       89
DAYS MIN <= 0      23              39.6   -16.6       38

PRECIPITATION (INCHES)
RECORD
 MAXIMUM         4.39   1996
 MINIMUM         0.37   2002
TOTALS           1.77              1.95   -0.18     0.66
DAILY AVG.       0.02              0.02    0.00     0.01
DAYS >= .01        20              19.1     0.9       17
DAYS >= .10         7               6.1     0.9        1
DAYS >= .50         0               0.4    -0.4        0
DAYS >= 1.00        0               0.1    -0.1        0
GREATEST
 24 HR. TOTAL    0.34   MM                       02/28 TO 02/28
                                                          02/28 TO 02/28
                                                          02/28 TO 02/28
 STORM TOTAL       MM                                 MM
 (MM/DD(HH))            MM                    02/28(00) TO 02/28(00)
                                                 02/28(00) TO 02/28(00)8
                                                 02/28(00) TO 02/28(00)8

SNOWFALL (INCHES)
RECORDS
 TOTAL           75.3   1996
 24 HR TOTAL       MM
 SNOW DEPTH        MM   MM
TOTALS           23.9              28.2    -4.3     12.5
 LIQUID EQUIV    1.77              2.80   -1.03     1.25
SINCE 7/1        27.3              35.3    -8.0     16.3
 LIQUID 7/1      2.11              3.50   -1.39     1.63
SNOWDEPTH AVG.      4                 5      -1        1
DAYS >= TRACE      52              20.9    31.1       44
DAYS >= 1.0         6               8.4    -2.4        5
GREATEST
 SNOW DEPTH         8   01/18                          4  02/16
                        01/16                             01/04
                        01/17                             01/03
 24 HR TOTAL      4.8   MM                       02/28 TO 02/28
                                                          02/28 TO 02/28
                                                          02/28 TO 02/28
 STORM TOTAL       MM                                 MM
 (MM/DD(HH))            MM                    02/28(00) TO 02/28(00)
                                                 02/28(00) TO 02/28(00)8
                                                 02/28(00) TO 02/28(00)8

DEGREE_DAYS
HEATING TOTAL    4323              4866    -543     4729
 SINCE 7/1         MM              7006      MM       MM
COOLING TOTAL       0                 0       0        0
 SINCE 1/1          0                 0       0        0

FREEZE DATES
RECORD
 EARLIEST     MM
 LATEST       MM
EARLIEST                        MM
LATEST                          MM
.........................................................

WIND (MPH)
AVERAGE WIND SPEED              MM
RESULTANT WIND SPEED/DIRECTION  MM
HIGHEST WIND SPEED/DIRECTION    MM        DATE   MM
HIGHEST GUST SPEED/DIRECTION    MM        DATE   MM

SKY COVER
POSSIBLE SUNSHINE (PERCENT)   MM
AVERAGE SKY COVER             MM
NUMBER OF DAYS FAIR            0
NUMBER OF DAYS PC              0
NUMBER OF DAYS CLOUDY          0

AVERAGE RH (PERCENT)     MM

WEATHER CONDITIONS. NUMBER OF DAYS WITH
THUNDERSTORM              0     MIXED PRECIP               0
HEAVY RAIN                0     RAIN                       0
LIGHT RAIN                6     FREEZING RAIN              0
LT FREEZING RAIN          1     HAIL                       0
HEAVY SNOW                0     SNOW                       2
LIGHT SNOW               22     SLEET                      1
FOG                       5     FOG W/VIS <= 1/4 MILE      0
HAZE                      1

-  INDICATES NEGATIVE NUMBERS.
R  INDICATES RECORD WAS SET OR TIED.
MM INDICATES DATA IS MISSING.
T  INDICATES TRACE AMOUNT.

&&

WINTER 2015/2016 AT GRAND FORKS UNIVERSITY (NWS) WAS WARMER AND
DRIER THAN NORMAL. THE AVERAGE TEMPERATURE WAS 17.3 DEGREES MAKING
IT 6.4 DEGREES ABOVE NORMAL. THIS WAS THE SEVENTH WARMEST WINTER
SEASON EVER RECORDED...WITH WINTER 1982/1983 COMING IN FIRST PLACE
WITH AN AVERAGE TEMPERATURE OF 19.6 DEGREES. THE MEAN HIGH
TEMPERATURE OF 24.1 DEGREES FOR THE SEASON WAS 4.7 DEGREES ABOVE
AVERAGE. THE MEAN LOW TEMPERATURE OF 10.5 DEGREES...WAS 8.0 DEGREES
ABOVE NORMAL.

LIQUID PRECIPITATION WAS 1.77 INCHES WHICH WAS 0.18 INCHES BELOW THE
SEASONAL AVERAGE OF 1.95 INCHES. SNOWFALL WAS BELOW NORMAL WITH 23.9
INCHES...WHICH IS 4.3 INCHES BELOW THE AVERAGE OF 28.2 INCHES.

REMEMBER... THIS DATA IS PROVISIONAL AND IS SUBJECT TO CHANGE. THE
FINAL AND OFFICIAL RECORDS WILL BE AVAILABLE FROM THE NATIONAL
CENTERS FOR ENVIRONMENTAL INFORMATION (FORMERLY THE NATIONAL
CLIMATIC DATA CENTER).

$$ GUST
$$
