000
CXUS53 KDDC 021818
CLSGCK


CLIMATE REPORT
NATIONAL WEATHER SERVICE DODGE CITY KS
113 PM CDT TUE SEP 2 2014

...................................

...THE GARDEN CITY REGIONAL ARPT KS CLIMATE SUMMARY FOR THE SEASON, FROM
6/1/2014 TO 8/31/2014...

CLIMATE NORMAL PERIOD 1981 TO 2010
CLIMATE RECORD PERIOD 1948 TO 2014

WEATHER         OBSERVED          NORMAL  DEPART  LAST YEAR`S
                 VALUE   DATE(S)  VALUE   FROM    VALUE  DATE(S)
                                          NORMAL
................................................................
TEMPERATURE (F)
RECORD
 HIGH             110   06/08/1985
                        07/11/1954
                        06/24/1953
 LOW               40   06/08/2007
                        06/06/1998
                        06/02/1969
HIGHEST           103   07/25        MM      MM      108  06/27
                                                          06/10
                                                          06/11
LOWEST             49   06/10        MM      MM       42  06/02
AVG. MAXIMUM     88.6              89.2    -0.6     91.3
AVG. MINIMUM     62.5              62.7    -0.2     63.9
MEAN             75.6              75.9    -0.3     77.6
DAYS MAX >= 90     48              47.2     0.8       55
DAYS MAX <= 32      0               0.0     0.0        0
DAYS MIN <= 32      0               0.0     0.0        0
DAYS MIN <= 0       0               0.0     0.0        0

PRECIPITATION (INCHES)
RECORD
 MAXIMUM        18.27   1884
 MINIMUM         2.00   1964
TOTALS          16.29              8.71    7.58     8.60
DAILY AVG.       0.18              0.09    0.09     0.09
DAYS >= .01        29              25.6     3.4       29
DAYS >= .10        18              16.4     1.6       16
DAYS >= .50         9               6.3     2.7        8
DAYS >= 1.00        4               2.3     1.7        2
GREATEST
 24 HR. TOTAL    4.37   06/27 TO 06/28           06/15 TO 06/16
 STORM TOTAL       MM                                 MM
 (MM/DD(HH))            MM                    06/16(00) TO 06/16(00)

DEGREE_DAYS
HEATING TOTAL      21                20       1       12
 SINCE 7/1         10                 4       6        0
COOLING TOTAL    1017              1027     -10     1195
 SINCE 1/1       1160              1116      44     1342
.......................................................

WIND (MPH)
AVERAGE WIND SPEED              12.2
RESULTANT WIND SPEED/DIRECTION   5/165
HIGHEST WIND SPEED/DIRECTION    68/020    DATE  06/24
HIGHEST GUST SPEED/DIRECTION    85/020    DATE  06/24

AVERAGE RH (PERCENT)     62

WEATHER CONDITIONS. NUMBER OF DAYS WITH
THUNDERSTORM             36     MIXED PRECIP               0
HEAVY RAIN               16     RAIN                      12
LIGHT RAIN               32     FREEZING RAIN              0
LT FREEZING RAIN          0     HAIL                       0
HEAVY SNOW                0     SNOW                       0
LIGHT SNOW                0     SLEET                      0
FOG                      35     FOG W/VIS <= 1/4 MILE      0
HAZE                     22

-  INDICATES NEGATIVE NUMBERS.
R  INDICATES RECORD WAS SET OR TIED.
MM INDICATES DATA IS MISSING.
T  INDICATES TRACE AMOUNT.

$$
