000
CXUS53 KDDC 031446
CLSGCK


CLIMATE REPORT
NATIONAL WEATHER SERVICE DODGE CITY KS
838 AM CST THU DEC 3 2015

...................................

...THE GARDEN CITY REGIONAL ARPT KS CLIMATE SUMMARY FOR THE SEASON, FROM
9/1/2015 TO 11/30/2015...

CLIMATE NORMAL PERIOD 1981 TO 2010
CLIMATE RECORD PERIOD 1948 TO 2015

WEATHER         OBSERVED          NORMAL  DEPART  LAST YEAR`S
                 VALUE   DATE(S)  VALUE   FROM    VALUE  DATE(S)
                                          NORMAL
................................................................
TEMPERATURE (F)
RECORD
 HIGH             106   09/01/2011
 LOW               -5   11/28/1976
HIGHEST           101   09/16        MM      MM      100  09/03
LOWEST             17   11/22        MM      MM        3  11/17
                                                          11/13
AVG. MAXIMUM     72.6              69.1     3.5     69.8
AVG. MINIMUM     45.5              41.1     4.4     40.6
MEAN             59.0              55.1     3.9     55.2
DAYS MAX >= 90     17               8.4     8.6        8
DAYS MAX <= 32      3               1.4     1.6        3
DAYS MIN <= 32     18              25.6    -7.6       27
DAYS MIN <= 0       0               0.0     0.0        0

PRECIPITATION (INCHES)
RECORD
 MAXIMUM        10.58   1969
 MINIMUM         0.42   1980
TOTALS           4.26              3.30    0.96     3.74
DAILY AVG.       0.04              0.04    0.00     0.04
DAYS >= .01        19              14.8     4.2       12
DAYS >= .10         8               7.1     0.9        5
DAYS >= .50         3               1.9     1.1        3
DAYS >= 1.00        1               0.5     0.5        1
GREATEST
 24 HR. TOTAL    2.23   10/21 TO 10/22           11/30 TO 11/30
                                                          11/30 TO 11/30
                                                          11/30 TO 11/30
DEGREE_DAYS
HEATING TOTAL     837              1085    -248     1029
 SINCE 7/1        837              1089    -252     1039
COOLING TOTAL     318               183     135      182
 SINCE 1/1       1453              1298     155     1342
.................................................

WIND (MPH)
AVERAGE WIND SPEED              12.2
RESULTANT WIND SPEED/DIRECTION   4/164
HIGHEST WIND SPEED/DIRECTION    56/180    DATE  10/20
HIGHEST GUST SPEED/DIRECTION    73/180    DATE  10/20

AVERAGE RH (PERCENT)     62

WEATHER CONDITIONS. NUMBER OF DAYS WITH
THUNDERSTORM              8     MIXED PRECIP               0
HEAVY RAIN                6     RAIN                       7
LIGHT RAIN               15     FREEZING RAIN              1
LT FREEZING RAIN          3     HAIL                       1
HEAVY SNOW                0     SNOW                       0
LIGHT SNOW                5     SLEET                      0
FOG                      32     FOG W/VIS <= 1/4 MILE      4
HAZE                     14

-  INDICATES NEGATIVE NUMBERS.
R  INDICATES RECORD WAS SET OR TIED.
MM INDICATES DATA IS MISSING.
T  INDICATES TRACE AMOUNT.

$$
