363
CXUS53 KDDC 011555
CLSGCK


CLIMATE REPORT
NATIONAL WEATHER SERVICE DODGE CITY KS
941 AM CST THU DEC 1 2016

...................................

...THE GARDEN CITY REGIONAL ARPT KS CLIMATE SUMMARY FOR THE SEASON, FROM
9/1/2016 TO 11/30/2016...

CLIMATE NORMAL PERIOD 1981 TO 2010
CLIMATE RECORD PERIOD 1948 TO 2016

WEATHER         OBSERVED          NORMAL  DEPART  LAST YEAR`S
                 VALUE   DATE(S)  VALUE   FROM    VALUE  DATE(S)
                                          NORMAL
................................................................
TEMPERATURE (F)
RECORD
 HIGH             106   09/01/2011
 LOW               -5   11/28/1976
HIGHEST           100   10/17        MM      MM      101  09/16
LOWEST             12   11/19        MM      MM       17  11/22
AVG. MAXIMUM     76.3              69.1     7.2     72.6
AVG. MINIMUM     44.2              41.1     3.1     45.5
MEAN             60.2              55.1     5.1     59.0
DAYS MAX >= 90     18               8.4     9.6       17
DAYS MAX <= 32      0               1.4    -1.4        3
DAYS MIN <= 32     16              25.6    -9.6       18
DAYS MIN <= 0       0               0.0     0.0        0

PRECIPITATION (INCHES)
RECORD
 MAXIMUM        10.58   1969
 MINIMUM         0.26   2016
TOTALS           0.26              3.30   -3.04     4.26
DAILY AVG.          T              0.04   -0.04     0.04
DAYS >= .01         3              14.8   -11.8       19
DAYS >= .10         1               7.1    -6.1        8
DAYS >= .50         0               1.9    -1.9        3
DAYS >= 1.00        0               0.5    -0.5        1
GREATEST
 24 HR. TOTAL    0.11   09/06 TO 09/06           10/21 TO 10/22

DEGREE_DAYS
HEATING TOTAL     688              1085    -397      837
 SINCE 7/1        688              1089    -401      837
COOLING TOTAL     277               183      94      318
 SINCE 1/1       1433              1298     135     1453
...................................................

WIND (MPH)
AVERAGE WIND SPEED              12.2
RESULTANT WIND SPEED/DIRECTION   3/172
HIGHEST WIND SPEED/DIRECTION    40/220    DATE  11/27
HIGHEST GUST SPEED/DIRECTION    52/200    DATE  11/27

AVERAGE RH (PERCENT)     56

WEATHER CONDITIONS. NUMBER OF DAYS WITH
THUNDERSTORM              4     MIXED PRECIP               0
HEAVY RAIN                1     RAIN                       1
LIGHT RAIN                9     FREEZING RAIN              0
LT FREEZING RAIN          0     HAIL                       0
HEAVY SNOW                0     SNOW                       0
LIGHT SNOW                0     SLEET                      0
FOG                      24     FOG W/VIS <= 1/4 MILE      8
HAZE                     20

-  INDICATES NEGATIVE NUMBERS.
R  INDICATES RECORD WAS SET OR TIED.
MM INDICATES DATA IS MISSING.
T  INDICATES TRACE AMOUNT.

$$
