940
CXUS53 KGRB 011616
CLSGRB

CLIMATE REPORT
NATIONAL WEATHER SERVICE GREEN BAY
1012 AM CST THU DEC 1 2016

...................................

...THE GREEN BAY WI CLIMATE SUMMARY FOR THE SEASON, FROM
9/1/2016 TO 11/30/2016...

CLIMATE NORMAL PERIOD 1981 TO 2010
CLIMATE RECORD PERIOD 1886 TO 2016

WEATHER         OBSERVED          NORMAL  DEPART  LAST YEAR`S
                 VALUE   DATE(S)  VALUE   FROM    VALUE  DATE(S)
                                          NORMAL
................................................................
TEMPERATURE (F)
RECORD
 HIGH              97   09/10/1931
 LOW              -12   11/28/1887
HIGHEST            87   09/06        85       2       88  09/06
                        09/05                             09/01
                                                          09/02
LOWEST             21   11/21         9      12       16  11/22
AVG. MAXIMUM     63.3              56.2     7.1     62.0
AVG. MINIMUM     44.4              37.7     6.7     43.1
MEAN             53.8              47.0     6.8     52.6
DAYS MAX >= 90      0               0.0     0.0        0
DAYS MAX <= 32      0               5.4    -5.4        3
DAYS MIN <= 32     11              30.2   -19.2       17
DAYS MIN <= 0       0               0.1    -0.1        0

PRECIPITATION (INCHES)
RECORD
 MAXIMUM        13.21   1931
 MINIMUM         1.26   1976
TOTALS           9.24              7.61    1.63    10.98
DAILY AVG.       0.10              0.08    0.02     0.12
DAYS >= .01        32              30.2     1.8       29
DAYS >= .10        18              16.8     1.2       18
DAYS >= .50         6               4.4     1.6        7
DAYS >= 1.00        3               1.3     1.7        2

SNOWFALL (INCHES)
RECORDS
 TOTAL           26.0   1887
 24 HR TOTAL       MM
TOTALS            0.9               4.2    -3.3      0.2
SINCE 7/1         0.9               4.2    -3.3      0.2
DAYS >= TRACE       3               4.1    -1.1        6
DAYS >= 1.0         0               1.2    -1.2        0
GREATEST
 SNOW DEPTH         0   MM                             0  MM
 24 HR TOTAL      0.9   MM

DEGREE_DAYS
HEATING TOTAL    1049              1677    -628     1222
 SINCE 7/1       1062              1740    -678     1272
COOLING TOTAL      55                36      19      115
 SINCE 1/1        577               398     179      517

FREEZE DATES
RECORD
 EARLIEST     09/12/1955
 LATEST       06/06/1958
EARLIEST                        10/04
LATEST                          05/05
.................................................................

WIND (MPH)
AVERAGE WIND SPEED              7.9
RESULTANT WIND SPEED/DIRECTION   1/226
HIGHEST WIND SPEED/DIRECTION    32/310    DATE  11/19
HIGHEST GUST SPEED/DIRECTION    47/200    DATE  11/18

SKY COVER
POSSIBLE SUNSHINE (PERCENT)   MM
AVERAGE SKY COVER           0.40
NUMBER OF DAYS FAIR           42
NUMBER OF DAYS PC             31
NUMBER OF DAYS CLOUDY         18

AVERAGE RH (PERCENT)     79

WEATHER CONDITIONS. NUMBER OF DAYS WITH
THUNDERSTORM             10     MIXED PRECIP               0
HEAVY RAIN               14     RAIN                      16
LIGHT RAIN               38     FREEZING RAIN              0
LT FREEZING RAIN          0     HAIL                       0
HEAVY SNOW                0     SNOW                       0
LIGHT SNOW                3     SLEET                      0
FOG                      57     FOG W/VIS <= 1/4 MILE      9
HAZE                      9

-  INDICATES NEGATIVE NUMBERS.
R  INDICATES RECORD WAS SET OR TIED.
MM INDICATES DATA IS MISSING.
T  INDICATES TRACE AMOUNT.
...................................
