000
CXUS53 KGRB 020923
CLSGRB

SEASONAL CLIMATE SUMMARY
NATIONAL WEATHER SERVICE GREEN BAY WI
423 AM CDT WED SEP 2 2015

..THE GREEN BAY WI SUMMER CLIMATE SUMMARY FROM 6/1/2015 TO 8/31/2015...

CLIMATE NORMAL PERIOD 1981 TO 2010
CLIMATE RECORD PERIOD 1886 TO 2015

WEATHER         OBSERVED          NORMAL  DEPART  LAST YEAR`S
                 VALUE   DATE(S)  VALUE   FROM    VALUE  DATE(S)
                                          NORMAL
................................................................
TEMPERATURE (F)
RECORD
 HIGH             104   07/13/1936
 LOW               32   06/06/1958
HIGHEST            93   08/02        94      -1       91  07/22
LOWEST             41   06/02        40       1       45  06/14
AVG. MAXIMUM     78.5              77.6     0.9     77.7
AVG. MINIMUM     56.9              56.5     0.4     57.6
MEAN             67.7              67.0     0.7     67.7
DAYS MAX >= 90      2               3.1    -1.1        1
DAYS MAX <= 32      0               0.0     0.0        0
DAYS MIN <= 32      0               0.0     0.0        0
DAYS MIN <= 0       0               0.0     0.0        0

PRECIPITATION (INCHES)
RECORD
 MAXIMUM        20.66   2010
 MINIMUM         4.42   1976
TOTALS           9.26             10.75   -1.49    10.06
DAILY AVG.       0.10              0.12   -0.02     0.11
DAYS >= .01        25              31.1    -6.1       34
DAYS >= .10        18              19.4    -1.4       18
DAYS >= .50         7               7.2    -0.2       10
DAYS >= 1.00        3               2.7     0.3        2

SNOWFALL (INCHES)
RECORDS
 TOTAL              T   MM
 24 HR TOTAL       MM
TOTALS            0.0               0.0     0.0      0.0
SINCE 7/1         0.0               0.0     0.0      0.0
DAYS >= TRACE       0               0.0     0.0        0
DAYS >= 1.0         0               0.0     0.0        0
GREATEST
 SNOW DEPTH         0   MM                             0  MM
 24 HR TOTAL      0.0   MM

DEGREE_DAYS
HEATING TOTAL     103               155     -52       60
 SINCE 7/1         50                63     -13       29
COOLING TOTAL     374               344      30      327
 SINCE 1/1        402               362      40      343

FREEZE DATES
RECORD
 EARLIEST     09/12/1955
 LATEST       06/06/1958
EARLIEST                        10/03
LATEST                          05/05
.................................................................

WIND (MPH)
AVERAGE WIND SPEED              6.8
HIGHEST WIND SPEED/DIRECTION    49/010    DATE  08/14
HIGHEST GUST SPEED/DIRECTION    62/010    DATE  08/14

SKY COVER
POSSIBLE SUNSHINE (PERCENT)   MM
AVERAGE SKY COVER           0.30
NUMBER OF DAYS FAIR           54
NUMBER OF DAYS PC             30
NUMBER OF DAYS CLOUDY          8

AVERAGE RH (PERCENT)     73

WEATHER CONDITIONS. NUMBER OF DAYS WITH
THUNDERSTORM             11     MIXED PRECIP               0
HEAVY RAIN               11     RAIN                      18
LIGHT RAIN               29     FREEZING RAIN              0
LT FREEZING RAIN          0     HAIL                       1
HEAVY SNOW                0     SNOW                       0
LIGHT SNOW                0     SLEET                      0
FOG                      59     FOG W/VIS <= 1/4 MILE      9
HAZE                     30

-  INDICATES NEGATIVE NUMBERS.
R  INDICATES RECORD WAS SET OR TIED.
MM INDICATES DATA IS MISSING.
T  INDICATES TRACE AMOUNT.

$$

ECKBERG
