000
CXUS53 KGRB 011431
CLSGRB

CLIMATE REPORT
NATIONAL WEATHER SERVICE GREEN BAY
830 AM CST WED MAR 1 2017

...TIED 5TH WARMEST WINTER ON RECORD...
...TIED 6TH LEAST HEATING DEGREE DAYS ON RECORD...
...11TH WETTEST ON RECORD...

...THE GREEN BAY WI CLIMATE SUMMARY FOR THE SEASON, FROM
12/1/2016 TO 2/28/2017...

CLIMATE NORMAL PERIOD 1981 TO 2010
CLIMATE RECORD PERIOD 1886 TO 2017

WEATHER         OBSERVED          NORMAL  DEPART  LAST YEAR`S
                 VALUE   DATE(S)  VALUE   FROM    VALUE  DATE(S)
                                          NORMAL
................................................................
TEMPERATURE (F)
RECORD
 HIGH              65   02/22/2017
 LOW              -36   01/21/1888
HIGHEST            65R  02/22        50      15       55  12/14
                                                          12/13
LOWEST             -9   12/19       -19      10      -13  02/14
AVG. MAXIMUM     32.2              27.0     5.2     32.3
AVG. MINIMUM     19.4              11.9     7.5     19.3
MEAN             25.8              19.4     6.4     25.8
DAYS MAX >= 90      0               0.0     0.0        0
DAYS MAX <= 32     41              58.8   -17.8       41
DAYS MIN <= 32     72              86.0   -14.0       76
DAYS MIN <= 0      11              18.1    -7.1       14

PRECIPITATION (INCHES)
RECORD
 MAXIMUM         9.07   1922
 MINIMUM         1.34   1987
                        1961
TOTALS           5.50              3.75    1.75     8.19
DAILY AVG.       0.06              0.04    0.02     0.09
DAYS >= .01        31              28.6     2.4       33
DAYS >= .10        17              10.9     6.1       17
DAYS >= .50         1               1.2    -0.2        4
DAYS >= 1.00        0               0.2    -0.2        2

SNOWFALL (INCHES)
RECORDS
 TOTAL           77.1   2008
 24 HR TOTAL       MM
TOTALS           43.3              36.0     7.3     33.6
SINCE 7/1        44.2              40.2     4.0     33.8
DAYS >= TRACE      48              26.6    21.4       52
DAYS >= 1.0        13              10.9     2.1        8
GREATEST
 SNOW DEPTH        10   12/25                         13  12/29
                        12/24
 24 HR TOTAL      5.3   MM

DEGREE_DAYS
HEATING TOTAL    3511              4100    -589     3539
 SINCE 7/1       4573              5840   -1267     4775
COOLING TOTAL       0                 0       0        0
 SINCE 1/1          0                 0       0        0

FREEZE DATES
RECORD
 EARLIEST     09/12/1955
 LATEST       06/06/1958
EARLIEST                        10/04
LATEST                          05/05
.................................................................

WIND (MPH)
AVERAGE WIND SPEED              9.9
RESULTANT WIND SPEED/DIRECTION   5/265
HIGHEST WIND SPEED/DIRECTION    38/040    DATE  02/24
HIGHEST GUST SPEED/DIRECTION    48/270    DATE  01/10

SKY COVER
POSSIBLE SUNSHINE (PERCENT)   MM
AVERAGE SKY COVER           0.60
NUMBER OF DAYS FAIR           27
NUMBER OF DAYS PC             31
NUMBER OF DAYS CLOUDY         32

AVERAGE RH (PERCENT)     76

WEATHER CONDITIONS. NUMBER OF DAYS WITH
THUNDERSTORM              0     MIXED PRECIP               0
HEAVY RAIN                2     RAIN                       6
LIGHT RAIN               17     FREEZING RAIN              1
LT FREEZING RAIN          5     HAIL                       0
HEAVY SNOW                3     SNOW                       6
LIGHT SNOW               48     SLEET                      1
FOG                      48     FOG W/VIS <= 1/4 MILE     10
HAZE                      8

-  INDICATES NEGATIVE NUMBERS.
R  INDICATES RECORD WAS SET OR TIED.
MM INDICATES DATA IS MISSING.
T  INDICATES TRACE AMOUNT.

$$
ECKBERG
