000
CXUS53 KGRB 030337
CLSGRB

SEASONAL CLIMATE REPORT
NATIONAL WEATHER SERVICE GREEN BAY
1037 PM CDT TUE SEP 2 2014

...THE GREEN BAY WI SUMMER CLIMATE SUMMARY FROM 6/1/2014 TO
8/31/2014...

...THE SUMMER DID NOT RANK IN THE TOP 40 COOLEST SUMMERS AND TOP
25 DRIEST SUMMERS ON RECORD...

................................................................
CLIMATE NORMAL PERIOD 1981 TO 2010
CLIMATE RECORD PERIOD 1886 TO 2014

WEATHER         OBSERVED          NORMAL  DEPART  LAST YEAR`S
                 VALUE   DATE(S)  VALUE   FROM    VALUE  DATE(S)
                                          NORMAL
................................................................
TEMPERATURE (F)
RECORD
 HIGH             104   07/13/1936
 LOW               32   06/06/1958
HIGHEST            91   07/22        94      -3       93  07/19
                                                          07/18
LOWEST             45   06/14        40       5       41  06/03
AVG. MAXIMUM     77.7              77.6     0.1     78.7
AVG. MINIMUM     57.6              56.5     1.1     57.9
MEAN             67.7              67.0     0.7     68.3
DAYS MAX >= 90      1               3.1    -2.1        5
DAYS MAX <= 32      0               0.0     0.0        0
DAYS MIN <= 32      0               0.0     0.0        0
DAYS MIN <= 0       0               0.0     0.0        0

PRECIPITATION (INCHES)
RECORD
 MAXIMUM        20.66   2010
 MINIMUM         2.45   1896
TOTALS          10.06             10.75   -0.69    10.22
DAILY AVG.       0.11              0.12   -0.01     0.11
DAYS >= .01        34              31.1     2.9       28
DAYS >= .10        18              19.4    -1.4       19
DAYS >= .50        10               7.2     2.8        6
DAYS >= 1.00        2               2.7    -0.7        3

SNOWFALL (INCHES)
RECORDS
 TOTAL              T   MM
 24 HR TOTAL       MM
TOTALS            0.0               0.0     0.0      0.0
SINCE 7/1         0.0               0.0     0.0      0.0
DAYS >= TRACE       0               0.0     0.0        0
DAYS >= 1.0         0               0.0     0.0        0
GREATEST
 SNOW DEPTH         0   MM                             0  MM
 24 HR TOTAL      0.0   MM

DEGREE_DAYS
HEATING TOTAL      60               155     -95      112
 SINCE 7/1         29                63     -34       40
COOLING TOTAL     327               344     -17      440
 SINCE 1/1        343               362     -19      478

FREEZE DATES
RECORD
 EARLIEST     09/12/1955
 LATEST       06/06/1958
EARLIEST                        10/03
LATEST                          05/05
.................................................................

WIND (MPH)
AVERAGE WIND SPEED              7.3
HIGHEST WIND SPEED/DIRECTION    35/270    DATE  06/01
HIGHEST GUST SPEED/DIRECTION    43/270    DATE  06/01

SKY COVER
POSSIBLE SUNSHINE (PERCENT)   MM
AVERAGE SKY COVER           0.40
NUMBER OF DAYS FAIR           44
NUMBER OF DAYS PC             39
NUMBER OF DAYS CLOUDY          9

AVERAGE RH (PERCENT)     74

WEATHER CONDITIONS. NUMBER OF DAYS WITH
THUNDERSTORM             17     MIXED PRECIP               0
HEAVY RAIN               16     RAIN                      17
LIGHT RAIN               42     FREEZING RAIN              0
LT FREEZING RAIN          0     HAIL                       0
HEAVY SNOW                0     SNOW                       0
LIGHT SNOW                0     SLEET                      0
FOG                      55     FOG W/VIS <= 1/4 MILE      3
HAZE                     20

-  INDICATES NEGATIVE NUMBERS.
R  INDICATES RECORD WAS SET OR TIED.
MM INDICATES DATA IS MISSING.
T  INDICATES TRACE AMOUNT.

$$
ECKBERG
