000
CXUS53 KGRB 011325
CLSGRB

SEASONAL CLIMATE SUMMARY
NATIONAL WEATHER SERVICE GREEN BAY WI
825 AM CDT MON JUN 1 2015

...THE GREEN BAY WI SPRING CLIMATE SUMMARY FROM 3/1/2015 TO
5/31/2015...

CLIMATE NORMAL PERIOD 1981 TO 2010
CLIMATE RECORD PERIOD 1886 TO 2015

WEATHER         OBSERVED          NORMAL  DEPART  LAST YEAR`S
                 VALUE   DATE(S)  VALUE   FROM    VALUE  DATE(S)
                                          NORMAL
................................................................
TEMPERATURE (F)
RECORD
 HIGH              99   05/31/1934
 LOW              -29   03/01/1962
HIGHEST            86   05/07        85       1       86  05/31
LOWEST             -7   03/05         3     -10      -24  03/03
AVG. MAXIMUM     56.6              53.0     3.6     49.9
AVG. MINIMUM     35.5              33.4     2.1     30.8
MEAN             46.1              43.2     2.9     40.3
DAYS MAX >= 90      0               0.0     0.0        0
DAYS MAX <= 32      7               7.7    -0.7       14
DAYS MIN <= 32     33              40.6    -7.6       42
DAYS MIN <= 0       2               1.1     0.9        5

PRECIPITATION (INCHES)
RECORD
 MAXIMUM        14.12   1918
 MINIMUM         3.42   1931
TOTALS           5.97              7.41   -1.44     7.87
DAILY AVG.       0.06              0.08   -0.02     0.09
DAYS >= .01        31              33.1    -2.1       34
DAYS >= .10        16              17.6    -1.6       19
DAYS >= .50         3               4.8    -1.8        5
DAYS >= 1.00        1               1.1    -0.1        2

SNOWFALL (INCHES)
RECORDS
 TOTAL           51.9   1888
 24 HR TOTAL       MM
TOTALS            4.2              11.2    -7.0      9.8
SINCE 7/1        32.7              51.4   -18.7     72.1
DAYS >= TRACE      12               9.5     2.5       24
DAYS >= 1.0         2               3.7    -1.7        5
GREATEST
 SNOW DEPTH         4   03/07                         18  03/05
                        03/05                             03/04
                        03/06
 24 HR TOTAL      2.8   MM

DEGREE_DAYS
HEATING TOTAL    1742              2023    -281     2259
 SINCE 7/1       7780              7863     -83     8740
COOLING TOTAL      28                18      10       16
 SINCE 1/1         28                18      10       16

FREEZE DATES
RECORD
 EARLIEST     09/12/1955
 LATEST       06/06/1958
EARLIEST                        10/03
LATEST                          05/05
.................................................................

WIND (MPH)
AVERAGE WIND SPEED              9.9
RESULTANT WIND SPEED/DIRECTION   1/260
HIGHEST WIND SPEED/DIRECTION    30/260    DATE  05/18
HIGHEST GUST SPEED/DIRECTION    38/230    DATE  05/27

SKY COVER
POSSIBLE SUNSHINE (PERCENT)   MM
AVERAGE SKY COVER           0.40
NUMBER OF DAYS FAIR           47
NUMBER OF DAYS PC             27
NUMBER OF DAYS CLOUDY         18

AVERAGE RH (PERCENT)     66

WEATHER CONDITIONS. NUMBER OF DAYS WITH
THUNDERSTORM              0     MIXED PRECIP               0
HEAVY RAIN                5     RAIN                       9
LIGHT RAIN               33     FREEZING RAIN              1
LT FREEZING RAIN          0     HAIL                       0
HEAVY SNOW                0     SNOW                       2
LIGHT SNOW               11     SLEET                      0
FOG                      41     FOG W/VIS <= 1/4 MILE      7
HAZE                     16

-  INDICATES NEGATIVE NUMBERS.
R  INDICATES RECORD WAS SET OR TIED.
MM INDICATES DATA IS MISSING.
T  INDICATES TRACE AMOUNT.

$$

ECKBERG
