181
CXUS53 KGRB 041813
CLSGRB

CLIMATE REPORT
NATIONAL WEATHER SERVICE GREEN BAY
1215 PM FRI DEC 4 2015

...2ND WARMEST FALL ON RECORD AT GREEN BAY...
...13TH WETTEST FALL ON RECORD AT GREEN BAY...
...TIED 16TH LEAST SNOWIEST FALL ON RECORD AT GREEN BAY...

...THE GREEN BAY WI FALL CLIMATE SUMMARY FROM 9/1/2015 TO 11/30/2015...

CLIMATE NORMAL PERIOD 1981 TO 2010
CLIMATE RECORD PERIOD 1886 TO 2015

WEATHER         OBSERVED          NORMAL  DEPART  LAST YEAR`S
                 VALUE   DATE(S)  VALUE   FROM    VALUE  DATE(S)
                                          NORMAL
................................................................
TEMPERATURE (F)
RECORD
 HIGH              97   09/10/1931
 LOW              -12   11/28/1887
HIGHEST            88   09/06        85       3       80  09/28
                        09/01                             09/09
                        09/02                             09/27
LOWEST             16   11/22         9       7       -1  11/27
AVG. MAXIMUM     62.0              56.2     5.8     53.8
AVG. MINIMUM     43.1              37.7     5.4     36.3
MEAN             52.6              47.0     5.6     45.1
DAYS MAX >= 90      0               0.0     0.0        0
DAYS MAX <= 32      3               5.4    -2.4       14
DAYS MIN <= 32     17              30.2   -13.2       30
DAYS MIN <= 0       0               0.1    -0.1        1

PRECIPITATION (INCHES)
RECORD
 MAXIMUM        13.21   1931
 MINIMUM         1.26   1976
TOTALS          10.98              7.61    3.37     9.72
DAILY AVG.       0.12              0.08    0.04     0.11
DAYS >= .01        29              30.2    -1.2       39
DAYS >= .10        18              16.8     1.2       24
DAYS >= .50         7               4.4     2.6        5
DAYS >= 1.00        2               1.3     0.7        2

SNOWFALL (INCHES)
RECORDS
 TOTAL           26.0   1887
 24 HR TOTAL       MM
TOTALS            0.2               4.2    -4.0      8.2
SINCE 7/1         0.2               4.2    -4.0      8.2
DAYS >= TRACE       6               4.1     1.9       20
DAYS >= 1.0         0               1.2    -1.2        2
GREATEST
 SNOW DEPTH         0   MM                             5  11/29
 24 HR TOTAL      0.2   11/27

DEGREE_DAYS
HEATING TOTAL    1222              1677    -455     1808
 SINCE 7/1       1272              1740    -468       MM
COOLING TOTAL     115                36      79       19
 SINCE 1/1        517               398     119      362

FREEZE DATES
RECORD
 EARLIEST     09/12/1955
 LATEST       06/06/1958
EARLIEST                        10/04
LATEST                          05/05
.................................................................

WIND (MPH)
AVERAGE WIND SPEED              8.5
HIGHEST WIND SPEED/DIRECTION    38/160    DATE  11/18
HIGHEST GUST SPEED/DIRECTION    48/140    DATE  11/18

SKY COVER
POSSIBLE SUNSHINE (PERCENT)   MM
AVERAGE SKY COVER           0.40
NUMBER OF DAYS FAIR           43
NUMBER OF DAYS PC             30
NUMBER OF DAYS CLOUDY         18

AVERAGE RH (PERCENT)     74

WEATHER CONDITIONS. NUMBER OF DAYS WITH
THUNDERSTORM             10     MIXED PRECIP               0
HEAVY RAIN               10     RAIN                      20
LIGHT RAIN               36     FREEZING RAIN              0
LT FREEZING RAIN          0     HAIL                       0
HEAVY SNOW                0     SNOW                       0
LIGHT SNOW                6     SLEET                      0
FOG                      48     FOG W/VIS <= 1/4 MILE      5
HAZE                     17

-  INDICATES NEGATIVE NUMBERS.
R  INDICATES RECORD WAS SET OR TIED.
MM INDICATES DATA IS MISSING.
T  INDICATES TRACE AMOUNT.
...................................

$$
ECKBERG
