000
CXUS51 KGYX 021816
CLSGYX

PWMCLMGYX 000
TTAA00 KGYX 011819


CLIMATE REPORT
NATIONAL WEATHER SERVICE GRAY ME
116 PM EST WED MAR 2 2016

...................................

...THE GRAY ME CLIMATE SUMMARY FOR THE WINTER SEASON, FROM
12/1/2015 TO 2/29/2016...

CLIMATE NORMAL PERIOD 1981 TO 2010
CLIMATE RECORD PERIOD 1995 TO 2016

WEATHER         OBSERVED          NORMAL  DEPART  LAST YEAR`S
                 VALUE   DATE(S)  VALUE   FROM    VALUE
                                          NORMAL
.............................................................
TEMPERATURE (F)
RECORD
 HIGH              69   12/07/1998
 LOW              -15   01/15/2004
HIGHEST            58   12/25        58       0       57
LOWEST            -12   02/14        -7      -5      -13
                        02/13
AVG. MAXIMUM     37.2              32.5     4.7     27.7
AVG. MINIMUM     21.5              16.1     5.4     11.8
MEAN             29.3              24.3     5.0     19.8
DAYS MAX >= 90      0               0.0     0.0        0
DAYS MAX <= 32     29              43.5   -14.5       57
DAYS MIN <= 32     79              84.9    -5.9       87
DAYS MIN <= 0       5               6.6    -1.6       17

PRECIPITATION (INCHES)
RECORD
 MAXIMUM        15.31   2008
TOTALS          12.82             10.90    1.92    12.17
DAILY AVG.       0.14              0.12    0.02     0.13
DAYS >= .01        35              32.2     2.8       40
DAYS >= .10        23              20.9     2.1       25
DAYS >= .50         9               7.3     1.7        7
DAYS >= 1.00        2               2.9    -0.9        1
GREATEST
 24 HR. TOTAL    2.57   01/10                       1.59

SNOWFALL (INCHES)
RECORDS
 TOTAL          111.3   2008
TOTALS           37.1              56.0   -18.9     84.1
SNOWDEPTH AVG.      3
DAYS >= TRACE      28              23.5     4.5       47
DAYS >= 1.0        10              13.9    -3.9       20
GREATEST
 SNOW DEPTH         9   01/19                         30
                        01/17
 24 HR TOTAL      8.8   01/12 TO 01/13              23.9

DEGREE_DAYS
HEATING TOTAL    3221              3661    -440     4026
 SINCE 7/1       4520              5194    -674     5476
COOLING TOTAL       0                 0       0        0
 SINCE 1/1          0                 0       0        0
..............................................................



-  INDICATES NEGATIVE NUMBERS.
R  INDICATES RECORD WAS SET OR TIED.
MM INDICATES DATA IS MISSING.
T  INDICATES TRACE AMOUNT.

&&

IN THE LATE FALL OF 2015 A STAGNANT JET STREAM PATTERN LED TO COLD
TEMPERATURES IN THE WESTERN UNITED STATES AND WARM TEMPERATURES IN
THE EAST. THIS PATTERN WAS REMARKABLY STABLE RIGHT THROUGH THE MONTH
OF DECEMBER. THE TEMPERATURES WERE ABOVE NORMAL AT THE NATIONAL
WEATHER SERVICE OFFICE IN GRAY FROM DECEMBER 2 THROUGH 28, WITH THE
WARMTH PEAKING ON CHRISTMAS DAY WHEN THE TEMPERATURE REACHED 58
DEGREES. COLDER AIR FINALLY ARRIVED AFTER CHRISTMAS WITH THE FIRST
SIGNIFICANT SNOWFALL OF THE SEASON OCCURRING ON DECEMBER 29. COOLER
CONDITIONS LASTED INTO EARLY JANUARY BEFORE A STORM SYSTEM BROUGHT
HEAVY RAIN AND WARM TEMPERATURES ON THE 10TH, NEARLY ELIMINATING THE
WINTER SNOW PACK. ANOTHER STORM BROUGHT HEAVY SNOW ON JANUARY 12 AND
13 WITH THE PATTERN ONCE AGAIN TURNING COLDER. FOR 13 STRAIGHT DAYS
THE TEMPERATURE NEVER ROSE ABOVE FREEZING. BUT BY THE END OF THE
MONTH WARMER WEATHER BEGAN TO RETURN. THIS WARMER WEATHER PERSISTED
INTO EARLY FEBRUARY BEFORE ANOTHER STORM SYSTEM BROUGHT 6.6 INCHES
OF SNOW ON FEBRUARY 5. THIS WAS THE FIRST IN A SERIES OF STORM
SYSTEMS WHICH BROUGHT LIGHT SNOW AND PROGRESSIVELY COLDER
TEMPERATURES. BY FEBRUARY 11 A BRUTALLY COLD ARCTIC AIR MASS MOVED
INTO THE REGION WITH THE TEMPERATURE FALLING BELOW ZERO ON 4
STRAIGHT NIGHTS. THE TEMPERATURE HIT 12 BELOW ZERO ON FEBRUARY 13
AND 14, THE COLDEST TEMPERATURE ON RECORD IN THE MONTH OF FEBRUARY.
BUT THE BRUTAL COLD DID NOT LAST MUCH LONGER. ANOTHER STORM SYSTEM
BROUGHT LIGHT SNOW CHANGING TO RAIN AS TEMPERATURES WARMED ON THE
16TH. WARM WEATHER DOMINATED THE LAST HALF OF THE MONTH WITH THE
WINTER SNOW PACK DWINDLING DOWN TO JUST A TRACE BY THE END OF THE
MONTH. THE HIGH TEMPERATURE OF 56 DEGREES ON FEBRUARY 29 WAS THE
WARMEST TEMPERATURE ON RECORD IN THE MONTH OF FEBRUARY.

THE AVERAGE TEMPERATURE FOR THE WINTER WAS 29.3 DEGREES WHICH WAS
5.0 DEGREES ABOVE NORMAL. THE WARMEST WINTER ON RECORD WAS 2001-02
WHEN THE AVERAGE TEMPERATURE WAS 29.9 DEGREES. THE COLDEST WAS JUST
LAST YEAR WHEN THE AVERAGE TEMPERATURE WAS ONLY 19.8 DEGREES.

A TOTAL OF 12.82 INCHES OF PRECIPITATION FELL WHICH WAS 1.92 INCHES
ABOVE NORMAL. THE HEAVIEST PRECIPITATION WAS ON JANUARY 9 AND 10
WHEN 2.60 INCHES OF RAIN AND MELTED SNOW WAS MEASURED. THE WETTEST
WINTER ON RECORD WAS 2007-08 WHEN 15.28 INCHES WAS RECORDED. THE
DRIEST WAS 2006-07 WITH ONLY 7.17 INCHES.

THERE WAS 37.1 INCHES OF SNOWFALL WHICH WAS 18.9 INCHES BELOW
NORMAL. THE HEAVIEST SNOW OF THE SEASON WAS ON JANUARY 12 AND 13
WHEN 8.8 INCHES WAS MEASURED. THE SNOWIEST WINTER WAS 2007-08 WHEN
111.3 INCHES OF SNOW FELL. THE LEAST SNOWY WAS 1997-98 WITH ONLY
26.5 INCHES.

$$

KIMBLE
