000
CXUS51 KGYX 061653
CLSGYX

PWMCLMGYX 000
TTAA00 KGYX 041655


CLIMATE REPORT
NATIONAL WEATHER SERVICE GRAY ME
1153 AM EST TUE DEC 6 2016

...................................

...THE GRAY ME CLIMATE SUMMARY FOR THE FALL SEASON, FROM
9/1/2016 TO 11/30/2016...

CLIMATE NORMAL PERIOD 1981 TO 2010
CLIMATE RECORD PERIOD 1995 TO 2016

WEATHER         OBSERVED          NORMAL  DEPART  LAST YEAR`S
                 VALUE   DATE(S)  VALUE   FROM    VALUE
                                          NORMAL
.............................................................
TEMPERATURE (F)
RECORD
 HIGH              96   09/09/2002
 LOW                9   11/30/2013
                        11/25/2000
HIGHEST            92   09/09        86       6       89
LOWEST             24   11/22        18       6       18
AVG. MAXIMUM     60.3              58.0     2.3     61.0
AVG. MINIMUM     43.3              40.6     2.7     42.4
MEAN             51.8              49.3     2.5     51.7
DAYS MAX >= 90      1               0.6     0.4        0
DAYS MAX <= 32      1               2.1    -1.1        1
DAYS MIN <= 32     20              22.6    -2.6       21
DAYS MIN <= 0       0               0.0     0.0        0

PRECIPITATION (INCHES)
RECORD
 MAXIMUM        26.48   2005
TOTALS          13.20             14.68   -1.48    13.95
DAILY AVG.       0.14              0.16   -0.02     0.15
DAYS >= .01        35              33.3     1.7       29
DAYS >= .10        18              20.7    -2.7       12
DAYS >= .50         8               9.3    -1.3        8
DAYS >= 1.00        4               4.7    -0.7        4
GREATEST
 24 HR. TOTAL    4.02   10/21 TO 10/22              6.32

SNOWFALL (INCHES)
RECORDS
 TOTAL           23.9   1997
TOTALS            1.3               3.1    -1.8      0.2
SNOWDEPTH AVG.      0
DAYS >= TRACE      10               2.2     7.8        4
DAYS >= 1.0         0               0.9    -0.9        0
GREATEST
 SNOW DEPTH         1   11/21                          0
 24 HR TOTAL      1.0   11/20 TO 11/21               0.2

DEGREE_DAYS
HEATING TOTAL    1260              1460    -200     1283
 SINCE 7/1       1279              1497    -218     1299
COOLING TOTAL      80                30      50       95
 SINCE 1/1        607               389     218      468
..............................................................



-  INDICATES NEGATIVE NUMBERS.
R  INDICATES RECORD WAS SET OR TIED.
MM INDICATES DATA IS MISSING.
T  INDICATES TRACE AMOUNT.

&&

SUMMER-LIKE WARMTH CONTINUED THROUGH MUCH OF SEPTEMBER. THE NATIONAL
WEATHER SERVICE OFFICE IN GRAY RECORDED ITS DRIEST SEPTEMBER IN ITS
SHORT 21-YEAR HISTORY, LEADING TO INTENSIFYING DROUGHT. THE WARM
WEATHER PATTERN FINALLY BROKE ON SEPTEMBER 23 WHEN A COLD FRONT
MOVED THROUGH THE REGION USHERING IN A COOLER AIR MASS. A MORE
TYPICAL FALL-LIKE WEATHER PATTERN EMERGED WITH ALTERNATING PERIODS
OF WARMER AND COOLER WEATHER AS A SERIES OF COLD FRONTS MOVED
THROUGH THE REGION. BY THE MIDDLE OF OCTOBER, WARMER WEATHER BEGAN
TO DOMINATE AGAIN, WITH A FEW MORE DAYS IN THE 70S. ON OCTOBER 21
TROPICAL AIR SURGED NORTHWARD AHEAD OF AN APPROACHING COLD FRONT AND
LED TO VERY HEAVY RAINFALL. MORE THAN 4 INCHES OF RAIN FELL IN JUST
A FEW HOURS ON THE EVENING OF OCTOBER 21 INTO THE 22ND. THIS FRONTAL
PASSAGE ALSO SIGNALED A SHIFT IN THE WEATHER PATTERN WITH COOLER
WEATHER LASTING THROUGH THE END OF THE MONTH. MORE HEAVY RAIN FELL
ON OCTOBER 28, HELPING TO PUT A DENT IN THE DROUGHT WHICH HAD
INTENSIFIED THROUGH THE SUMMER AND EARLY FALL. WARMER WEATHER BEGAN
TO BUILD BACK INTO THE AREA IN MID NOVEMBER, BUT A STORM SYSTEM
MOVING THROUGH THE AREA ON NOVEMBER 20 AND 21 BROUGHT COLDER AIR IN
AGAIN ALONG WITH THE FIRST ACCUMULATING SNOWFALL OF THE SEASON.
ANOTHER STORM SYSTEM ON NOVEMBER 29 BROUGHT LIGHT FREEZING RAIN AND
RAIN AS THE FALL CAME TO A CLOSE.

THE AVERAGE TEMPERATURE FOR THE FALL WAS 51.8 DEGREES WHICH WAS 2.5
DEGREES ABOVE NORMAL. THE WARMEST FALL ON RECORD WAS IN 2011 WHEN
THE AVERAGE TEMPERATURE WAS 52.4 DEGREES. THE COOLEST WAS IN 1997
WHEN THE AVERAGE TEMPERATURE WAS ONLY 47.3 DEGREES.

A TOTAL OF 13.20 INCHES OF PRECIPITATION FELL WHICH WAS 1.48 INCHES
BELOW NORMAL. MORE THAN HALF OF THIS PRECIPITATION FELL DURING TWO
HEAVY RAINSTORMS IN LATE OCTOBER. THE WETTEST FALL ON RECORD WAS IN
2005 WHEN 26.48 INCHES WAS MEASURED. THE DRIEST WAS IN 2001 WITH
ONLY 8.91 INCHES.

THERE WAS A TOTAL OF 1.3 INCHES OF SNOW WHICH WAS 1.8 INCHES BELOW
NORMAL. MOST OF THIS SNOW FELL ON NOVEMBER 20 AND 21. FALL SNOWFALL
IS QUITE VARIABLE, WITH MEASURABLE SNOW BEING OBSERVED ABOUT 82
PERCENT OF THE TIME. THE MOST FALL SNOWFALL WAS IN 1997 WHEN 23.9
INCHES WAS RECORDED. THERE HAVE BEEN 4 YEARS WHEN ONLY A TRACE OF
SNOW WAS OBSERVED IN FALL, MOST RECENTLY IN 2006.

$$

KIMBLE
