000
CXUS54 KLZK 031036
CLSHRO

CLIMATE REPORT
NATIONAL WEATHER SERVICE LITTLE ROCK AR
526 AM CDT WED SEP 3 2014

...................................

...THE HARRISON CLIMATE SUMMARY FOR THE SEASON, FROM
6/1/2014 TO 8/31/2014...

CLIMATE NORMAL PERIOD 1981 TO 2010
CLIMATE RECORD PERIOD 1891 TO 2014

WEATHER         OBSERVED          NORMAL  DEPART  LAST YEAR`S
                 VALUE   DATE(S)  VALUE   FROM    VALUE  DATE(S)
                                          NORMAL
................................................................
TEMPERATURE (F)
RECORD
 HIGH             112   08/03/2011
                        07/18/1936
                        08/09/1934
 LOW               40   06/12/1903
HIGHEST            96   08/23        87       9      100  06/27
LOWEST             54   07/03        67     -13       50  06/03
                        06/14
AVG. MAXIMUM     85.0              87.5    -2.5     86.1
AVG. MINIMUM     64.9              65.7    -0.8     64.9
MEAN             75.0              76.6    -1.6     75.5
DAYS MAX >= 90     21              33.4   -12.4       30
DAYS MAX <= 32      0               0.0     0.0        0
DAYS MIN <= 32      0               0.0     0.0        0
DAYS MIN <= 0       0               0.0     0.0        0

PRECIPITATION (INCHES)
RECORD
 MAXIMUM        25.55   1915
 MINIMUM         2.99   2006
TOTALS          11.37             10.96    0.41    14.70
DAILY AVG.       0.12              0.12    0.00     0.16
DAYS >= .01        23              29.9    -6.9       25
DAYS >= .10        16                                 18
DAYS >= .50         7                                 13
DAYS >= 1.00        3               2.9     0.1        4
GREATEST
 24 HR. TOTAL    2.90   07/23 TO 07/23

SNOWFALL (INCHES)
TOTALS            0.0               0.0     0.0      0.0
 LIQUID EQUIV    0.00              0.00    0.00     0.00
SINCE 7/1         0.0
 LIQUID 7/1      0.00              0.00    0.00     0.00
SNOWDEPTH AVG.      0                 0       0        0
DAYS >= TRACE       0               0.0     0.0        0
DAYS >= 1.0         0               0.0     0.0        0
GREATEST
 SNOW DEPTH         0   MM                             0  MM
 24 HR TOTAL      0.0

DEGREE_DAYS
HEATING TOTAL       0                 7      -7        6
 SINCE 7/1          0                 1      -1        1
COOLING TOTAL     947              1072    -125      998
 SINCE 1/1       1134              1211     -77     1144

FREEZE DATES
RECORD
 EARLIEST     09/13/1902
 LATEST       05/17/1912
EARLIEST                        10/29
LATEST                          04/04
.........................................................

WIND (MPH)
AVERAGE WIND SPEED              5.2
HIGHEST WIND SPEED/DIRECTION    32/310    DATE  08/09
HIGHEST GUST SPEED/DIRECTION    45/310    DATE  08/09

SKY COVER
POSSIBLE SUNSHINE (PERCENT)   MM
AVERAGE SKY COVER           0.20
NUMBER OF DAYS FAIR           69
NUMBER OF DAYS PC             18
NUMBER OF DAYS CLOUDY          5

AVERAGE RH (PERCENT)     75

WEATHER CONDITIONS. NUMBER OF DAYS WITH
THUNDERSTORM              0     MIXED PRECIP               0
HEAVY RAIN               14     RAIN                      15
LIGHT RAIN               24     FREEZING RAIN              0
LT FREEZING RAIN          0     HAIL                       0
HEAVY SNOW                0     SNOW                       0
LIGHT SNOW                0     SLEET                      0
FOG                      54     FOG W/VIS <= 1/4 MILE     10
HAZE                      2

-  INDICATES NEGATIVE NUMBERS.
R  INDICATES RECORD WAS SET OR TIED.
MM INDICATES DATA IS MISSING.
T  INDICATES TRACE AMOUNT.

&&

...DATA FOR HARRISON FOR SUMMER 2014...

IN TERMS OF AVERAGE HIGH...LOW AND SEASONAL TEMPERATURES...IT WAS
THE COOLEST SUMMER IN SEVERAL YEARS.

FOR THE FIRST SUMMER SINCE 2009...THERE WERE NO TEMPERATURES AT OR
ABOVE 100 DEGREES. THERE WERE NO LOW TEMPERATURES AT OR ABOVE 80.

FOR THE FIRST JUNE SINCE 2011...THERE WERE NO DAYS WITH TEMPERATURES
AT OR ABOVE 100 DEGREES. HIGHS WERE THE COLDEST IN A DECADE...WHILE
LOWS WERE THE WARMEST IN THREE YEARS. THERE WAS ONLY ONE DAY WITH A
TEMPERATURE AT OR ABOVE 90 DEGREES...AND THAT WAS ON THE 30TH. THIS
WAS THE FEWEST AMOUNT OF 90-DEGREE DAYS IN THE MONTH OF JUNE SINCE
2008.

JULY WILL LONG BE REMEMBERED AS ONE OF THE COLDEST ON RECORD...IN
TERMS OF AVERAGE TEMPERATURE. THERE WERE SEVERAL PERIODS DURING THE
MONTH WITH TEMPERATURES FALLING INTO THE 50S...AND HIGHS ONLY IN THE
70S. FOR THE SECOND JULY IN A ROW...THERE WERE NO TEMPERATURES AT OR
ABOVE 100 DEGREES. FOR THE FIRST TIME SINCE 2009...THERE WERE NO
TEMPERATURES ABOVE 95 DEGREES.

THE TREND OF BELOW AVERAGE TEMPERATURES CONTINUED WELL INTO AUGUST.
IN MUCH OF THE FIRST HALF OF THE MONTH...TEMPERATURES ONLY REACHED
90 DEGREES. HOWEVER...REVERSING THE TREND OF MUCH OF THE
SUMMER...THE LAST HALF OF AUGUST LARGELY SAW TEMPERATURES AT OR
ABOVE AVERAGE. FOR THE SECOND AUGUST IN A ROW...HOWEVER...THERE WERE
NO TEMPERATURES AT OR ABOVE 100 DEGREES...AND NO LOW TEMPERATURES AT
OR ABOVE 80 DEGREES.

RAINFALL WAS ABOVE AVERAGE FOR THE FIRST JUNE SINCE 2010.

EVEN THOUGH JULY RAINFALL WAS ABOVE AVERAGE...IT WAS THE DRIEST JULY
SINCE 2010.

THERE WAS ONLY MEASURABLE RAINFALL ON FOUR DAYS DURING THE MONTH OF
AUGUST.

.TEMPERATURES...
THE AVERAGE HIGH WAS THE COOLEST SINCE 2008.

THE AVERAGE LOW WAS THE SAME AS 2013.

THE AVERAGE TEMPERATURE WAS THE COOLEST SINCE 2009.

.RAINFALL...
IT WAS THE DRIEST SUMMER SINCE 2012.

$$

57
