000
CXUS54 KLZK 011211
CLSHRO


CLIMATE REPORT
NATIONAL WEATHER SERVICE LITTLE ROCK AR
604 AM CST SUN MAR 1 2015

...................................

...THE HARRISON CLIMATE SUMMARY FOR THE SEASON, FROM
12/1/2014 TO 2/28/2015...

CLIMATE NORMAL PERIOD 1981 TO 2010
CLIMATE RECORD PERIOD 1891 TO 2015

WEATHER         OBSERVED          NORMAL  DEPART  LAST YEAR`S
                 VALUE   DATE(S)  VALUE   FROM    VALUE  DATE(S)
                                          NORMAL
................................................................
TEMPERATURE (F)
RECORD
 HIGH              87   02/05/1927
 LOW              -24   02/12/1899
HIGHEST            75   02/07        47      28       75  02/20
LOWEST              2   01/08        28     -26       -2  01/06
AVG. MAXIMUM     45.5              48.2    -2.7     45.5
AVG. MINIMUM     27.3              28.3    -1.0     23.4
MEAN             36.4              38.3    -1.9     34.5
DAYS MAX >= 90      0               0.0     0.0        0
DAYS MAX <= 32     11               8.4     2.6       19
DAYS MIN <= 32     59              58.4     0.6       69
DAYS MIN <= 0       0               0.6    -0.6        3

PRECIPITATION (INCHES)
RECORD
 MAXIMUM        16.31   1938
 MINIMUM         2.66   1963
TOTALS           5.79              8.40   -2.61     5.70
DAILY AVG.       0.06              0.09   -0.03     0.06
DAYS >= .01        29              24.2     4.8       18
DAYS >= .10        15                                 11
DAYS >= .50         5                                  4
DAYS >= 1.00        0               1.7    -1.7        1
GREATEST
 24 HR. TOTAL    1.16   01/02 TO 01/03

SNOWFALL (INCHES)
RECORDS
 TOTAL           42.2   1918
 24 HR TOTAL     14.3   02/15/1993 TO 02/15/1993                                        SNOW DEPTH        14   02/16/1993
TOTALS            8.7               8.7     0.0     15.8
 LIQUID EQUIV    0.87              0.90   -0.03     1.58
SINCE 7/1         9.3
 LIQUID 7/1      0.93              0.80    0.13     1.58
SNOWDEPTH AVG.      0                 T       0        1
DAYS >= TRACE      16              13.0     3.0       21
DAYS >= 1.0         2               2.0     0.0        5
GREATEST
 SNOW DEPTH         5   02/17
                        02/16
 24 HR TOTAL      5.0   02/16 TO 02/16

DEGREE_DAYS
HEATING TOTAL    2541              2408     133     2722
 SINCE 7/1         MM              3172      MM       MM
COOLING TOTAL       0                 1      -1        0
 SINCE 1/1          0                 0       0        0

FREEZE DATES
RECORD
 EARLIEST     09/13/1902
 LATEST       05/17/1912
EARLIEST                        10/29
LATEST                          04/04
.......................................................

WIND (MPH)
AVERAGE WIND SPEED              7.6
HIGHEST WIND SPEED/DIRECTION    28/160    DATE  12/14
HIGHEST GUST SPEED/DIRECTION    38/310    DATE  01/25

SKY COVER
POSSIBLE SUNSHINE (PERCENT)   MM
AVERAGE SKY COVER           0.50
NUMBER OF DAYS FAIR           33
NUMBER OF DAYS PC             27
NUMBER OF DAYS CLOUDY         30

AVERAGE RH (PERCENT)     70

WEATHER CONDITIONS. NUMBER OF DAYS WITH
THUNDERSTORM              0     MIXED PRECIP               0
HEAVY RAIN                5     RAIN                       9
LIGHT RAIN               26     FREEZING RAIN              6
LT FREEZING RAIN          8     HAIL                       0
HEAVY SNOW                0     SNOW                       1
LIGHT SNOW               14     SLEET                      1
FOG                      46     FOG W/VIS <= 1/4 MILE     11
HAZE                      5

-  INDICATES NEGATIVE NUMBERS.
R  INDICATES RECORD WAS SET OR TIED.
MM INDICATES DATA IS MISSING.
T  INDICATES TRACE AMOUNT.

&&

...DATA FOR HARRISON FOR WINTER 2014-2015...

.SUMMARY...

FOR THE FIRST TWO MONTHS OF WINTER...TEMPERATURES WERE ABOUT A
DEGREE AND A HALF ABOVE AVERAGE. HOWEVER...FEBRUARY...MORE
SPECIFICALLY THE LAST TWO WEEKS OF THE MONTH...THOSE TRENDS
COMPLETELY REVERSED...AND THE SEASON ENDED NEARLY TWO DEGREES BELOW
NORMAL.

THE COLDEST TEMPERATURES WERE RECORDED IN EARLY JANUARY...WHEN THE
MERCURY HIT 2 DEGREES ON THE 8TH.

IN TERMS OF DEPARTURE FROM NORMAL...THAT IS THE DIFFERENCE BETWEEN
THE ACTUAL DAILY AVERAGE TEMPERATURE AND THE 30-YEAR AVERAGE DAILY
TEMPERATURE...THE COLDEST OF WINTER DAYS WERE IN THE LAST TWO WEEKS
OF FEBRUARY.

FOR THE SECOND WINTER IN A ROW...PRECIPITATION WAS BELOW AVERAGE.
THE DRIEST MONTH WAS FEBRUARY AND THE WETTEST MONTH WAS DECEMBER.

MEASURABLE SNOW FELL...AND ALL OF IT WAS IN FEBRUARY. SNOWFALL WAS
RIGHT AT AVERAGE FOR THE SEASON. AVERAGE SNOW DEPTH WAS 0.7 INCHES.

.SEASONAL TEMPERATURES...

THE AVERAGE HIGH TEMPERATURE WAS THE SAME AS LAST WINTER. THE
AVERAGE LOW TEMPERATURE WAS THE WARMEST SINCE 2013-2014. THE AVERAGE
SEASONAL TEMPERATURE WAS THE WARMEST SINCE 2013-2014.

.NUMBER OF DAYS WITH TEMPERATURES...

AT OR BELOW FREEZING....58...FEWEST SINCE 2011-2012
AT OR ABOVE 60 DEGREES..15...FEWEST SINCE 2009-2010

.RAINFALL...

IT WAS THE DRIEST WINTER SINCE 2010-2011.

.SNOWFALL...

SNOWFALL WAS RIGHT AT AVERAGE. IT WAS THE LEAST SNOW TO FALL IN
WINTER SINCE 2012-2013.

.MISCELLANEOUS PHENOMENA...

ON JANUARY 7TH...THE PRESSURE AT HARRISON ROSE TO 30.92 INCHES OF
MERCURY...OR 1047.11 MILLIBARS. THIS SET A NEW ALL-TIME HIGH PRESSURE
RECORD FOR HARRISON. THE PREVIOUS RECORD WAS 30.88 INCHES...OR 1045.75
MILLIBARS...WHICH WAS SET ON JANUARY 7TH 1968. PRESSURE RECORDS FOR
HARRISON BEGAN AUGUST 15TH 1944.

$$

57
