000
CXUS54 KLZK 011852
CLSHRO

CLIMATE REPORT
NATIONAL WEATHER SERVICE LITTLE ROCK AR
1243 PM CST MON DEC 1 2014

...................................

...THE HARRISON CLIMATE SUMMARY FOR THE SEASON, FROM
9/1/2014 TO 11/30/2014...

CLIMATE NORMAL PERIOD 1981 TO 2010
CLIMATE RECORD PERIOD 1891 TO 2014

WEATHER         OBSERVED          NORMAL  DEPART  LAST YEAR`S
                 VALUE   DATE(S)  VALUE   FROM    VALUE  DATE(S)
                                          NORMAL
................................................................
TEMPERATURE (F)
RECORD
 HIGH             106   09/03/1939
                        09/05/1913
                        09/04/1913
 LOW                5   11/14/1908
HIGHEST            92   09/05        69      23       95  09/08
                        09/04
LOWEST             13   11/18        48     -35       16  11/24
AVG. MAXIMUM     68.6              69.8    -1.2     70.1
AVG. MINIMUM     46.9              47.9    -1.0     47.4
MEAN             57.8              58.9    -1.1     58.8
DAYS MAX >= 90      3               3.3    -0.3        7
DAYS MAX <= 32      1               0.3     0.7        1
DAYS MIN <= 32     18               9.4     8.6       13
DAYS MIN <= 0       0               0.0     0.0        0

PRECIPITATION (INCHES)
RECORD
 MAXIMUM        23.75   2009
 MINIMUM         2.47   1999
TOTALS          12.27             11.98    0.29     8.69
DAILY AVG.       0.13              0.13    0.00     0.10
DAYS >= .01        23              29.5    -6.5       29
DAYS >= .10        13                                 15
DAYS >= .50         8                                  4
DAYS >= 1.00        5               3.5     1.5        2
GREATEST
 24 HR. TOTAL    2.50   10/10 TO 10/11

SNOWFALL (INCHES)
RECORDS
 TOTAL            8.5   1951
 24 HR TOTAL      8.0   10/27/1913 TO 10/27/1913
 SNOW DEPTH         8   10/27/1913
TOTALS            0.6               0.5     0.1        T
 LIQUID EQUIV    0.06              0.10   -0.04        T
SINCE 7/1         0.6
 LIQUID 7/1      0.06              0.00    0.06       MM
SNOWDEPTH AVG.      0                 0       0        0
DAYS >= TRACE       4               1.0     3.0        5
DAYS >= 1.0         0               0.0     0.0        0
GREATEST
 SNOW DEPTH         1   11/17                          0  MM
 24 HR TOTAL      0.6   11/16 TO 11/16

DEGREE_DAYS
HEATING TOTAL     853               763      90      812
 SINCE 7/1         MM               764      MM      813
COOLING TOTAL     224               204      20      270
 SINCE 1/1       1358              1416     -58     1414

FREEZE DATES
RECORD
 EARLIEST     09/13/1902
 LATEST       05/17/1912
EARLIEST                        10/29
LATEST                          04/04
......................................................

WIND (MPH)
AVERAGE WIND SPEED              6.8
HIGHEST WIND SPEED/DIRECTION    26/020    DATE  09/17
HIGHEST GUST SPEED/DIRECTION    39/310    DATE  09/17

SKY COVER
POSSIBLE SUNSHINE (PERCENT)   MM
AVERAGE SKY COVER           0.30
NUMBER OF DAYS FAIR           58
NUMBER OF DAYS PC             19
NUMBER OF DAYS CLOUDY         14

AVERAGE RH (PERCENT)     71

WEATHER CONDITIONS. NUMBER OF DAYS WITH
THUNDERSTORM              0     MIXED PRECIP               0
HEAVY RAIN                9     RAIN                      16
LIGHT RAIN               33     FREEZING RAIN              0
LT FREEZING RAIN          0     HAIL                       0
HEAVY SNOW                0     SNOW                       1
LIGHT SNOW                3     SLEET                      1
FOG                      41     FOG W/VIS <= 1/4 MILE     11
HAZE                      6

-  INDICATES NEGATIVE NUMBERS.
R  INDICATES RECORD WAS SET OR TIED.
MM INDICATES DATA IS MISSING.
T  INDICATES TRACE AMOUNT.

&&

...DATA FOR HARRISON FOR FALL 2014...

.SUMMARY...
IN TERMS OF TEMPERATURE...MUCH OF THE FALL WAS BELOW THE 30-YEAR
AVERAGE. IN TERMS OF DEPARTURE FROM NORMAL...OCTOBER WAS THE
WARMEST...WITH TEMPERATURES 2.5 DEGREES ABOVE AVERAGE. NOVEMBER
WAS...BY FAR THE COLDEST...AT 5.7 DEGREES BELOW AVERAGE. THE WARMEST
PERIODS WERE SCATTERED THROUGHOUT OCTOBER...WHILE THE COLDEST PERIOD
WAS NOVEMBER 11TH-21ST...WITH TEMPERATURES AS MUCH AS 20-25 DEGREES
BELOW AVERAGE.

FOR THE FIRST FALL SINCE 2010...RAINFALL WAS ABOVE THE 30-YEAR
AVERAGE. MEASURABLE SNOW FELL FOR THE FIRST TIME SINCE 2006.

.TEMPERATURES...
THE AVERAGE HIGH TEMPERATURE WAS THE COLDEST SINCE 2009. THE AVERAGE
LOW TEMPERATURE WAS THE COLDEST SINCE 2008. THE AVERAGE SEASONAL
TEMPERATURE WAS THE COLDEST SINCE 2008.

.RAINFALL...
IT WAS THE WETTEST FALL SINCE 2010.

.SNOWFALL...
IT WAS THE SNOWIEST FALL SINCE 2006.

$$

57
