000
CXUS53 KILX 011610
CLSILX

CLIMATE REPORT
NATIONAL WEATHER SERVICE LINCOLN IL
1015 AM CDT TUE SEP 1 2015

...................................

...THE LINCOLN IL CLIMATE SUMMARY FOR THE SEASON, FROM
6/1/2015 TO 8/31/2015...

CLIMATE NORMAL PERIOD 1981 TO 2010
CLIMATE RECORD PERIOD 1905 TO 2015

WEATHER         OBSERVED          NORMAL  DEPART  LAST YEAR`S
                 VALUE   DATE(S)  VALUE   FROM    VALUE
                                          NORMAL
.............................................................
TEMPERATURE (F)
RECORD
 HIGH             113   07/15/1936
 LOW               35   06/16/1917
                        06/11/1913
HIGHEST            92   07/13        MM      MM       94
LOWEST             50   08/26        MM      MM       47
AVG. MAXIMUM     82.2              84.2    -2.0     81.5
AVG. MINIMUM     62.1              62.6    -0.5     61.3
MEAN             72.2              73.4    -1.2     71.4
DAYS MAX >= 90      7              17.5   -10.5       MM
DAYS MAX <= 32      0               0.0     0.0       MM
DAYS MIN <= 32      0               0.0     0.0       MM
DAYS MIN <= 0       0               0.0     0.0       MM

PRECIPITATION (INCHES)
RECORD
 MAXIMUM        23.76   1981
 MINIMUM         3.15   1988
TOTALS          16.68             13.30    3.38    17.33
DAILY AVG.       0.18                               0.19
DAYS >= .01        32              27.1     4.9       MM
DAYS >= .10        21              18.2     2.8       MM
DAYS >= .50        12               8.3     3.7       MM
DAYS >= 1.00        6               3.6     2.4       MM
GREATEST
 24 HR. TOTAL    2.40   MM                          1.80

SNOWFALL (INCHES)
RECORDS
 TOTAL              T   2013
                        2011
                        2008
 24 HR TOTAL      0.0   MM
TOTALS            0.0               0.0     0.0      0.0
DAYS >= TRACE       0               0.0     0.0       MM
DAYS >= 1.0         0               0.0     0.0       MM
GREATEST
 SNOW DEPTH         0   MM                             0
 24 HR TOTAL      0.0   MM                           0.0

DEGREE_DAYS
HEATING TOTAL      17                26      -9       17
 SINCE 7/1          9                 9       0       10
COOLING TOTAL     693               798    -105      625
 SINCE 1/1        804               889     -85      754

FREEZE DATES
RECORD
 EARLIEST     09/11/1917
 LATEST       05/29/1925
EARLIEST                        10/12
LATEST                          04/18
..............................................................

SKY COVER
POSSIBLE SUNSHINE (PERCENT)   MM


WEATHER CONDITIONS. NUMBER OF DAYS WITH
THUNDERSTORM             19     MIXED PRECIP               0
HEAVY RAIN               17     RAIN                      22
LIGHT RAIN               39     FREEZING RAIN              0
LT FREEZING RAIN          0     HAIL                       0
HEAVY SNOW                0     SNOW                       0
LIGHT SNOW                0     SLEET                      0
FOG                      34     FOG W/VIS <= 1/4 MILE      4
HAZE                      0

-  INDICATES NEGATIVE NUMBERS.
R  INDICATES RECORD WAS SET OR TIED.
MM INDICATES DATA IS MISSING.
T  INDICATES TRACE AMOUNT.

&&

3RD WETTEST JUNE ON RECORD WITH 9.67 INCHES
RECORD DAILY COOL HIGH TEMPERATURE OF 62 DEGREES ON JULY 8TH
RECORD MONTHLY COOL HIGH TEMPERATURE OF 62 DEGREES ON JULY 8TH

$$
