000
CXUS53 KILX 011422 RRC
CLSILX

CLIMATE REPORT
NATIONAL WEATHER SERVICE LINCOLN IL
922 AM CDT WED JUN 1 2016

...................................

...THE LINCOLN IL CLIMATE SUMMARY FOR THE SEASON, FROM
3/1/2016 TO 5/31/2016...

CLIMATE NORMAL PERIOD 1981 TO 2010
CLIMATE RECORD PERIOD 1905 TO 2016

WEATHER         OBSERVED          NORMAL  DEPART  LAST YEAR`S
                 VALUE   DATE(S)  VALUE   FROM    VALUE
                                          NORMAL
.............................................................
TEMPERATURE (F)
RECORD
 HIGH             102   05/31/1934
 LOW              -14   03/10/1934
HIGHEST            87   05/30        MM      MM       86
LOWEST             16   03/02        MM      MM       -5
AVG. MAXIMUM     64.9              63.1     1.8     63.7
AVG. MINIMUM     43.1              41.3     1.8     40.9
MEAN             54.0              52.2     1.8     52.3
DAYS MAX >= 90      0               0.7    -0.7        0
DAYS MAX <= 32      0               1.8    -1.8        5
DAYS MIN <= 32     17              21.7    -4.7       27
DAYS MIN <= 0       0               0.0     0.0        2

PRECIPITATION (INCHES)
RECORD
 MAXIMUM        19.75   1995
 MINIMUM         4.03   2005
TOTALS           9.71             10.37   -0.66    11.63
DAILY AVG.       0.10                               0.12
DAYS >= .01        35              33.6     1.4       38
DAYS >= .10        22              21.1     0.9       21
DAYS >= .50         7               6.6     0.4       10
DAYS >= 1.00        2               2.1    -0.1        2
GREATEST
 24 HR. TOTAL    1.51   MM                          1.33

SNOWFALL (INCHES)
RECORDS
 TOTAL           21.0   1934
 24 HR TOTAL     10.8   03/24/2013 TO 03/24/2013
TOTALS              T               2.0    -2.0      3.7
DAYS >= TRACE       3               1.8     1.2        1
DAYS >= 1.0         0               0.8    -0.8        1
GREATEST
 SNOW DEPTH         0   MM                             5
 24 HR TOTAL      0.0   MM                           3.7

DEGREE_DAYS
HEATING TOTAL    1078              1269    -191     1260
 SINCE 7/1       4870              5691    -821       MM
COOLING TOTAL      87                91      -4      111
 SINCE 1/1         87                91      -4      111

FREEZE DATES
RECORD
 EARLIEST     09/11/1917
 LATEST       05/29/1925
EARLIEST                        10/12
LATEST                          04/18
..............................................................

SKY COVER
POSSIBLE SUNSHINE (PERCENT)   MM


WEATHER CONDITIONS. NUMBER OF DAYS WITH
THUNDERSTORM             13     MIXED PRECIP               0
HEAVY RAIN                9     RAIN                      21
LIGHT RAIN               41     FREEZING RAIN              0
LT FREEZING RAIN          0     HAIL                       0
HEAVY SNOW                0     SNOW                       0
LIGHT SNOW                2     SLEET                      1
FOG                      28     FOG W/VIS <= 1/4 MILE      6
HAZE                      0

-  INDICATES NEGATIVE NUMBERS.
R  INDICATES RECORD WAS SET OR TIED.
MM INDICATES DATA IS MISSING.
T  INDICATES TRACE AMOUNT.

&&

SEASONAL RECORDS:

NONE

$$
