000
CXUS53 KDLH 031318
CLSINL

CLIMATE REPORT
NATIONAL WEATHER SERVICE DULUTH MN
817 AM CDT WED SEP 3 2014

...................................

...THE INTERNATIONAL FALLS MN CLIMATE SUMMARY FOR THE SEASON, FROM
6/1/2014 TO 8/31/2014...

CLIMATE NORMAL PERIOD 1981 TO 2010
CLIMATE RECORD PERIOD 1895 TO 2014

WEATHER         OBSERVED          NORMAL  DEPART  LAST YEAR`S
                 VALUE   DATE(S)  VALUE   FROM    VALUE
                                          NORMAL
.............................................................
TEMPERATURE (F)
RECORD
 HIGH             103   06/18/1995
 LOW               23   06/01/1964
HIGHEST            90   07/21        MM      MM       89
LOWEST             34   06/08        MM      MM       30
MEAN             62.0              63.1    -1.1     62.8

PRECIPITATION (INCHES)
RECORD
 MAXIMUM        18.99   1942
 MINIMUM         4.96   1910
TOTALS          15.72             10.43    5.29    12.73

SNOWFALL (INCHES)
SINCE 7/1         0.0

DEGREE_DAYS
HEATING TOTAL     343               346      -3      389
COOLING TOTAL      88               173     -85      210
..............................................................

WIND (MPH)
AVERAGE WIND SPEED              6.2
HIGHEST WIND SPEED/DIRECTION    32/330
HIGHEST GUST SPEED/DIRECTION    45/330

SKY COVER
POSSIBLE SUNSHINE (PERCENT)   MM



-  INDICATES NEGATIVE NUMBERS.
R  INDICATES RECORD WAS SET OR TIED.
MM INDICATES DATA IS MISSING.
T  INDICATES TRACE AMOUNT.

$$

.THE 2014 SUMMER SEASON WAS COOLER AND WETTER THAN NORMAL AT
INTERNATIONAL FALLS MN...

THE AVERAGE TEMPERATURE FOR THE SUMMER SEASON WAS 62.0 DEGREES WHICH
IS 1.1 DEGREES BELOW THE NORMAL OF 63.1 DEGREES. THIS TIED FOR THE
12TH COOLEST METEOROLOGICAL SUMMER ON RECORD AT INTERNATIONAL FALLS.
15.72 INCHES OF PRECIPITATION WAS RECORDED FOR THE SEASON WHICH IS
5.29 INCHES ABOVE THE NORMAL OF 10.43 INCHES. THIS RANKS AS THE 4TH
WETTEST SUMMER SEASON ON RECORD.

$$
