000
CXUS53 KDLH 021516
CLSINL

CLIMATE REPORT
NATIONAL WEATHER SERVICE DULUTH MN
916 AM CST MON MAR 2 2014

...................................


...THE INTERNATIONAL FALLS MN CLIMATE SUMMARY FOR THE SEASON, FROM
12/1/2014 TO 2/28/2015...

CLIMATE NORMAL PERIOD 1981 TO 2010
CLIMATE RECORD PERIOD 1895 TO 2015

WEATHER         OBSERVED          NORMAL  DEPART  LAST YEAR`S
                 VALUE   DATE(S)  VALUE   FROM    VALUE
                                          NORMAL
.............................................................
TEMPERATURE (F)
RECORD
 HIGH              58   02/22/2000
 LOW              -55   01/06/1909

HIGHEST            38   01/23        MM      MM       41
                        12/14
LOWEST            -36   02/19        MM      MM      -43
MEAN              7.3               8.1    -0.8     -2.7

PRECIPITATION (INCHES)
RECORD
 MAXIMUM         5.96   1911
 MINIMUM         0.80   1988
TOTALS           2.87              2.00    0.87     3.19

SNOWFALL (INCHES)
SINCE 7/1        56.7
 MAXIMUM         99.2   1991-1992
 MINIMUM         22.2   1999-2000
DEGREE_DAYS
HEATING TOTAL    5143              5123      20     6073
COOLING TOTAL       0                 0       0        0
..............................................................

WIND (MPH)
AVERAGE WIND SPEED              7.4
HIGHEST WIND SPEED/DIRECTION    30/320
HIGHEST GUST SPEED/DIRECTION    37/300

SKY COVER
POSSIBLE SUNSHINE (PERCENT)   MM



-  INDICATES NEGATIVE NUMBERS.
R  INDICATES RECORD WAS SET OR TIED.
MM INDICATES DATA IS MISSING.
T  INDICATES TRACE AMOUNT.

$$

.THE 2014-2015 WINTER SEASON WAS COLDER AND WETTER THAN NORMAL AT
INTERNATIONAL FALLS MN...

THE AVERAGE TEMPERATURE FOR THE WINTER SEASON WAS 7.3 DEGREES WHICH
IS 0.8 DEGREES BELOW THE NORMAL OF 8.1 DEGREES. THIS TIED FOR THE
42ND COLDEST METEOROLOGICAL WINTER ON RECORD AT INTERNATIONAL FALLS.
2.87 INCHES OF PRECIPITATION WAS RECORDED FOR THE SEASON WHICH IS
0.87 INCHES ABOVE THE NORMAL OF 2.00 INCHES. THIS RANKS AS THE 29TH
WETTEST WINTER SEASON ON RECORD. 47.4 INCHES OF SNOW FELL FOR THE
WINTER SEASON WHICH WAS 6.6 INCHES ABOVE THE NORMAL OF 40.8 INCHES.
THIS WAS THE 16TH SNOWIEST WINTER SEASON ON RECORD. 56.7 INCHES OF
SNOW FELL SINCE JULY 1ST WHICH IS 0.6 INCHES ABOVE THE NORMAL OF
56.1 INCHES MAKING THIS THE 23RD SNOWIEST SNOW SEASON ON RECORD AT
INTERNATIONAL FALLS.

$$
