000
CXUS53 KDLH 050313
CLSINL

CLIMATE REPORT
NATIONAL WEATHER SERVICE DULUTH MN
1013 PM CDT THU JUN 4 2015

...................................

...THE INTERNATIONAL FALLS MN CLIMATE SUMMARY FOR THE SEASON, FROM
3/1/2015 TO 5/31/2015...

CLIMATE NORMAL PERIOD 1981 TO 2010
CLIMATE RECORD PERIOD 1895 TO 2015

WEATHER         OBSERVED          NORMAL  DEPART  LAST YEAR`S
                 VALUE   DATE(S)  VALUE   FROM    VALUE
                                          NORMAL
.............................................................
TEMPERATURE (F)
RECORD
 HIGH              95   05/21/1964
 LOW              -38   03/01/1962
HIGHEST            82   05/02        MM      MM       89
LOWEST            -25   03/05        MM      MM      -33
MEAN             38.8              38.2     0.6     33.0

PRECIPITATION (INCHES)
RECORD
 MAXIMUM        10.56   1985
 MINIMUM         1.31   1917
TOTALS           6.15              5.34    0.81     7.07

SNOWFALL (INCHES)
 MAXIMUM        125.9   2009
 MINIMUM         27.1   2000
SINCE 7/1        64.5              71.0    -6.5    101.2

DEGREE_DAYS
HEATING TOTAL    2380              2474     -94     2951
COOLING TOTAL       0                 9      -9       23
..............................................................

WIND (MPH)
AVERAGE WIND SPEED              7.9
HIGHEST WIND SPEED/DIRECTION    33/310
HIGHEST GUST SPEED/DIRECTION    43/330

SKY COVER
POSSIBLE SUNSHINE (PERCENT)   MM



-  INDICATES NEGATIVE NUMBERS.
R  INDICATES RECORD WAS SET OR TIED.
MM INDICATES DATA IS MISSING.
T  INDICATES TRACE AMOUNT.

$$

.THE 2015 SPRING SEASON WAS WARMER AND WETTER THAN NORMAL AT
INTERNATIONAL FALLS MN...

THE AVERAGE TEMPERATURE FOR THE SPRING SEASON WAS 38.8 DEGREES WHICH
IS 0.6 DEGREES ABOVE THE NORMAL OF 38.2 DEGREES. THIS WAS THE
22ND WARMEST METEOROLOGICAL SPRING ON RECORD AT INTERNATIONAL FALLS.
6.15 INCHES OF PRECIPITATION WAS RECORDED FOR THE SEASON WHICH IS 0.81
INCHES ABOVE THE NORMAL OF 5.34 INCHES. THIS WAS THE 26TH
WETTEST SPRING SEASON ON RECORD. 7.8 INCHES OF SNOW FELL FOR THE
SPRING SEASON WHICH WAS 6.4 INCHES BELOW THE NORMAL OF 14.2 INCHES.
THIS TIES FOR THE 25TH LEAST SNOWIEST SPRING SEASON ON RECORD. 64.5
INCHES OF SNOW FELL SINCE JULY 1ST WHICH IS 6.5 INCHES BELOW THE
NORMAL OF 71.0 INCHES MAKING THIS THE 55TH LEAST SNOWIEST SNOW
SEASON ON RECORD AT INTERNATIONAL FALLS.

$$
