000
CXUS53 KDVN 012121
CLSIOW

CLIMATE REPORT
NATIONAL WEATHER SERVICE QUAD CITIES IA IL
321 PM CST WED MAR 1 2017

...................................

...THE IOWA CITY IA CLIMATE SUMMARY FOR THE SEASON, FROM
12/1/2016 TO 2/28/2017...

CLIMATE NORMAL PERIOD 1981 TO 2010
CLIMATE RECORD PERIOD 9999 TO 9999

WEATHER         OBSERVED          NORMAL  DEPART
                 VALUE   DATE(S)  VALUE   FROM
                                          NORMAL
................................................
TEMPERATURE (F)
HIGHEST            77   02/22        40      37
LOWEST            -12   12/18        14     -26
AVG. MAXIMUM     38.7              32.4     6.3
AVG. MINIMUM     21.8              16.6     5.2
MEAN             30.2              24.5     5.7
DAYS MAX >= 90      0
DAYS MAX <= 32     27
DAYS MIN <= 32     73
DAYS MIN <= 0       4

PRECIPITATION (INCHES)
TOTALS           3.24              3.68   -0.44
DAILY AVG.       0.04              0.04    0.00
DAYS >= .01        21
DAYS >= .10         8
DAYS >= .50         2
DAYS >= 1.00        0
GREATEST
 24 HR. TOTAL    0.82   01/16 TO 01/16

DEGREE_DAYS
HEATING TOTAL    3093              3644    -551
 SINCE 7/1       3895              4950   -1055
COOLING TOTAL       0                 0       0
 SINCE 1/1          0                 0       0
.................................................

WIND (MPH)
AVERAGE WIND SPEED              9.0
HIGHEST WIND SPEED/DIRECTION    36/270    DATE  01/10
HIGHEST GUST SPEED/DIRECTION    45/240    DATE  01/10

SKY COVER
POSSIBLE SUNSHINE (PERCENT)   MM
AVERAGE SKY COVER           0.50
NUMBER OF DAYS FAIR           40
NUMBER OF DAYS PC             21
NUMBER OF DAYS CLOUDY         29

AVERAGE RH (PERCENT)     73

WEATHER CONDITIONS. NUMBER OF DAYS WITH
THUNDERSTORM              4     HAIL                       0
SLEET                     0     FOG                       36
FOG W/VIS <= 1/4 MILE    10     HAZE                       7

-  INDICATES NEGATIVE NUMBERS.
R  INDICATES RECORD WAS SET OR TIED.
MM INDICATES DATA IS MISSING.
T  INDICATES TRACE AMOUNT.

$$
