000
CXUS53 KDVN 011300
CLSIOW


CLIMATE REPORT
NATIONAL WEATHER SERVICE QUAD CITIES IA IL
700 AM CST TUE DEC 1 2015

...................................

...THE IOWA CITY IA CLIMATE SUMMARY FOR THE SEASON, FROM
9/1/2015 TO 11/30/2015...

CLIMATE NORMAL PERIOD 1981 TO 2010
CLIMATE RECORD PERIOD 9999 TO 9999

WEATHER         OBSERVED          NORMAL  DEPART
                 VALUE   DATE(S)  VALUE   FROM
                                          NORMAL
................................................
TEMPERATURE (F)
HIGHEST            93   09/06        80      13
LOWEST              5   11/22        23     -18
AVG. MAXIMUM     65.9              62.2     3.7
AVG. MINIMUM     45.1              41.3     3.8
MEAN             55.5              51.7     3.8
DAYS MAX >= 90      4
DAYS MAX <= 32      1
DAYS MIN <= 32     18
DAYS MIN <= 0       0

PRECIPITATION (INCHES)
TOTALS          12.30              8.61    3.69
DAILY AVG.       0.14              0.09    0.05
DAYS >= .01        26
DAYS >= .10        17
DAYS >= .50         8
DAYS >= 1.00        5
GREATEST
 24 HR. TOTAL    1.86   10/20 TO 10/21

DEGREE_DAYS
HEATING TOTAL    1037              1299    -262
 SINCE 7/1       1050              1307    -257
COOLING TOTAL     190                90     100
 SINCE 1/1        934               912      22
.................................................

WIND (MPH)
AVERAGE WIND SPEED              7.9
HIGHEST WIND SPEED/DIRECTION    41/260    DATE  11/11
HIGHEST GUST SPEED/DIRECTION    49/250    DATE  11/12

SKY COVER
POSSIBLE SUNSHINE (PERCENT)   MM
AVERAGE SKY COVER           0.30
NUMBER OF DAYS FAIR           55
NUMBER OF DAYS PC             20
NUMBER OF DAYS CLOUDY         16

AVERAGE RH (PERCENT)     72

WEATHER CONDITIONS. NUMBER OF DAYS WITH
THUNDERSTORM              9     HAIL                       0
SLEET                     0     FOG                       45
FOG W/VIS <= 1/4 MILE     7     HAZE                       6

-  INDICATES NEGATIVE NUMBERS.
R  INDICATES RECORD WAS SET OR TIED.
MM INDICATES DATA IS MISSING.
T  INDICATES TRACE AMOUNT.

$$
