000
CXUS53 KDVN 041721 CCA
CLSIOW

CLIMATE REPORT...RESEND
NATIONAL WEATHER SERVICE QUAD CITIES IA IL
544 AM CST SUN MAR 1 2015

...................................

...THE IOWA CITY IA CLIMATE SUMMARY FOR THE SEASON, FROM
12/1/2014 TO 2/28/2015...

CLIMATE NORMAL PERIOD 1981 TO 2010
CLIMATE RECORD PERIOD 9999 TO 9999

WEATHER         OBSERVED          NORMAL  DEPART
                 VALUE   DATE(S)  VALUE   FROM
                                          NORMAL
................................................
TEMPERATURE (F)
HIGHEST            54   12/14        40      14
LOWEST            -14   02/27        14     -28
                        01/08
AVG. MAXIMUM     30.7              32.4    -1.7
AVG. MINIMUM     13.8              16.6    -2.8
MEAN             22.2              24.5    -2.3
DAYS MAX >= 90      0
DAYS MAX <= 32     42
DAYS MIN <= 32     83
DAYS MIN <= 0      19

PRECIPITATION (INCHES)
TOTALS           2.64              3.68   -1.04
DAILY AVG.       0.03              0.04   -0.01
DAYS >= .01        17
DAYS >= .10         9
DAYS >= .50         0
DAYS >= 1.00        0
GREATEST
 24 HR. TOTAL    0.83   01/31 TO 02/01

DEGREE_DAYS
HEATING TOTAL    3805              3644     161
 SINCE 7/1       5365              4950     415
COOLING TOTAL       0                 0       0
 SINCE 1/1          0                 0       0
.................................................

WIND (MPH)
AVERAGE WIND SPEED              8.4
HIGHEST WIND SPEED/DIRECTION    37/340    DATE  02/14
HIGHEST GUST SPEED/DIRECTION    50/320    DATE  02/11

SKY COVER
POSSIBLE SUNSHINE (PERCENT)   MM
AVERAGE SKY COVER           0.50
NUMBER OF DAYS FAIR           34
NUMBER OF DAYS PC             25
NUMBER OF DAYS CLOUDY         31

AVERAGE RH (PERCENT)     76

WEATHER CONDITIONS. NUMBER OF DAYS WITH
THUNDERSTORM              0     HAIL                       0
SLEET                     0     FOG                       52
FOG W/VIS <= 1/4 MILE    10     HAZE                      24

-  INDICATES NEGATIVE NUMBERS.
R  INDICATES RECORD WAS SET OR TIED.
MM INDICATES DATA IS MISSING.
T  INDICATES TRACE AMOUNT.

$$

===================================================================

NOTE: SUPPLEMENTAL CLIMATE DATA WAS USED FROM A NEARBY
CLIMATOLOGICALLY REPRESENTATIVE STATION.

===================================================================

PARAMETER   DATE
---------   ----
   WTR      02/25

OLSEN
