000
CXUS53 KDVN 011620
CLSIOW


CLIMATE REPORT
NATIONAL WEATHER SERVICE QUAD CITIES IA IL
1016 AM CST TUE MAR 1 2016

...................................

...THE IOWA CITY IA CLIMATE SUMMARY FOR THE SEASON, FROM
12/1/2015 TO 2/29/2016...

CLIMATE NORMAL PERIOD 1981 TO 2010
CLIMATE RECORD PERIOD 9999 TO 9999

WEATHER         OBSERVED          NORMAL  DEPART
                 VALUE   DATE(S)  VALUE   FROM
                                          NORMAL
................................................
TEMPERATURE (F)
HIGHEST            65   02/27        40      25
LOWEST             -6   01/17        14     -20
AVG. MAXIMUM     37.3              32.4     4.9
AVG. MINIMUM     22.7              16.6     6.1
MEAN             30.0              24.5     5.5
DAYS MAX >= 90      0
DAYS MAX <= 32     27
DAYS MIN <= 32     76
DAYS MIN <= 0       3

PRECIPITATION (INCHES)
TOTALS           4.22              3.68    0.54
DAILY AVG.       0.04              0.04    0.00
DAYS >= .01        18
DAYS >= .10         8
DAYS >= .50         2
DAYS >= 1.00        1
GREATEST
 24 HR. TOTAL    1.78   12/13 TO 12/14

DEGREE_DAYS
HEATING TOTAL    3161              3644    -483
 SINCE 7/1       4211              4984    -773
COOLING TOTAL       0                 0       0
 SINCE 1/1          0                 0       0
.................................................

WIND (MPH)
AVERAGE WIND SPEED              9.1
HIGHEST WIND SPEED/DIRECTION    45/280    DATE  02/19
HIGHEST GUST SPEED/DIRECTION    63/280    DATE  02/19

SKY COVER
POSSIBLE SUNSHINE (PERCENT)   MM
AVERAGE SKY COVER           0.50
NUMBER OF DAYS FAIR           28
NUMBER OF DAYS PC             34
NUMBER OF DAYS CLOUDY         29

AVERAGE RH (PERCENT)     78

WEATHER CONDITIONS. NUMBER OF DAYS WITH
THUNDERSTORM              1     HAIL                       0
SLEET                     1     FOG                       52
FOG W/VIS <= 1/4 MILE     7     HAZE                      16

-  INDICATES NEGATIVE NUMBERS.
R  INDICATES RECORD WAS SET OR TIED.
MM INDICATES DATA IS MISSING.
T  INDICATES TRACE AMOUNT.

$$
