000
CXUS51 KCTP 011602
CLSIPT

CLIMATE REPORT
NATIONAL WEATHER SERVICE STATE COLLEGE PA
1147 AM EDT MON JUN 1 2015

...................................

...THE WILLIAMSPORT PA CLIMATE SUMMARY FOR THE SEASON, FROM
3/1/2015 TO 5/31/2015...

CLIMATE NORMAL PERIOD 1981 TO 2010
CLIMATE RECORD PERIOD 1895 TO 2015

WEATHER         OBSERVED          NORMAL  DEPART  LAST YEAR`S
                 VALUE   DATE(S)  VALUE   FROM    VALUE  DATE(S)
                                          NORMAL
................................................................
TEMPERATURE (F)
RECORD
 HIGH              96   05/20/1996
                        05/19/1996
                        05/23/1925
 LOW               -5   03/18/1916

HIGHEST            88   05/08

LOWEST              1   03/06
AVG. MAXIMUM     60.9              60.1     0.8     58.9
AVG. MINIMUM     38.5              38.5     0.0     36.4
MEAN             49.7              49.3     0.4     47.7
DAYS MAX >= 90      0               1.6    -1.6        0
DAYS MAX <= 32      3               1.9     1.1        6
DAYS MIN <= 32     35              27.0     8.0       36
DAYS MIN <= 0       0               0.1    -0.1        0

PRECIPITATION (INCHES)
RECORD
 MAXIMUM        23.75   2011
 MINIMUM         5.15   1926

TOTALS           9.63              9.87   -0.24    10.95
DAILY AVG.       0.11              0.11    0.00     0.12
DAYS >= .01        36              36.4    -0.4       32
DAYS >= .10        23              21.4     1.6       18
DAYS >= .50         3               6.5    -3.5        6
DAYS >= 1.00        2               1.8     0.2        3
GREATEST
 24 HR. TOTAL    1.87   MM

 STORM TOTAL       MM
 (MM/DD(HH))            MM


SNOWFALL (INCHES)
RECORDS
 TOTAL           37.1   1915
 24 HR TOTAL       MM
 SNOW DEPTH        MM   MM

TOTALS           11.4               8.0     3.4      0.1
 LIQUID EQUIV    1.14              0.00    1.14     0.01
SINCE 7/1        44.4              36.0     8.4     45.9
 LIQUID 7/1      4.44              3.60    0.84     4.59
SNOWDEPTH AVG.      1                MM      MM        0
DAYS >= TRACE      12               4.2     7.8        8
DAYS >= 1.0         4               1.9     2.1        0
GREATEST
 SNOW DEPTH         7   03/02

 24 HR TOTAL      4.3   MM


 STORM TOTAL       MM
 (MM/DD(HH))            MM



DEGREE_DAYS
HEATING TOTAL    1517              1490      27     1627
 SINCE 7/1       6154              5958     196       MM
COOLING TOTAL     128                44      84       52
 SINCE 1/1        128                43      85       52

FREEZE DATES
RECORD
 EARLIEST     09/22/1904
 LATEST       05/25/1956
EARLIEST                        09/22
LATEST                          05/25
..................................................

WIND (MPH)
AVERAGE WIND SPEED              6.6
RESULTANT WIND SPEED/DIRECTION   2/294
HIGHEST WIND SPEED/DIRECTION    33/160    DATE  04/13
HIGHEST GUST SPEED/DIRECTION    44/320    DATE  03/17

SKY COVER
POSSIBLE SUNSHINE (PERCENT)   MM
AVERAGE SKY COVER           0.50
NUMBER OF DAYS FAIR           39
NUMBER OF DAYS PC             31
NUMBER OF DAYS CLOUDY         22

AVERAGE RH (PERCENT)     61

WEATHER CONDITIONS. NUMBER OF DAYS WITH
THUNDERSTORM              6     MIXED PRECIP               0
HEAVY RAIN               11     RAIN                      19
LIGHT RAIN               47     FREEZING RAIN              0
LT FREEZING RAIN          1     HAIL                       0
HEAVY SNOW                1     SNOW                       3
LIGHT SNOW               12     SLEET                      1
FOG                      39     FOG W/VIS <= 1/4 MILE      7
HAZE                     14

-  INDICATES NEGATIVE NUMBERS.
R  INDICATES RECORD WAS SET OR TIED.
MM INDICATES DATA IS MISSING.
T  INDICATES TRACE AMOUNT.

$$

LA CORTE
