000
CXUS51 KCTP 050343 RRA
CLSIPT

CLIMATE REPORT
NATIONAL WEATHER SERVICE STATE COLLEGE PA
1138 PM EDT WED JUN 4 2014

...................................

...THE WILLIAMSPORT PA CLIMATE SUMMARY FOR THE SEASON, FROM
9/1/2013 TO 11/30/2013...

CLIMATE NORMAL PERIOD 1981 TO 2010
CLIMATE RECORD PERIOD 1895 TO 2014

WEATHER         OBSERVED          NORMAL  DEPART  LAST YEAR`S
                 VALUE   DATE(S)  VALUE   FROM    VALUE  DATE(S)
                                          NORMAL
................................................................
TEMPERATURE (F)
RECORD
 HIGH             102   09/03/1953
 LOW                3   11/27/1938
HIGHEST            94   09/10         0      94       88  09/01
LOWEST             13   11/30        MM      MM       24  11/30
                                                          11/18
                                                          11/28
AVG. MAXIMUM     63.0              61.8     1.2     61.7
AVG. MINIMUM     41.5              42.6    -1.1     43.5
MEAN             52.2              52.2     0.0     52.6
DAYS MAX >= 90      2               0.7     1.3        0
DAYS MAX <= 32      2               0.5     1.5        0
DAYS MIN <= 32     24              17.4     6.6       20
DAYS MIN <= 0       0               0.0     0.0        0

PRECIPITATION (INCHES)
RECORD
 MAXIMUM        24.67   2011
 MINIMUM         3.10   1930
TOTALS           7.43             11.32   -3.89     7.97
DAILY AVG.       0.08              0.12   -0.04     0.09
DAYS >= .01        26              31.3    -5.3       32
DAYS >= .10        17              18.4    -1.4       18
DAYS >= .50         5               6.8    -1.8        4
DAYS >= 1.00        2               2.8    -0.8        1
GREATEST
 24 HR. TOTAL    1.79   MM


 STORM TOTAL       MM
 (MM/DD(HH))            MM

SNOWFALL (INCHES)
RECORDS
 TOTAL           13.8   1995
 24 HR TOTAL       MM
 SNOW DEPTH        MM   MM
TOTALS            2.2               1.8     0.4      1.8
 LIQUID EQUIV    0.22              0.00    0.22     0.18
SINCE 7/1         2.2               1.8     0.4      1.8
 LIQUID 7/1      0.22              0.20    0.02     0.18
SNOWDEPTH AVG.      0                MM      MM        0
DAYS >= TRACE       8               1.4     6.6        3
DAYS >= 1.0         1               0.5     0.5        1
GREATEST
 SNOW DEPTH         1   11/26
 24 HR TOTAL      1.8   MM

 STORM TOTAL       MM

DEGREE_DAYS
HEATING TOTAL    1238              1231       7     1179
 SINCE 7/1         MM              1245      MM     1180
COOLING TOTAL     104                68      36       73
 SINCE 1/1        863               702     161      951

FREEZE DATES
RECORD
 EARLIEST     09/22/1904
 LATEST       05/25/1956
EARLIEST                        09/22
LATEST                          05/25
.................................................

WIND (MPH)
AVERAGE WIND SPEED              5.1
RESULTANT WIND SPEED/DIRECTION   2/274
HIGHEST WIND SPEED/DIRECTION    35/260    DATE  09/12
HIGHEST GUST SPEED/DIRECTION    47/160    DATE  11/18

SKY COVER
POSSIBLE SUNSHINE (PERCENT)   MM
AVERAGE SKY COVER           0.50
NUMBER OF DAYS FAIR           32
NUMBER OF DAYS PC             41
NUMBER OF DAYS CLOUDY         18

AVERAGE RH (PERCENT)     66

WEATHER CONDITIONS. NUMBER OF DAYS WITH
THUNDERSTORM              5     MIXED PRECIP               0
HEAVY RAIN               14     RAIN                      19
LIGHT RAIN               40     FREEZING RAIN              1
LT FREEZING RAIN          1     HAIL                       0
HEAVY SNOW                0     SNOW                       1
LIGHT SNOW                8     SLEET                      0
FOG                      45     FOG W/VIS <= 1/4 MILE     13
HAZE                     17

-  INDICATES NEGATIVE NUMBERS.
R  INDICATES RECORD WAS SET OR TIED.
MM INDICATES DATA IS MISSING.
T  INDICATES TRACE AMOUNT.

$$
