000
CXUS53 KEAX 020444
CLSIRK

CLIMATE REPORT
NATIONAL WEATHER SERVICE KANSAS CITY/PLEASANT HILL MO
1138 PM CDT THU JUN 1 2017

...................................

...THE KIRKSVILLE CLIMATE SUMMARY FOR THE SEASON, FROM
3/1/2017 TO 5/31/2017...

CLIMATE NORMAL PERIOD 1981 TO 2010
CLIMATE RECORD PERIOD 9999 TO 9999

WEATHER         OBSERVED          NORMAL  DEPART  LAST YEAR`S
                 VALUE   DATE(S)  VALUE   FROM    VALUE  DATE(S)
                                          NORMAL
................................................................
TEMPERATURE (F)
HIGHEST            87   05/15        85       2       85  05/30
LOWEST              7   03/15        11      -4       14  03/02
AVG. MAXIMUM     64.9              62.0     2.9     65.5
AVG. MINIMUM     43.1              41.0     2.1     43.1
MEAN             54.0              51.5     2.5     54.3
DAYS MAX >= 90      0               0.1    -0.1        0
DAYS MAX <= 32      0               2.3    -2.3        0
DAYS MIN <= 32     14              24.4   -10.4       18
DAYS MIN <= 0       0               0.2    -0.2        0

PRECIPITATION (INCHES)
TOTALS          11.56             11.35    0.21     9.70
DAILY AVG.       0.13              0.12    0.01     0.10
DAYS >= .01        32              32.7    -0.7       35
DAYS >= .10        22              20.5     1.5       24
DAYS >= .50        11               7.3     3.7        5
DAYS >= 1.00        2               2.7    -0.7        1
GREATEST
 24 HR. TOTAL    1.54   MM

DEGREE_DAYS
HEATING TOTAL    1084              1307    -223     1031
COOLING TOTAL      92                63      29       72
.................................................................

WIND (MPH)
AVERAGE WIND SPEED              9.9
HIGHEST WIND SPEED/DIRECTION    36/100    DATE  04/30
HIGHEST GUST SPEED/DIRECTION    60/260    DATE  03/06

SKY COVER
POSSIBLE SUNSHINE (PERCENT)   MM
AVERAGE SKY COVER           0.40
NUMBER OF DAYS FAIR           48
NUMBER OF DAYS PC             19
NUMBER OF DAYS CLOUDY         25

AVERAGE RH (PERCENT)     66

WEATHER CONDITIONS. NUMBER OF DAYS WITH
THUNDERSTORM             16     MIXED PRECIP               0
HEAVY RAIN               11     RAIN                      16
LIGHT RAIN               29     FREEZING RAIN              0
LT FREEZING RAIN          0     HAIL                       0
HEAVY SNOW                0     SNOW                       0
LIGHT SNOW                3     SLEET                      0
FOG                      35     FOG W/VIS <= 1/4 MILE      3
HAZE                     12

-  INDICATES NEGATIVE NUMBERS.
R  INDICATES RECORD WAS SET OR TIED.
MM INDICATES DATA IS MISSING.
T  INDICATES TRACE AMOUNT.

$$
