588
CXUS53 KEAX 010904
CLSIRK

CLIMATE REPORT
NATIONAL WEATHER SERVICE KANSAS CITY/PLEASANT HILL MO
259 AM CST TUE DEC 1 2015

...................................

...THE KIRKSVILLE CLIMATE SUMMARY FOR THE SEASON, FROM
9/1/2015 TO 11/30/2015...

CLIMATE NORMAL PERIOD 1981 TO 2010
CLIMATE RECORD PERIOD 9999 TO 9999

WEATHER         OBSERVED          NORMAL  DEPART  LAST YEAR`S
                 VALUE   DATE(S)  VALUE   FROM    VALUE  DATE(S)
                                          NORMAL
................................................................
TEMPERATURE (F)
HIGHEST            93   09/06        89       4       91  09/04
                        09/04
                        09/05
LOWEST             16   11/22        14       2        8  11/18
AVG. MAXIMUM     68.8              63.3     5.5     61.9
AVG. MINIMUM     46.3              42.1     4.2     40.7
MEAN             57.5              52.7     4.8     51.3
DAYS MAX >= 90      6               1.7     4.3        1
DAYS MAX <= 32      0               1.9    -1.9        8
DAYS MIN <= 32     15              21.1    -6.1       23
DAYS MIN <= 0       0               0.0     0.0        0

PRECIPITATION (INCHES)
TOTALS           8.53             10.15   -1.62    15.54
DAILY AVG.       0.09              0.11   -0.02     0.17
DAYS >= .01        25              27.6    -2.6       25
DAYS >= .10        14              14.4    -0.4       12
DAYS >= .50         6               6.0     0.0        6
DAYS >= 1.00        4               2.6     1.4        4
GREATEST
 24 HR. TOTAL    1.78   MM

DEGREE_DAYS
HEATING TOTAL     869              1214    -345     1315
COOLING TOTAL     225                95     130       92
.................................................................

WIND (MPH)
AVERAGE WIND SPEED              8.6
HIGHEST WIND SPEED/DIRECTION    41/230    DATE  11/11
HIGHEST GUST SPEED/DIRECTION    60/260    DATE  11/11

SKY COVER
POSSIBLE SUNSHINE (PERCENT)    0
AVERAGE SKY COVER           0.30
NUMBER OF DAYS FAIR           61
NUMBER OF DAYS PC             16
NUMBER OF DAYS CLOUDY         14

AVERAGE RH (PERCENT)     66

WEATHER CONDITIONS. NUMBER OF DAYS WITH
THUNDERSTORM              8     MIXED PRECIP               0
HEAVY RAIN                7     RAIN                      14
LIGHT RAIN               35     FREEZING RAIN              1
LT FREEZING RAIN          1     HAIL                       0
HEAVY SNOW                0     SNOW                       0
LIGHT SNOW                2     SLEET                      0
FOG                      41     FOG W/VIS <= 1/4 MILE      5
HAZE                     21

-  INDICATES NEGATIVE NUMBERS.
R  INDICATES RECORD WAS SET OR TIED.
MM INDICATES DATA IS MISSING.
T  INDICATES TRACE AMOUNT.

$$
