000
CXUS53 KEAX 011352
CLSIRK

CLIMATE REPORT
NATIONAL WEATHER SERVICE KANSAS CITY/PLEASANT HILL MO
848 AM CDT FRI SEP 1 2017

...................................

...THE KIRKSVILLE CLIMATE SUMMARY FOR THE SEASON, FROM
6/1/2017 TO 8/31/2017...

CLIMATE NORMAL PERIOD 1981 TO 2010
CLIMATE RECORD PERIOD 9999 TO 9999

WEATHER         OBSERVED          NORMAL  DEPART  LAST YEAR`S
                 VALUE   DATE(S)  VALUE   FROM    VALUE  DATE(S)
                                          NORMAL
................................................................
TEMPERATURE (F)
HIGHEST            96   07/22        95       1       97  06/15
                        07/21
LOWEST             48   06/26        48       0       51  06/08
                        06/08
AVG. MAXIMUM     85.8              83.6     2.2     86.3
AVG. MINIMUM     61.7              62.9    -1.2     65.0
MEAN             73.7              73.2     0.5     75.7
DAYS MAX >= 90     25              17.6     7.4       30
DAYS MAX <= 32      0               0.0     0.0        0
DAYS MIN <= 32      0               0.0     0.0        0
DAYS MIN <= 0       0               0.0     0.0        0

PRECIPITATION (INCHES)
TOTALS          10.85             13.26   -2.41    10.85
DAILY AVG.       0.12              0.14   -0.02     0.12
DAYS >= .01        18              33.4   -15.4       27
DAYS >= .10        16              21.4    -5.4       18
DAYS >= .50         8              10.2    -2.2       11
DAYS >= 1.00        3               3.8    -0.8        2
GREATEST
 24 HR. TOTAL    3.20   MM

DEGREE_DAYS
HEATING TOTAL       8                24     -16        6
COOLING TOTAL     833               782      51     1006
.................................................................

WIND (MPH)
AVERAGE WIND SPEED              6.9
HIGHEST WIND SPEED/DIRECTION    32/030    DATE  06/14
HIGHEST GUST SPEED/DIRECTION    50/280    DATE  06/28

SKY COVER
POSSIBLE SUNSHINE (PERCENT)   MM
AVERAGE SKY COVER           0.20
NUMBER OF DAYS FAIR           78
NUMBER OF DAYS PC             12
NUMBER OF DAYS CLOUDY          2

AVERAGE RH (PERCENT)     71

WEATHER CONDITIONS. NUMBER OF DAYS WITH
THUNDERSTORM             16     MIXED PRECIP               0
HEAVY RAIN               12     RAIN                      10
LIGHT RAIN               17     FREEZING RAIN              0
LT FREEZING RAIN          0     HAIL                       0
HEAVY SNOW                0     SNOW                       0
LIGHT SNOW                0     SLEET                      0
FOG                      42     FOG W/VIS <= 1/4 MILE      7
HAZE                      5

-  INDICATES NEGATIVE NUMBERS.
R  INDICATES RECORD WAS SET OR TIED.
MM INDICATES DATA IS MISSING.
T  INDICATES TRACE AMOUNT.

$$
