000
CXUS53 KEAX 011218
CLSIRK

CLIMATE REPORT
NATIONAL WEATHER SERVICE KANSAS CITY/PLEASANT HILL MO
712 AM CDT THU SEP 1 2016

...................................

...THE KIRKSVILLE CLIMATE SUMMARY FOR THE SEASON, FROM
6/1/2016 TO 8/31/2016...

CLIMATE NORMAL PERIOD 1981 TO 2010
CLIMATE RECORD PERIOD 9999 TO 9999

WEATHER         OBSERVED          NORMAL  DEPART  LAST YEAR`S
                 VALUE   DATE(S)  VALUE   FROM    VALUE  DATE(S)
                                          NORMAL
................................................................
TEMPERATURE (F)
HIGHEST            97   06/15        95       2       94  07/17
LOWEST             51   06/08        48       3       48  08/26
                                                          06/02
AVG. MAXIMUM     86.3              83.6     2.7     83.0
AVG. MINIMUM     65.0              62.9     2.1     63.6
MEAN             75.7              73.2     2.5     73.3
DAYS MAX >= 90     30              17.6    12.4       15
DAYS MAX <= 32      0               0.0     0.0        0
DAYS MIN <= 32      0               0.0     0.0        0
DAYS MIN <= 0       0               0.0     0.0        0

PRECIPITATION (INCHES)
TOTALS          10.85             13.26   -2.41    20.47
DAILY AVG.       0.12              0.14   -0.02     0.22
DAYS >= .01        27              33.4    -6.4       41
DAYS >= .10        18              21.4    -3.4       30
DAYS >= .50        11              10.2     0.8       13
DAYS >= 1.00        2               3.8    -1.8        7
GREATEST
 24 HR. TOTAL    1.36   MM

DEGREE_DAYS
HEATING TOTAL       6                24     -18       28
COOLING TOTAL    1006               782     224      809
.................................................................

WIND (MPH)
AVERAGE WIND SPEED              6.5
HIGHEST WIND SPEED/DIRECTION    33/320    DATE  07/07
HIGHEST GUST SPEED/DIRECTION    49/320    DATE  07/07

SKY COVER
POSSIBLE SUNSHINE (PERCENT)   MM
AVERAGE SKY COVER           0.20
NUMBER OF DAYS FAIR           71
NUMBER OF DAYS PC             15
NUMBER OF DAYS CLOUDY          6

AVERAGE RH (PERCENT)     73

WEATHER CONDITIONS. NUMBER OF DAYS WITH
THUNDERSTORM             29     MIXED PRECIP               0
HEAVY RAIN               23     RAIN                      19
LIGHT RAIN               48     FREEZING RAIN              0
LT FREEZING RAIN          0     HAIL                       0
HEAVY SNOW                0     SNOW                       0
LIGHT SNOW                0     SLEET                      0
FOG                      50     FOG W/VIS <= 1/4 MILE      9
HAZE                      3

-  INDICATES NEGATIVE NUMBERS.
R  INDICATES RECORD WAS SET OR TIED.
MM INDICATES DATA IS MISSING.
T  INDICATES TRACE AMOUNT.

$$
