000
CXUS51 KCTP 010941
CLSJST

CLIMATE REPORT
NATIONAL WEATHER SERVICE STATE COLLEGE PA
535 AM EDT MON SEP 1 2014

...................................

...THE JOHNSTOWN CLIMATE SUMMARY FOR THE SEASON, FROM
6/1/2014 TO 8/31/2014...

CLIMATE NORMAL PERIOD 1981 TO 2010
CLIMATE RECORD PERIOD 2000 TO 2014

WEATHER         OBSERVED          NORMAL  DEPART  LAST YEAR`S
                 VALUE   DATE(S)  VALUE   FROM    VALUE  DATE(S)
                                          NORMAL
................................................................
TEMPERATURE (F)
RECORD
 HIGH             104   07/09/1936
 LOW               32   08/31/1894
HIGHEST            85   07/01        MM      MM       87  07/18
LOWEST             46   08/15        MM      MM       42  06/04
                        06/06
AVG. MAXIMUM     74.6              76.3    -1.7     74.6
AVG. MINIMUM     57.9              58.4    -0.5     58.6
MEAN             66.3              67.4    -1.1     66.6
DAYS MAX >= 90      0                MM      MM        0
DAYS MAX <= 32      0                MM      MM        0
DAYS MIN <= 32      0                MM      MM        0
DAYS MIN <= 0       0                MM      MM        0

PRECIPITATION (INCHES)
RECORD
 MAXIMUM        26.89   1980
 MINIMUM         6.25   1894
TOTALS          12.34              7.65    4.69    14.03
DAILY AVG.       0.13              0.13    0.00     0.15
DAYS >= .01        41                MM      MM       43
DAYS >= .10        23                MM      MM       25
DAYS >= .50        10                MM      MM        9
DAYS >= 1.00        3                MM      MM        4
GREATEST
 24 HR. TOTAL    1.69   MM

 STORM TOTAL       MM                                 MM
 (MM/DD(HH))            MM

DEGREE_DAYS
HEATING TOTAL     123               117       6      134
 SINCE 7/1         MM                42      MM       71
COOLING TOTAL     269               342     -73      305
 SINCE 1/1        295               360     -65      345

FREEZE DATES
RECORD
 EARLIEST     08/31/1894
 LATEST       05/27/1915
EARLIEST                        MM
LATEST                          MM
..................................................

WIND (MPH)
AVERAGE WIND SPEED              7.3
RESULTANT WIND SPEED/DIRECTION   3/228
HIGHEST WIND SPEED/DIRECTION    31/270    DATE  07/13
HIGHEST GUST SPEED/DIRECTION    47/220    DATE  06/18

SKY COVER
POSSIBLE SUNSHINE (PERCENT)   MM
AVERAGE SKY COVER           0.50
NUMBER OF DAYS FAIR           41
NUMBER OF DAYS PC             35
NUMBER OF DAYS CLOUDY         16

AVERAGE RH (PERCENT)     74

WEATHER CONDITIONS. NUMBER OF DAYS WITH
THUNDERSTORM             23     MIXED PRECIP               0
HEAVY RAIN               22     RAIN                      28
LIGHT RAIN               53     FREEZING RAIN              0
LT FREEZING RAIN          0     HAIL                       0
HEAVY SNOW                0     SNOW                       0
LIGHT SNOW                0     SLEET                      0
FOG                      56     FOG W/VIS <= 1/4 MILE      9
HAZE                      9

-  INDICATES NEGATIVE NUMBERS.
R  INDICATES RECORD WAS SET OR TIED.
MM INDICATES DATA IS MISSING.
T  INDICATES TRACE AMOUNT.

$$

LA CORTE
