000
CXUS51 KCTP 012047
CLSJST

CLIMATE REPORT
NATIONAL WEATHER SERVICE STATE COLLEGE PA
447 PM EDT TUE SEP 1 2015

...................................

...THE JOHNSTOWN CLIMATE SUMMARY FOR THE SEASON, FROM
6/1/2015 TO 8/31/2015...

CLIMATE NORMAL PERIOD 1981 TO 2010
CLIMATE RECORD PERIOD 2000 TO 2015

WEATHER         OBSERVED          NORMAL  DEPART  LAST YEAR`S
                 VALUE   DATE(S)  VALUE   FROM    VALUE  DATE(S)
                                          NORMAL
................................................................
TEMPERATURE (F)
RECORD
 HIGH             104   07/09/1936
 LOW               32   08/31/1894
HIGHEST            86   08/17        MM      MM       85  07/01
LOWEST             48   07/16        MM      MM       46  08/15
                                                          06/06
AVG. MAXIMUM     76.0              76.3    -0.3     74.6
AVG. MINIMUM     59.5              58.4     1.1     57.9
MEAN             67.8              67.4     0.4     66.3
DAYS MAX >= 90      0                MM      MM        0
DAYS MAX <= 32      0                MM      MM        0
DAYS MIN <= 32      0                MM      MM        0
DAYS MIN <= 0       0                MM      MM        0

PRECIPITATION (INCHES)
RECORD
 MAXIMUM        26.89   1980
 MINIMUM         6.25   1894
TOTALS          19.25              7.65   11.60    12.34
DAILY AVG.       0.21              0.13    0.08     0.13
DAYS >= .01        40                MM      MM       41
DAYS >= .10        28                MM      MM       23
DAYS >= .50        13                MM      MM       10
DAYS >= 1.00        8                MM      MM        3
GREATEST
 24 HR. TOTAL    2.65   06/14-15

 STORM TOTAL       MM
 (MM/DD(HH))            MM

DEGREE_DAYS
HEATING TOTAL      91               117     -26      123
 SINCE 7/1         30                42     -12       MM
COOLING TOTAL     371               342      29      269
 SINCE 1/1        455               360      95      295

FREEZE DATES
RECORD
 EARLIEST     08/31/1894
 LATEST       05/27/1915
EARLIEST                        MM
LATEST                          MM
..................................................

WIND (MPH)
AVERAGE WIND SPEED              7.2
RESULTANT WIND SPEED/DIRECTION   3/245
HIGHEST WIND SPEED/DIRECTION    30/290    DATE  06/23
HIGHEST GUST SPEED/DIRECTION    40/300    DATE  06/23

SKY COVER
POSSIBLE SUNSHINE (PERCENT)   MM
AVERAGE SKY COVER           0.50
NUMBER OF DAYS FAIR           37
NUMBER OF DAYS PC             37
NUMBER OF DAYS CLOUDY         18

AVERAGE RH (PERCENT)     73

WEATHER CONDITIONS. NUMBER OF DAYS WITH
THUNDERSTORM             25     MIXED PRECIP               0
HEAVY RAIN               23     RAIN                      25
LIGHT RAIN               51     FREEZING RAIN              0
LT FREEZING RAIN          0     HAIL                       0
HEAVY SNOW                0     SNOW                       0
LIGHT SNOW                0     SLEET                      0
FOG                      58     FOG W/VIS <= 1/4 MILE     21
HAZE                     22

-  INDICATES NEGATIVE NUMBERS.
R  INDICATES RECORD WAS SET OR TIED.
MM INDICATES DATA IS MISSING.
T  INDICATES TRACE AMOUNT.

$$

LA CORTE
