000
CXUS51 KCTP 011607
CLSJST

CLIMATE REPORT
NATIONAL WEATHER SERVICE STATE COLLEGE PA
1147 AM EDT MON JUN 1 2015

...................................

...THE JOHNSTOWN CLIMATE SUMMARY FOR THE SEASON, FROM
3/1/2015 TO 5/31/2015...

CLIMATE NORMAL PERIOD 1981 TO 2010
CLIMATE RECORD PERIOD 2000 TO 2015

WEATHER         OBSERVED          NORMAL  DEPART  LAST YEAR`S
                 VALUE   DATE(S)  VALUE   FROM    VALUE  DATE(S)
                                          NORMAL
................................................................
TEMPERATURE (F)
RECORD
 HIGH              99   05/12/1984
 LOW               -2   03/06/2015
                        03/01/1990
                        03/01/1990

HIGHEST            82   05/11
LOWEST             -2R  03/06

AVG. MAXIMUM     57.8              55.4     2.4     54.0
AVG. MINIMUM     39.0              37.6     1.4     35.1
MEAN             48.4              46.5     1.9     44.5
DAYS MAX >= 90      0                MM      MM        0
DAYS MAX <= 32      3                MM      MM       12
DAYS MIN <= 32     31                MM      MM       36
DAYS MIN <= 0       1                MM      MM        0

PRECIPITATION (INCHES)
RECORD
 MAXIMUM        20.75   1908
 MINIMUM         6.74   1976

TOTALS          11.00             11.41   -0.41     9.52
DAILY AVG.       0.12              0.12    0.00     0.10
DAYS >= .01        45                MM      MM       40
DAYS >= .10        28                MM      MM       23
DAYS >= .50         6                MM      MM        5
DAYS >= 1.00        2                MM      MM        1
GREATEST
 24 HR. TOTAL    1.20   MM


 STORM TOTAL       MM
 (MM/DD(HH))            MM


DEGREE_DAYS
HEATING TOTAL    1588              1728    -140     1885
 SINCE 7/1       6777              6609     168     7213
COOLING TOTAL      84                24      60       26
 SINCE 1/1         84                24      60       26

FREEZE DATES
RECORD
 EARLIEST     08/31/1894
 LATEST       05/27/1915
EARLIEST                        MM
LATEST                          MM
..................................................

WIND (MPH)
AVERAGE WIND SPEED              9.9
RESULTANT WIND SPEED/DIRECTION   5/259
HIGHEST WIND SPEED/DIRECTION    31/250    DATE  05/12
HIGHEST GUST SPEED/DIRECTION    47/270    DATE  04/10

SKY COVER
POSSIBLE SUNSHINE (PERCENT)   MM
AVERAGE SKY COVER           0.50
NUMBER OF DAYS FAIR           31
NUMBER OF DAYS PC             36
NUMBER OF DAYS CLOUDY         25

AVERAGE RH (PERCENT)     65

WEATHER CONDITIONS. NUMBER OF DAYS WITH
THUNDERSTORM              9     MIXED PRECIP               0
HEAVY RAIN               15     RAIN                      25
LIGHT RAIN               51     FREEZING RAIN              1
LT FREEZING RAIN          3     HAIL                       0
HEAVY SNOW                0     SNOW                       5
LIGHT SNOW               18     SLEET                      0
FOG                      53     FOG W/VIS <= 1/4 MILE     17
HAZE                     11

-  INDICATES NEGATIVE NUMBERS.
R  INDICATES RECORD WAS SET OR TIED.
MM INDICATES DATA IS MISSING.
T  INDICATES TRACE AMOUNT.

$$

LA CORTE
