000
CXUS51 KOKX 020045
CLSLGA

CLIMATE REPORT
NATIONAL WEATHER SERVICE NEW YORK NY
845 PM EDT THU SEP 1 2016

...................................

...THE LAGUARDIA NY CLIMATE SUMMARY FOR THE SEASON, FROM
6/1/2016 TO 8/31/2016...

CLIMATE NORMAL PERIOD 1981 TO 2010
CLIMATE RECORD PERIOD 1939 TO 2016

WEATHER         OBSERVED          NORMAL  DEPART  LAST YEAR`S
                 VALUE   DATE(S)  VALUE   FROM    VALUE
                                          NORMAL
.............................................................
TEMPERATURE (F)
RECORD
 HIGH             107   07/03/1966
 LOW               46   06/11/1972
                        06/01/1945
HIGHEST            99   07/23        MM      MM
LOWEST             55   06/08        MM      MM
AVG. MAXIMUM     86.3              83.2     3.1
AVG. MINIMUM     71.2              67.4     3.8
MEAN             78.7              75.3     3.4
DAYS MAX >= 90     26              15.3    10.7
DAYS MAX <= 32      0               0.0     0.0
DAYS MIN <= 32      0               0.0     0.0
DAYS MIN <= 0       0               0.0     0.0

PRECIPITATION (INCHES)
RECORD
 MAXIMUM        24.11   2011
 MINIMUM         4.30   1966
TOTALS           8.35             12.56   -4.21    10.22
DAILY AVG.       0.09              0.14   -0.05
DAYS >= .01        31              29.1     1.9
DAYS >= .10        22              19.2     2.8
DAYS >= .50         7               8.4    -1.4
DAYS >= 1.00        1               3.4    -2.4
GREATEST
 24 HR. TOTAL    1.08   MM
 STORM TOTAL       MM
 (MM/DD(HH))            MM

SNOWFALL (INCHES)
RECORDS
 TOTAL              T   2011
                        2009
                        2008
 24 HR TOTAL       MM
TOTALS            0.0               0.0     0.0
 LIQUID EQUIV    0.00              0.00    0.00
SINCE 7/1         0.0               0.0     0.0
 LIQUID 7/1      0.00
DAYS >= TRACE       0               0.0     0.0
DAYS >= 1.0         0               0.0     0.0
GREATEST
 SNOW DEPTH         0   MM
 24 HR TOTAL      0.0   MM
 STORM TOTAL       MM
 (MM/DD(HH))            MM

DEGREE_DAYS
HEATING TOTAL       2                17     -15
 SINCE 7/1          0                 1      -1
COOLING TOTAL    1298               966     332
 SINCE 1/1       1417              1033     384
..............................................................

WIND (MPH)
AVERAGE WIND SPEED              9.6
HIGHEST WIND SPEED/DIRECTION    36/320    DATE  06/12
HIGHEST GUST SPEED/DIRECTION    53/290    DATE  07/14

SKY COVER
POSSIBLE SUNSHINE (PERCENT)   MM
AVERAGE SKY COVER           0.60
NUMBER OF DAYS FAIR           17
NUMBER OF DAYS PC             57
NUMBER OF DAYS CLOUDY         18

AVERAGE RH (PERCENT)     60

WEATHER CONDITIONS. NUMBER OF DAYS WITH
THUNDERSTORM              0     MIXED PRECIP               0
HEAVY RAIN               14     RAIN                      14
LIGHT RAIN               35     FREEZING RAIN              0
LT FREEZING RAIN          0     HAIL                       0
HEAVY SNOW                0     SNOW                       0
LIGHT SNOW                0     SLEET                      0
FOG                      22     FOG W/VIS <= 1/4 MILE      1
HAZE                     24

-  INDICATES NEGATIVE NUMBERS.
R  INDICATES RECORD WAS SET OR TIED.
MM INDICATES DATA IS MISSING.
T  INDICATES TRACE AMOUNT.

$$
