000
CXUS51 KOKX 020114 RRB
CLSLGA

NYCCLMLGA 000
TTAA00 KOKX 020113


CLIMATE REPORT
NATIONAL WEATHER SERVICE NEW YORK NY
812 PM EST WED MAR 1 2017

...................................

...THE LAGUARDIA NY CLIMATE SUMMARY FOR THE SEASON, FROM
12/1/2016 TO 2/28/2017...

CLIMATE NORMAL PERIOD 1981 TO 2010
CLIMATE RECORD PERIOD 1939 TO 2017

WEATHER         OBSERVED          NORMAL  DEPART  LAST YEAR`S
                 VALUE   DATE(S)  VALUE   FROM    VALUE
                                          NORMAL
.............................................................
TEMPERATURE (F)
RECORD
 HIGH              95   01/12/2015
 LOW               -7   02/15/1943
HIGHEST            70   02/24        MM      MM
LOWEST             17   01/09        MM      MM
AVG. MAXIMUM     46.7              41.9     4.8
AVG. MINIMUM     35.2              29.1     6.1
MEAN             40.9              35.5     5.4
DAYS MAX >= 90      0               0.0     0.0
DAYS MAX <= 32      4              13.6    -9.6
DAYS MIN <= 32     27              53.4   -26.4
DAYS MIN <= 0       0               0.1    -0.1

PRECIPITATION (INCHES)
RECORD
 MAXIMUM        17.86   1979
 MINIMUM         4.73   2002
TOTALS           8.95              9.49   -0.54    12.86
DAILY AVG.       0.10              0.11   -0.01
DAYS >= .01        31              30.4     0.6
DAYS >= .10        19              17.9     1.1
DAYS >= .50         7               6.6     0.4
DAYS >= 1.00        1               2.2    -1.2
GREATEST
 24 HR. TOTAL    1.71   MM
 STORM TOTAL       MM
 (MM/DD(HH))            MM

SNOWFALL (INCHES)
RECORDS
 TOTAL           52.1   2014
 24 HR TOTAL     27.9   MM
TOTALS           23.4              21.7     1.7
 LIQUID EQUIV    2.34              2.20    0.14
SINCE 7/1        23.4              22.0     1.4
 LIQUID 7/1      2.34
DAYS >= TRACE      11              10.6     0.4
DAYS >= 1.0         5               4.9     0.1
GREATEST
 SNOW DEPTH         8   02/10
 24 HR TOTAL     10.0   MM
 STORM TOTAL       MM
 (MM/DD(HH))            MM

DEGREE_DAYS
HEATING TOTAL    2149              2654    -505
 SINCE 7/1         MM              3429      MM
COOLING TOTAL       0                 0       0
 SINCE 1/1          0                 0       0
..............................................................

WIND (MPH)
AVERAGE WIND SPEED              12.2
HIGHEST WIND SPEED/DIRECTION    46/320    DATE  02/13
HIGHEST GUST SPEED/DIRECTION    61/290    DATE  02/13

SKY COVER
POSSIBLE SUNSHINE (PERCENT)   MM
AVERAGE SKY COVER           0.70
NUMBER OF DAYS FAIR            8
NUMBER OF DAYS PC             43
NUMBER OF DAYS CLOUDY         39

AVERAGE RH (PERCENT)     58

WEATHER CONDITIONS. NUMBER OF DAYS WITH
THUNDERSTORM              0     MIXED PRECIP               0
HEAVY RAIN                6     RAIN                      14
LIGHT RAIN               32     FREEZING RAIN              1
LT FREEZING RAIN          2     HAIL                       0
HEAVY SNOW                1     SNOW                       6
LIGHT SNOW               10     SLEET                      2
FOG                      34     FOG W/VIS <= 1/4 MILE      7
HAZE                     20

-  INDICATES NEGATIVE NUMBERS.
R  INDICATES RECORD WAS SET OR TIED.
MM INDICATES DATA IS MISSING.
T  INDICATES TRACE AMOUNT.

$$
