000
CXUS54 KLZK 012212
CLSLIT

CLIMATE REPORT
NATIONAL WEATHER SERVICE LITTLE ROCK AR
455 PM CDT SUN JUN 1 2014

...................................

...THE LITTLE ROCK ADAMS FIELD CLIMATE SUMMARY FOR THE SEASON, FROM
3/1/2014 TO 5/31/2014...

CLIMATE NORMAL PERIOD 1981 TO 2010
CLIMATE RECORD PERIOD 1874 TO 2014

WEATHER         OBSERVED          NORMAL  DEPART  LAST YEAR`S
                 VALUE   DATE(S)  VALUE   FROM    VALUE  DATE(S)
                                          NORMAL
................................................................
TEMPERATURE (F)
RECORD
 HIGH              98   05/31/1998
                        05/26/1964
 LOW               11   03/03/1943
HIGHEST            90   05/04        MM      MM       90  05/20
LOWEST             16   03/03        MM      MM       23  03/03
AVG. MAXIMUM     71.0              72.8    -1.8     70.2
AVG. MINIMUM     49.2              51.6    -2.4     48.7
MEAN             60.1              62.2    -2.1     59.5
DAYS MAX >= 90      1               2.4    -1.4        1
DAYS MAX <= 32      2               0.1     1.9        0
DAYS MIN <= 32      9               3.6     5.4        7
DAYS MIN <= 0       0               0.0     0.0        0

PRECIPITATION (INCHES)
TOTALS          16.86             14.69    2.17    16.06
DAILY AVG.       0.18              0.16    0.02     0.17
DAYS >= .01        31              30.3     0.7       32
DAYS >= .10        24              21.2     2.8       20
DAYS >= .50        11              10.2     0.8       12
DAYS >= 1.00        5               4.4     0.6        5
GREATEST
 24 HR. TOTAL    2.76   04/13 TO 04/14

SNOWFALL (INCHES)
RECORDS
 TOTAL           12.0   1875
 24 HR TOTAL     12.0   03/06/1875 TO 03/06/1875
 SNOW DEPTH         8   03/17/1892
TOTALS            2.2               0.4     1.8        T
 LIQUID EQUIV    0.22              0.00    0.22        T
SINCE 7/1         6.2               3.5     2.7     10.6
 LIQUID 7/1      0.62                MM      MM     1.06
SNOWDEPTH AVG.      0                 0       0        0
DAYS >= TRACE       6               0.3     5.7        1
DAYS >= 1.0         1               0.1     0.9        0
GREATEST
 SNOW DEPTH         2   03/03                          0  MM
 24 HR TOTAL      1.9   03/02 TO 03/03

DEGREE_DAYS
HEATING TOTAL     691               539     152      743
 SINCE 7/1         MM              3052      MM     3029
COOLING TOTAL     267               279     -12      256
 SINCE 1/1        267               281     -14      261

FREEZE DATES
RECORD
 EARLIEST     10/20/1989
 LATEST       04/19/1983
EARLIEST                        11/13
LATEST                          03/19
..................................................

WIND (MPH)
AVERAGE WIND SPEED              7.9
HIGHEST WIND SPEED/DIRECTION    32/010    DATE  04/08
HIGHEST GUST SPEED/DIRECTION    45/310    DATE  04/13

SKY COVER
POSSIBLE SUNSHINE (PERCENT)   MM
AVERAGE SKY COVER           0.60
NUMBER OF DAYS FAIR           19
NUMBER OF DAYS PC             41
NUMBER OF DAYS CLOUDY         32


WEATHER CONDITIONS. NUMBER OF DAYS WITH
THUNDERSTORM              0     MIXED PRECIP               0
HEAVY RAIN               15     RAIN                      22
LIGHT RAIN               40     FREEZING RAIN              0
LT FREEZING RAIN          1     HAIL                       2
HEAVY SNOW                0     SNOW                       1
LIGHT SNOW                4     SLEET                      3
FOG                      43     FOG W/VIS <= 1/4 MILE      2
HAZE                     11

-  INDICATES NEGATIVE NUMBERS.
R  INDICATES RECORD WAS SET OR TIED.
MM INDICATES DATA IS MISSING.
T  INDICATES TRACE AMOUNT.

&&

...DATA FOR LITTLE ROCK ADAMS FIELD FOR SPRING 2014...

.SUMMARY...

EVEN THOUGH AVERAGE TEMPERATURES WERE WARMER THIS SPRING...READINGS
WERE STILL BELOW THE 30-YEAR AVERAGE FOR THE 3-MONTH SEASON FROM
MARCH 1ST-MAY 31ST. OVER ALL...READINGS WERE VERY SIMILAR TO LAST SPRING.
HOWEVER...HIGHS WERE WARMER THIS SPRING...WITH COLDER LOWS IN MARCH.

THE BIG STORY THIS SPRING WAS THE COLD IN EARLY MARCH...WHERE LITTLE
ROCK SAW SOME OF THE COLDEST TEMPERATURES EVER RECORDED IN THE MONTH
OF MARCH...AS WELL AS THE CLIMATOLOGICAL SPRING. ALSO...SLEET AND
SNOW FELL...AND STAYED ON THE GROUND FOR SEVERAL DAYS...PROLONGING
THE COLDER TEMPERATURES.

THERE WAS ANOTHER COLD SNAP IN MID AND LATE MARCH. WITH THE ONE IN
MID MARCH...SNOW FELL...AND LITTLE ROCK SAW ITS LATEST MEASURABLE
SNOWFALL SINCE 1987...AND LATEST SNOWFALL SINCE 2003.

TEMPERATURES GRADUALLY WARMED THROUGH APRIL...THOUGH READINGS CAME
WITHIN TWO DEGREES OF THE FREEZING MARK ON THE 15TH. DURING MAY...THE
WARMEST READINGS CAME EARLY IN THE FIRST WEEK...AND BY MID MONTH...
TEMPERATURES HAD FALLEN CLOSE TO RECORD LOWS...AND WITHIN THREE
DEGREES OF THE ALL-TIME RECORD LOW FOR MAY.

.TEMPERATURES...
AVERAGE HIGH...LOW AND SEASONAL TEMPERATURES...EVEN THOUGH BELOW THE
30-YEAR AVERAGE...WERE THE WARMEST SINCE 2012.

THE AVERAGE LOW TEMPERATURE WAS THE 11TH COLDEST ON RECORD.

THE AVERAGE SEASONAL TEMPERATURE WAS THE 20TH COLDEST ON RECORD.

THERE WERE NINE DAYS WITH LOW TEMPERATURES AT OR BELOW FREEZING...
WHICH WAS THE MOST SINCE THE SPRING OF 2002. THERE WERE TWO DAYS
WITH HIGHS AT OR BELOW FREEZING...WHICH WAS THE MOST SINCE THE
SPRING OF 1965...AND TIED WITH THE SPRING OF 1965...1960...AND 1922
FOR THE MOST ON RECORD.

AS WAS THE CASE LAST YEAR...THERE WAS ONE DAY WITH A TEMPERATURE AT
OR ABOVE 90 DEGREES.

.RAINFALL...
FOR THE 2ND SPRING IN A ROW...RAINFALL WAS ABOVE AVERAGE. IT WAS THE
WETTEST SPRING SINCE 2011. MEASURABLE RAIN FELL ON 31 DAYS...ONE
LESS THAN 2013.

.SNOWFALL...
SNOW FELL FOR THE FIRST TIME SINCE 2009...AND MEASURABLE SNOW FELL
FOR THE FIRST TIME SINCE 2008.

IT WAS THE SNOWIEST SPRING SINCE 2008...AND THE 13TH SNOWIEST ON
RECORD.

THERE WERE FOUR DAYS WITH SNOWFALL DURING THE SPRING...WHICH WAS THE
MOST SINCE 2008. THERE WERE THREE DAYS WITH MEASURABLE SNOWFALL..WHICH
WAS THE MOST SINCE 2008.

THERE WERE FOUR DAYS WITH MEASURABLE SNOW ON THE GROUND...WHICH WAS
THE MOST SINCE 1960...AND THE MOST ON RECORD. THE AVERAGE SNOW DEPTH
FOR THE SEASON WAS 0.1 INCH...WHICH TIED 1891...1892...AND 1960 FOR
THE 2ND HIGHEST ON RECORD. THE HIGHEST WAS 0.2 INCHES IN 1876.

.FIRST/LAST DATES...
LAST FREEZE...MARCH 26TH...ONE DAY EARLIER THAN LAST YEAR
FIRST 80-DEGREE DAY...APRIL 3RD...THE LATEST SINCE 2001
FIRST 90-DEGREE DAY...MAY 4TH...THE EARLIEST SINCE 2012.

$$

57
