000
CXUS54 KLZK 021338
CLSLIT


CLIMATE REPORT
NATIONAL WEATHER SERVICE LITTLE ROCK AR
732 AM CST WED MAR 2 2016

...................................

...THE LITTLE ROCK ADAMS FIELD CLIMATE SUMMARY FOR THE SEASON, FROM
12/1/2015 TO 2/29/2016...

CLIMATE NORMAL PERIOD 1981 TO 2010
CLIMATE RECORD PERIOD 1874 TO 2016

WEATHER         OBSERVED          NORMAL  DEPART  LAST YEAR`S
                 VALUE   DATE(S)  VALUE   FROM    VALUE  DATE(S)
                                          NORMAL
................................................................
TEMPERATURE (F)
RECORD
 HIGH              87   02/25/1918
 LOW              -12   02/12/1899
HIGHEST            81   12/26        MM      MM       75  02/14
LOWEST             22   01/18        MM      MM       10  01/08
AVG. MAXIMUM     58.0              52.6     5.4     50.5
AVG. MINIMUM     37.5              33.1     4.4     32.5
MEAN             47.8              42.8     5.0     41.5
DAYS MAX >= 90      0               0.0     0.0        0
DAYS MAX <= 32      0               3.9    -3.9        4
DAYS MIN <= 32     31              42.7   -11.7       42
DAYS MIN <= 0       0               0.0     0.0        0

PRECIPITATION (INCHES)
TOTALS          14.07             12.18    1.89     9.97
DAILY AVG.       0.15              0.14    0.01     0.11
DAYS >= .01        21              27.7    -6.7       27
DAYS >= .10        19              17.7     1.3       18
DAYS >= .50         8               8.5    -0.5        9
DAYS >= 1.00        6               3.3     2.7        3
GREATEST
 24 HR. TOTAL    4.24   12/27 TO 12/28

SNOWFALL (INCHES)
RECORDS
 TOTAL           20.0   1918
 24 HR TOTAL     13.0   01/17/1893 TO 01/18/1893
 SNOW DEPTH        15   01/21/1918
TOTALS            5.7               3.1     2.6      5.3
 LIQUID EQUIV    0.57              0.30    0.27     0.53
SINCE 7/1         5.7               3.1     2.6      5.4
 LIQUID 7/1      0.57                MM      MM     0.54
SNOWDEPTH AVG.      0                 T       0        0
DAYS >= TRACE       4               1.4     2.6        9
DAYS >= 1.0         1               0.8     0.2        3
GREATEST
 SNOW DEPTH         6   01/22
 24 HR TOTAL      5.7   01/21 TO 01/22

DEGREE_DAYS
HEATING TOTAL    1565              1999    -434     2075
 SINCE 7/1         MM              2529      MM       MM
COOLING TOTAL      17                 3      14        0
 SINCE 1/1          6                 2       4        0

FREEZE DATES
RECORD
 EARLIEST     10/20/1989
 LATEST       04/19/1983
EARLIEST                        11/13
LATEST                          03/19
.......................................................

WIND (MPH)
AVERAGE WIND SPEED              8.2
HIGHEST WIND SPEED/DIRECTION    35/210    DATE  12/28
HIGHEST GUST SPEED/DIRECTION    44/230    DATE  12/28

SKY COVER
POSSIBLE SUNSHINE (PERCENT)   MM
AVERAGE SKY COVER           0.50
NUMBER OF DAYS FAIR           32
NUMBER OF DAYS PC             30
NUMBER OF DAYS CLOUDY         29


WEATHER CONDITIONS. NUMBER OF DAYS WITH
THUNDERSTORM              0     MIXED PRECIP               0
HEAVY RAIN               10     RAIN                      13
LIGHT RAIN               27     FREEZING RAIN              1
LT FREEZING RAIN          2     HAIL                       1
HEAVY SNOW                1     SNOW                       2
LIGHT SNOW                4     SLEET                      2
FOG                      30     FOG W/VIS <= 1/4 MILE      9
HAZE                      1

-  INDICATES NEGATIVE NUMBERS.
R  INDICATES RECORD WAS SET OR TIED.
MM INDICATES DATA IS MISSING.
T  INDICATES TRACE AMOUNT.

&&

...DATA FOR LITTLE ROCK ADAMS FIELD FOR WINTER 2015-2016...

.SUMMARY...
THE WINTER OF 2015-2016 WAS RATHER WARM. TEMPERATURES IN THE 70S IN
EARLY AND MID DECEMBER...LATE JANUARY AND SCATTERED THROUGHOUT
FEBRUARY ASSURED THAT IT WAS ONE OF THE WARMEST WINTERS EVER
RECORDED. TEMPERATURES WERE SOME OF THE WARMEST IN SEVERAL YEARS...
WITH A READING OF 81 DEGREES ON THE 26TH OF DECEMBER. THIS WAS THE
WARMEST WINTER TEMPERATURE SINCE 2011-2012.

.SEASONAL TEMPERATURES...
THE SEASONAL HIGH TEMPERATURE WAS THE WARMEST SINCE 1931-1932...AND
THE 4TH WARMEST ON RECORD. THE SEASONAL LOW TEMPERATURE WAS THE
WARMEST SINCE 1997-1998. THE AVERAGE SEASONAL TEMPERATURE WAS THE
WARMEST SINCE 1931-1932...AND THE 6TH WARMEST ON RECORD.

THERE WERE 31 DAYS WITH TEMPERATURES AT OR BELOW FREEZING...WHICH
WAS THE FEWEST IN FOUR YEARS /SINCE 2011-2012/.

.RAINFALL...
RAINFALL WAS ABOVE AVERAGE FOR THE FIRST TIME SINCE 2013-2014. IT
WAS THE WETTEST WINTER SINCE 2012-2013.

.SNOWFALL...
SNOWFALL WAS ABOVE AVERAGE FOR THE FOURTH WINTER IN A ROW. ALL OF IT
FELL IN JANUARY. THE GREATEST 24-HOUR SNOWFALL DURING THE WINTER WAS
DURING THE JANUARY 21ST-22ND STORM...WITH A TOTAL OF 5.7 INCHES.

$$

57
