000
CXUS53 KJKL 010746
CLSLOZ

CLIMATE REPORT
NATIONAL WEATHER SERVICE JACKSON KY
246 AM EST MON DEC 1 2014

...................................

...THE LONDON KY CLIMATE SUMMARY FOR THE SEASON, FROM
9/1/2014 TO 11/30/2014...

CLIMATE NORMAL PERIOD 1981 TO 2010
CLIMATE RECORD PERIOD 1954 TO 2014

WEATHER         OBSERVED          NORMAL  DEPART  LAST YEAR`S
                 VALUE   DATE(S)  VALUE   FROM    VALUE  DATE(S)
                                          NORMAL
................................................................
TEMPERATURE (F)
RECORD
 HIGH              97   09/05/2007
 LOW                2   11/30/1976
HIGHEST            91   09/02        MM      MM       89  09/10
                        09/01
LOWEST             16   11/19        MM      MM       16  11/28
AVG. MAXIMUM     66.4              69.2    -2.8     68.2
AVG. MINIMUM     46.5              46.3     0.2     46.4
MEAN             56.5              57.7    -1.2     57.3
DAYS MAX >= 90      2               2.0     0.0        0
DAYS MAX <= 32      2               0.2     1.8        1
DAYS MIN <= 32     17              13.8     3.2       21
DAYS MIN <= 0       0               0.0     0.0        0

PRECIPITATION (INCHES)
RECORD
 MAXIMUM        20.16   2004
 MINIMUM         4.07   2008
TOTALS          12.65             10.22    2.43     8.94
DAILY AVG.       0.14              0.11    0.03     0.10
DAYS >= .01        35              27.5     7.5       31
DAYS >= .10        22              17.9     4.1       20
DAYS >= .50         8               7.1     0.9        4
DAYS >= 1.00        5               2.5     2.5        2
GREATEST
 24 HR. TOTAL    2.06   10/14 TO 10/14              1.27

SNOWFALL (INCHES)
RECORDS
 TOTAL            4.5   1963
                        1959
TOTALS             MM                 T      MM       MM
SINCE 7/1          MM                 T      MM       MM
SNOWDEPTH AVG.     MM                MM      MM       MM
DAYS >= 1.0        MM               0.0      MM       MM
GREATEST
 24 HR TOTAL       MM                                 MM

DEGREE_DAYS
HEATING TOTAL     944               829     115      867
 SINCE 7/1        944               830     114      867
COOLING TOTAL     193               165      28      191
 SINCE 1/1       1247              1190      57     1083
.................................................................

WIND (MPH)
AVERAGE WIND SPEED              5.1
RESULTANT WIND SPEED/DIRECTION   2/241
HIGHEST WIND SPEED/DIRECTION    33/220    DATE  11/24
HIGHEST GUST SPEED/DIRECTION    55/230    DATE  11/24

SKY COVER
POSSIBLE SUNSHINE (PERCENT)   MM
NUMBER OF DAYS FAIR           39
NUMBER OF DAYS PC             30
NUMBER OF DAYS CLOUDY         22

AVERAGE RH (PERCENT)     68

WEATHER CONDITIONS. NUMBER OF DAYS WITH
THUNDERSTORM              8     MIXED PRECIP               0
HEAVY RAIN               14     RAIN                      18
LIGHT RAIN               37     FREEZING RAIN              0
LT FREEZING RAIN          0     HAIL                       0
HEAVY SNOW                0     SNOW                       0
LIGHT SNOW                5     SLEET                      0
FOG                      52     FOG W/VIS <= 1/4 MILE      8
HAZE                      8

-  INDICATES NEGATIVE NUMBERS.
R  INDICATES RECORD WAS SET OR TIED.
MM INDICATES DATA IS MISSING.
T  INDICATES TRACE AMOUNT.

$$

CARICO
