000
CXUS53 KARX 012055 RRA
CLSLSE

CLIMATE REPORT
NATIONAL WEATHER SERVICE LA CROSSE WI
255 PM CDT TUE MAR 1 2016

...LA CROSSE WI 2015-16 METEOROLOGICAL WINTER SUMMARY...

DURING METEOROLOGICAL WINTER (DECEMBER 1 THROUGH FEBRUARY 29),
LA CROSSE REGIONAL AIRPORT WAS WARMER AND WETTER THAN NORMAL.  THE
INFORMATION BELOW PROVIDES MORE DETAILS ON THESE STATISTICS.

TEMPERATURES -  7TH WARMEST WINTER

FROM DECEMBER 1ST THROUGH FEBRUARY 29TH...THE AVERAGE TEMPERATURE AT
LA CROSSE REGIONAL AIRPORT WAS 26.4 DEGREES.  THIS WAS 5.9 DEGREES
WARMER THAN THE 1981-2010 WINTER NORMAL OF 20.5 DEGREES.  THIS TIED
1931-32 FOR THE 7TH WARMEST WINTER IN LA CROSSE WI.  WITH THIS BEING
AN EL NINO WINTER...IT WAS NOT SURPRISING THAT IT WAS SO WARM.  SIX
OF THE TEN WARMEST WINTERS OCCURRED DURING EL NINO.  HERE ARE THE
TEN WARMEST WINTERS IN LA CROSSE WI.

           WARMEST WINTERS
           IN LA CROSSE WI

              AVERAGE
   RANK     TEMPERATURE      WINTER
   ----     -----------      ------
     1     34.2 DEGREES     1877-78 - EL NINO
     2     29.8 DEGREES     1881-82
     3     29.2 DEGREES     2001-02
     4     29.0 DEGREES     1997-98 - EL NINO
     5     27.8 DEGREES     1930-31 - EL NINO
     6     27.0 DEGREES     2011-12
     7     26.4 DEGREES     2015-16 - EL NINO
           26.4 DEGREES     1931-32
     9     26.1 DEGREES     1943-44
    10     26.0 DEGREES     1991-92 - EL NINO
           26.0 DEGREES     1986-87 - EL NINO

THE AVERAGE MAXIMUM TEMPERATURE WAS 33.2 DEGREES.  THIS WAS 4.5
DEGREES WARMER THAN THE 1981-2010 NORMAL OF 28.7 DEGREES.  THIS WAS
THE 15TH WARMEST.  THE AVERAGE MINIMUM TEMPERATURE WAS 19.6 DEGREES.
THIS WAS 7.4 DEGREES WARMER THAN THE 1981-2010 NORMAL OF 12.2
DEGREES. THIS WAS THE 6TH WARMEST.

THE TABLE BELOW CONTAINS THE MONTHLY TEMPERATURES AND THEIR
DEPARTURES FROM NORMAL FOR THE WINTER OF 2014-15.

          WINTER 2015-16 TEMPERATURES
               IN LA CROSSE WI

                  AVERAGE            DEPARTURE
   MONTH        TEMPERATURE         FROM NORMAL
   -----        -----------         -----------
 DECEMBER       34.2 DEGREES       +12.6 DEGREES - 2ND WARMEST
 JANUARY        19.4 DEGREES        +2.0 DEGREES
 FEBRUARY       25.5 DEGREES        +3.0 DEGREES

 WINTER         20.2 DEGREES        -0.3 DEGREES - 6TH WARMEST

THE WARMEST TEMPERATURE WAS 62 DEGREES ON FEBRUARY 27TH. THE COLDEST
TEMPERATURE WAS -11 DEGREES ON JANUARY 18TH.

THE DAILY AVERAGE TEMPERATURES WERE ABOVE NORMAL ON 70 DAYS (78.0
PERCENT), BELOW NORMAL ON 19 DAYS (20.9 PERCENT), AND NORMAL ON 2
DAYS (2.2 PERCENT).

THE TEMPERATURE FELL BELOW ZERO 12 TIMES. NORMALLY...THERE ARE 21
SUB-ZERO TEMPERATURES IN A WINTER.

PRECIPITATION - 2ND WETTEST

FROM DECEMBER 1ST THROUGH FEBRUARY 29TH, LA CROSSE REGIONAL AIRPORT
RECEIVED 6.58 INCHES OF PRECIPITATION.  THIS WAS 3.05 INCHES WETTER
THAN THE 1981-2010 WINTER NORMAL OF 3.53 INCHES.  THIS MADE IT THE
2ND WETTEST WINTER IN LA CROSSE.

          WINTER 2015-16 TEMPERATURES
               IN LA CROSSE WI

                  AVERAGE            DEPARTURE
   MONTH        TEMPERATURE         FROM NORMAL
   -----        -----------         -----------
 DECEMBER       34.2 DEGREES       +12.6 DEGREES - 2ND WARMEST
 JANUARY        19.4 DEGREES        +2.0 DEGREES
 FEBRUARY       25.5 DEGREES        +3.0 DEGREES

 WINTER         20.2 DEGREES        -0.3 DEGREES - 6TH WARMEST

THE TABLE BELOW CONTAINS THE MONTHLY PRECIPITATION TOTALS AND THEIR
DEPARTURES FROM NORMAL FOR THE WINTER OF 2015-16.

          WINTER 2015-16 PRECIPITATION
               IN LA CROSSE WI

                PRECIPITATION         DEPARTURE
   MONTH            TOTAL            FROM NORMAL
   -----        ------------         -----------
 DECEMBER        4.93 INCHES        +3.57 INCHES - WETTEST
 JANUARY         0.87 INCHES        -0.25 INCHES
 FEBRUARY        0.78 INCHES        -0.27 INCHES

 WINTER          6.58 INCHES        +3.05 INCHES

THE WETTEST DAY WAS ON DECEMBER 13TH WHEN 1.71 INCHES OF
PRECIPITATION FELL.

PRECIPITATION FELL ON 56 DAYS (53.9 PERCENT). MEASURABLE PRECIPITATION
FELL ON 20 DAYS (22.0 PERCENT).  TRACE AMOUNTS OF PRECIPITATION FELL ON
29 DAYS (31.9 PERCENT).

SNOWFALL - SLIGHTLY BELOW NORMAL

FROM DECEMBER 1ST THROUGH FEBRUARY 29TH, THE SNOW OBSERVER NEAR LA
CROSSE REGIONAL AIRPORT RECEIVED 26.5 INCHES OF SNOW.  THIS WAS 3.7
INCHES BELOW THE 1981-2010 NORMAL OF 30.2 INCHES.  THE TABLE BELOW
CONTAINS THE MONTHLY SNOWFALL TOTALS AND THEIR DEPARTURES FROM
NORMAL FOR THE WINTER OF 2015-16.

           WINTER 2015-16 SNOWFALL
               IN LA CROSSE WI

                  SNOWFALL            DEPARTURE
   MONTH            TOTAL            FROM NORMAL
   -----        ------------         -----------
 DECEMBER        11.6 INCHES         +0.3 INCHES
 JANUARY          4.1 INCHES         -6.6 INCHES
 FEBRUARY        10.8 INCHES         +2.6 INCHES

 WINTER          30.2 INCHES         -9.6 INCHES

THE SNOWIEST DAY WAS 7.5 INCHES ON DECEMBER 28TH.

SNOW FELL ON 49 DAYS (53.9 PERCENT).  MEASURABLE SNOW FELL ON 20
DAYS (22.0 PERCENT).  A TRACE OF SNOW FELL ON ANOTHER 29 DAYS (31.9
PERCENT).

SNOW DEPTH -

FROM DECEMBER 1ST THROUGH FEBRUARY 29TH, THE OFFICIAL SNOW OBSERVER
NEAR LA CROSSE REGIONAL AIRPORT HAD AN AVERAGE SNOW DEPTH OF 3.7
INCHES. THIS WAS 0.7 INCHES LOWER THAN THE AVERAGE OF 4.4 INCHES.

THE GREATEST SNOW DEPTH WAS 11 INCHES ON FEBRUARY 3RD THROUGH
FEBRUARY 5TH.

THERE WAS SNOW ON THE GROUND ON 62 DAYS (68.1 PERCENT) THIS WINTER.
MEASURABLE SNOW WAS ON THE GROUND ON 57 DAYS (62.6 PERCENT) AND
TRACE AMOUNTS OF SNOW ON THE GROUND ON 5 DAYS (5.5 PERCENT).
...................................

...THE LA CROSSE WI CLIMATE SUMMARY FOR THE SEASON, FROM
12/1/2015 TO 2/29/2016...

CLIMATE NORMAL PERIOD 1981 TO 2010
CLIMATE RECORD PERIOD 1873 TO 2016

WEATHER         OBSERVED          NORMAL  DEPART
                 VALUE   DATE(S)  VALUE   FROM
                                          NORMAL
................................................
TEMPERATURE (F)
RECORD
 HIGH              67   12/05/1998
 LOW              -43   01/18/1873
HIGHEST            62   02/27        MM      MM
LOWEST            -11   01/18        MM      MM
AVG. MAXIMUM     33.2              28.7     4.5
AVG. MINIMUM     19.6              12.2     7.4
MEAN             26.4              20.5     5.9
DAYS MAX >= 90      0               0.0     0.0
DAYS MAX <= 32     38              51.8   -13.8
DAYS MIN <= 32     77              85.4    -8.4
DAYS MIN <= 0      12              19.4    -7.4

PRECIPITATION (INCHES)
RECORD
 MAXIMUM           MM   MM
 MINIMUM           MM   MM
TOTALS           6.58              3.53    3.05
DAILY AVG.       0.07              0.04    0.03
DAYS >= .01        26              26.3    -0.3
DAYS >= .10        12              10.4     1.6
DAYS >= .50         4               1.4     2.6
DAYS >= 1.00        2               0.2     1.8
GREATEST
 24 HR. TOTAL    2.06   MM
 STORM TOTAL       MM
 (MM/DD(HH))            MM

SNOWFALL (INCHES)
RECORDS
 TOTAL             MM   5
 24 HR TOTAL       MM
TOTALS           26.5              30.2    -3.7
 LIQUID EQUIV    2.65              3.00   -0.35
SINCE 7/1        27.4              34.5    -7.1
 LIQUID 7/1      2.74
DAYS >= TRACE      48              21.2    26.8
DAYS >= 1.0         6               9.6    -3.6
GREATEST
 SNOW DEPTH        11   02/05
                        02/03
                        02/04
 24 HR TOTAL      7.5   MM
 STORM TOTAL       MM
 (MM/DD(HH))            MM

DEGREE_DAYS
HEATING TOTAL    3489              4009    -520
 SINCE 7/1         MM              5546      MM
COOLING TOTAL       0                 0       0
 SINCE 1/1          0                 0       0

FREEZE DATES
RECORD
 EARLIEST     MM
 LATEST       MM
EARLIEST                        MM
LATEST                          MM
.................................................

WIND (MPH)
AVERAGE WIND SPEED              8.8
HIGHEST WIND SPEED/DIRECTION    35/200    DATE  12/16
HIGHEST GUST SPEED/DIRECTION    42/210    DATE  12/16

SKY COVER
POSSIBLE SUNSHINE (PERCENT)   MM
AVERAGE SKY COVER           0.60
NUMBER OF DAYS FAIR           20
NUMBER OF DAYS PC             33
NUMBER OF DAYS CLOUDY         38

AVERAGE RH (PERCENT)     73

WEATHER CONDITIONS. NUMBER OF DAYS WITH
THUNDERSTORM              1     MIXED PRECIP               0
HEAVY RAIN                1     RAIN                       4
LIGHT RAIN               17     FREEZING RAIN              0
LT FREEZING RAIN          1     HAIL                       0
HEAVY SNOW                1     SNOW                       3
LIGHT SNOW               45     SLEET                      2
FOG                      45     FOG W/VIS <= 1/4 MILE      6
HAZE                     20

-  INDICATES NEGATIVE NUMBERS.
R  INDICATES RECORD WAS SET OR TIED.
MM INDICATES DATA IS MISSING.
T  INDICATES TRACE AMOUNT.

$$

BOYNE
