000
CXUS53 KILX 011316
CLSLWV

CHICLMLWV 000
TTAA00 KILX 011230


CLIMATE REPORT
NATIONAL WEATHER SERVICE LINCOLN IL
619 AM CST WED MAR 1 2017

...................................

...THE LAWRENCEVILLE IL AIRPORT CLIMATE SUMMARY FOR THE SEASON, FROM
12/1/2016 TO 2/28/2017...

CLIMATE NORMAL PERIOD 1981 TO 2010
CLIMATE RECORD PERIOD 9999 TO 9999

WEATHER         OBSERVED          NORMAL  DEPART  LAST YEAR`S
                 VALUE   DATE(S)  VALUE   FROM    VALUE
                                          NORMAL
.............................................................
TEMPERATURE (F)
RECORD
 HIGH              MM   MM
 LOW               MM   MM
HIGHEST            74   02/20        MM      MM       74
LOWEST              0   01/07        MM      MM        2
AVG. MAXIMUM     46.5              41.8     4.7     45.6
AVG. MINIMUM     29.4              25.5     3.9     28.3
MEAN             37.9              33.7     4.2     37.0
DAYS MAX >= 90      0               0.0     0.0        0
DAYS MAX <= 32     14              16.8    -2.8       15
DAYS MIN <= 32     53              64.5   -11.5       61
DAYS MIN <= 0       1               2.2    -1.2        0

PRECIPITATION (INCHES)
RECORD
 MAXIMUM           MM   MM
 MINIMUM           MM   MM
TOTALS           5.82              7.78   -1.96     9.18
DAILY AVG.       0.06                               0.10
DAYS >= .01        28                MM      MM       25
DAYS >= .10        17                MM      MM       15
DAYS >= .50         2                MM      MM        7
DAYS >= 1.00        1                MM      MM        3
GREATEST
 24 HR. TOTAL    1.41   MM                          1.58

DEGREE_DAYS
HEATING TOTAL    2433              2817    -384     2530
 SINCE 7/1       3055              3675    -620     3227
COOLING TOTAL       0                 0       0        0
 SINCE 1/1          0                 0       0        0

FREEZE DATES
RECORD
 EARLIEST     MM
 LATEST       MM
EARLIEST                        MM
LATEST                          MM
..............................................................

WIND (MPH)
AVERAGE WIND SPEED              9.8
HIGHEST WIND SPEED/DIRECTION    39/210    DATE  01/10
HIGHEST GUST SPEED/DIRECTION    50/200    DATE  01/10

SKY COVER
POSSIBLE SUNSHINE (PERCENT)   MM
AVERAGE SKY COVER           0.50
NUMBER OF DAYS FAIR           33
NUMBER OF DAYS PC             26
NUMBER OF DAYS CLOUDY         31

AVERAGE RH (PERCENT)     75

WEATHER CONDITIONS. NUMBER OF DAYS WITH
THUNDERSTORM              4     MIXED PRECIP               0
HEAVY RAIN                9     RAIN                      15
LIGHT RAIN               35     FREEZING RAIN              2
LT FREEZING RAIN          3     HAIL                       0
HEAVY SNOW                0     SNOW                       2
LIGHT SNOW               11     SLEET                      0
FOG                      48     FOG W/VIS <= 1/4 MILE     12
HAZE                     16

-  INDICATES NEGATIVE NUMBERS.
R  INDICATES RECORD WAS SET OR TIED.
MM INDICATES DATA IS MISSING.
T  INDICATES TRACE AMOUNT.

$$
