000
CXUS51 KRNK 010958
CLSLYH

CLIMATE REPORT
NATIONAL WEATHER SERVICE BLACKSBURG VA
552 AM EDT SUN JUN 1 2014

...................................

...THE LYNCHBURG VA CLIMATE SUMMARY FOR THE SEASON, FROM
3/1/2014 TO 5/31/2014...

CLIMATE NORMAL PERIOD 1981 TO 2010
CLIMATE RECORD PERIOD 1893 TO 2014

WEATHER         OBSERVED          NORMAL  DEPART
                 VALUE   DATE(S)  VALUE   FROM
                                          NORMAL
................................................
TEMPERATURE (F)
RECORD
 HIGH             100   05/22/1941
 LOW                5   03/03/2009
HIGHEST            91   05/13
LOWEST              9   03/04
AVG. MAXIMUM     68.5              67.1     1.4
AVG. MINIMUM     43.3              42.4     0.9
MEAN             55.9              54.8     1.1
DAYS MAX >= 90      1               0.6     0.4
DAYS MAX <= 32      0               0.2    -0.2
DAYS MIN <= 32     19              17.3     1.7
DAYS MIN <= 0       0               0.0     0.0

PRECIPITATION (INCHES)
RECORD
 MAXIMUM        18.09   1975
 MINIMUM         3.94   1915
TOTALS          13.94             10.62    3.32
DAILY AVG.       0.15              0.12    0.03
DAYS >= .01        27              32.9    -5.9
DAYS >= .10        19              20.9    -1.9
DAYS >= .50         9               7.3     1.7
DAYS >= 1.00        4               2.4     1.6
GREATEST
 24 HR. TOTAL    3.22

SNOWFALL (INCHES)
TOTALS            9.4
SINCE 7/1        21.4
SNOWDEPTH AVG.      0
DAYS >= TRACE       8
DAYS >= 1.0         2
GREATEST
 SNOW DEPTH         5R
 24 HR TOTAL      6.0R

DEGREE_DAYS
HEATING TOTAL     926              1021     -95
 SINCE 7/1         MM              4445      MM
COOLING TOTAL     114                82      32
 SINCE 1/1        114                82      32
.................................................

WIND (MPH)
AVERAGE WIND SPEED              5.5
HIGHEST WIND SPEED/DIRECTION    28/190
HIGHEST GUST SPEED/DIRECTION    41/310

SKY COVER
POSSIBLE SUNSHINE (PERCENT)   MM
AVERAGE SKY COVER           0.30
NUMBER OF DAYS FAIR           57
NUMBER OF DAYS PC             21
NUMBER OF DAYS CLOUDY         14

AVERAGE RH (PERCENT)     60

WEATHER CONDITIONS. NUMBER OF DAYS WITH
THUNDERSTORM              8     MIXED PRECIP               0
HEAVY RAIN                9     RAIN                      15
LIGHT RAIN               34     FREEZING RAIN              0
LT FREEZING RAIN          5     HAIL                       0
HEAVY SNOW                1     SNOW                       2
LIGHT SNOW                7     SLEET                      4
FOG                      37     FOG W/VIS <= 1/4 MILE      5
HAZE                      6

-  INDICATES NEGATIVE NUMBERS.
R  INDICATES RECORD WAS SET OR TIED.
MM INDICATES DATA IS MISSING.
T  INDICATES TRACE AMOUNT.

$$
