000
CXUS51 KRNK 011311
CLSLYH


CLIMATE REPORT
NATIONAL WEATHER SERVICE BLACKSBURG VA
909 AM EDT FRI SEP 1 2017

...................................

...THE LYNCHBURG VA CLIMATE SUMMARY FOR THE SEASON, FROM
6/1/2017 TO 8/31/2017...

CLIMATE NORMAL PERIOD 1981 TO 2010
CLIMATE RECORD PERIOD 1893 TO 2017

WEATHER         OBSERVED          NORMAL  DEPART  LAST YEAR`S
                 VALUE   DATE(S)  VALUE   FROM    VALUE
                                          NORMAL
.............................................................
TEMPERATURE (F)
RECORD
 HIGH             106   07/10/1936
 LOW                7   06/17/2015
HIGHEST            95   07/23                         95
LOWEST             49   06/28                         48
AVG. MAXIMUM     85.2              85.0     0.2     85.8
AVG. MINIMUM     63.0              62.4     0.6     65.6
MEAN             74.1              73.7     0.4     75.7
DAYS MAX >= 90     22              19.1     2.9       26
DAYS MAX <= 32      0               0.0     0.0        0
DAYS MIN <= 32      0               0.0     0.0        0
DAYS MIN <= 0       0               0.0     0.0        0

PRECIPITATION (INCHES)
RECORD
 MAXIMUM        22.66   1989
 MINIMUM         3.89   1930
TOTALS           7.63             11.24   -3.61    13.46
DAILY AVG.       0.08              0.12   -0.04     0.15
DAYS >= .01        29              31.1    -2.1       34
DAYS >= .10        21              19.1     1.9       14
DAYS >= .50         4               7.5    -3.5        8
DAYS >= 1.00        0               2.9    -2.9        3
GREATEST
 24 HR. TOTAL    0.91                               3.56

SNOWFALL (INCHES)
TOTALS            0.0                                0.0
DAYS >= TRACE       0                                  0
DAYS >= 1.0         0                                  0
GREATEST
 24 HR TOTAL      0.0                                0.0

DEGREE_DAYS
HEATING TOTAL       6                17     -11        1
COOLING TOTAL     842               817      25     1007
..............................................................

WIND (MPH)
AVERAGE WIND SPEED              4.0
HIGHEST WIND SPEED/DIRECTION    26/200    DATE  06/24
HIGHEST GUST SPEED/DIRECTION    36/190    DATE  06/24

SKY COVER
AVERAGE SKY COVER           0.30

AVERAGE RH (PERCENT)     71

WEATHER CONDITIONS. NUMBER OF DAYS WITH
THUNDERSTORM             15     MIXED PRECIP               0
HEAVY RAIN               12     RAIN                      19
LIGHT RAIN               39     FREEZING RAIN              0
LT FREEZING RAIN          0     HAIL                       0
HEAVY SNOW                0     SNOW                       0
LIGHT SNOW                0     SLEET                      0
FOG                      45     FOG W/VIS <= 1/4 MILE      9
HAZE                      0

-  INDICATES NEGATIVE NUMBERS.
R  INDICATES RECORD WAS SET OR TIED.
MM INDICATES DATA IS MISSING.
T  INDICATES TRACE AMOUNT.

REMARKS:
DUE TO MISSING TEMPERATURES ON FEBRUARY 23 AND JULY 24-25...ALL
TEMPERATURE AND DEGREE DAY INFORMATION WILL BE CALCULATED WITHOUT
DATA FROM THESE DATES.

$$
