000
CXUS51 KRNK 010953 CCA
CLSLYH

CLIMATE REPORT
NATIONAL WEATHER SERVICE BLACKSBURG VA
544 AM EDT MON SEP 1 2014

...................................

...THE LYNCHBURG VA CLIMATE SUMMARY FOR THE SEASON, FROM
6/1/2014 TO 8/31/2014...

CLIMATE NORMAL PERIOD 1981 TO 2010
CLIMATE RECORD PERIOD 1893 TO 2014

WEATHER         OBSERVED          NORMAL  DEPART
                 VALUE   DATE(S)  VALUE   FROM
                                          NORMAL
................................................
TEMPERATURE (F)
RECORD
 HIGH             106   07/10/1936
 LOW               40   06/05/1997
                        06/08/1977
                        06/06/1945
HIGHEST            95   06/18
LOWEST             50   06/02
AVG. MAXIMUM     83.1              85.0    -1.9
AVG. MINIMUM     62.6              62.4     0.2
MEAN             72.8              73.7    -0.9
DAYS MAX >= 90      9              19.1   -10.1
DAYS MAX <= 32      0               0.0     0.0
DAYS MIN <= 32      0               0.0     0.0
DAYS MIN <= 0       0               0.0     0.0

PRECIPITATION (INCHES)
RECORD
 MAXIMUM        22.66   1989
 MINIMUM         3.89   1930
TOTALS          12.97             11.24    1.73
DAILY AVG.       0.14              0.12    0.02
DAYS >= .01        34              31.1     2.9
DAYS >= .10        21              19.1     1.9
DAYS >= .50         9               7.5     1.5
DAYS >= 1.00        2               2.9    -0.9
GREATEST
 24 HR. TOTAL    3.88

SNOWFALL (INCHES)
TOTALS            0.0
SINCE 7/1         0.0
SNOWDEPTH AVG.      0
DAYS >= TRACE       0
DAYS >= 1.0         0
GREATEST
 SNOW DEPTH         0
 24 HR TOTAL      0.0

DEGREE_DAYS
HEATING TOTAL       1                17     -16
 SINCE 7/1          0                 3      -3
COOLING TOTAL     716               817    -101
 SINCE 1/1        830               898     -68
.................................................

WIND (MPH)
AVERAGE WIND SPEED              3.5
HIGHEST WIND SPEED/DIRECTION    26/240
HIGHEST GUST SPEED/DIRECTION    46/150

SKY COVER
POSSIBLE SUNSHINE (PERCENT)   MM
AVERAGE SKY COVER           0.40
NUMBER OF DAYS FAIR           49
NUMBER OF DAYS PC             28
NUMBER OF DAYS CLOUDY         11

AVERAGE RH (PERCENT)     76

WEATHER CONDITIONS. NUMBER OF DAYS WITH
THUNDERSTORM             18     MIXED PRECIP               0
HEAVY RAIN               16     RAIN                      20
LIGHT RAIN               44     FREEZING RAIN              0
LT FREEZING RAIN          0     HAIL                       0
HEAVY SNOW                0     SNOW                       0
LIGHT SNOW                0     SLEET                      0
FOG                      61     FOG W/VIS <= 1/4 MILE      9
HAZE                      3

-  INDICATES NEGATIVE NUMBERS.
R  INDICATES RECORD WAS SET OR TIED.
MM INDICATES DATA IS MISSING.
T  INDICATES TRACE AMOUNT.

$$
DUE TO A SYSTEM FAILURE CAUSING MISSING TEMPERATURES ON
AUGUST 21-24...ALL TEMPERATURE DATA AND CDD WILL BE CALCULATED
WITHOUT DATA FROM THOSE DATES.
