000
CXUS54 KLZK 011848
CLSLZK


CLIMATE REPORT
NATIONAL WEATHER SERVICE LITTLE ROCK AR
1243 PM CST MON DEC 1 2014

...................................

...THE NORTH LITTLE ROCK CLIMATE SUMMARY FOR THE SEASON, FROM
9/1/2014 TO 11/30/2014...

CLIMATE NORMAL PERIOD 1981 TO 2010
CLIMATE RECORD PERIOD 1975 TO 2014

WEATHER         OBSERVED          NORMAL  DEPART  LAST YEAR`S
                 VALUE   DATE(S)  VALUE   FROM    VALUE  DATE(S)
                                          NORMAL
................................................................
TEMPERATURE (F)
RECORD
 HIGH             105   09/03/2000
                        09/01/2000
 LOW               14   11/29/1976
HIGHEST            95   09/04        74      21       99  09/08
LOWEST             20   11/18        54     -34       23  11/24
AVG. MAXIMUM     72.1              73.2    -1.1     73.0
AVG. MINIMUM     52.9              54.2    -1.3     53.8
MEAN             62.5              63.7    -1.2     63.4
DAYS MAX >= 90      7               7.7    -0.7       16
DAYS MAX <= 32      0               0.0     0.0        0
DAYS MIN <= 32     10               3.1     6.9       10
DAYS MIN <= 0       0               0.0     0.0        0

PRECIPITATION (INCHES)
TOTALS           8.36             13.50   -5.14     9.76
DAILY AVG.       0.09              0.15   -0.06     0.11
DAYS >= .01        21              24.4    -3.4       29
DAYS >= .10        15              16.7    -1.7       16
DAYS >= .50         8               8.4    -0.4        7
DAYS >= 1.00        1               4.4    -3.4        3
GREATEST
 24 HR. TOTAL    1.42   10/12 TO 10/13

SNOWFALL (INCHES)
RECORDS
 TOTAL            4.0   1980
                        1976
 24 HR TOTAL      4.0   11/26/1980 TO 11/26/1980
                        11/14/1976 TO 11/14/1976
 SNOW DEPTH         4   11/27/1980
TOTALS            0.6                 T     0.6      0.0
 LIQUID EQUIV    0.06              0.00    0.06     0.00
SINCE 7/1         0.6                 T     0.6      0.0
 LIQUID 7/1      0.06              0.00    0.06     0.00
SNOWDEPTH AVG.      0                MM      MM        0
DAYS >= TRACE       5               0.0     5.0        0
DAYS >= 1.0         0               0.0     0.0        0
GREATEST
 SNOW DEPTH         0   MM                             0  MM
 24 HR TOTAL      0.4   11/12 TO 11/13

DEGREE_DAYS
HEATING TOTAL     615               513     102      606
 SINCE 7/1        615               512     103      606
COOLING TOTAL     419               392      27      482
 SINCE 1/1       1934              2169    -235     2118

FREEZE DATES
RECORD
 EARLIEST     10/20/1989
 LATEST       04/19/1983
EARLIEST                        11/13
LATEST                          03/19
...................................................

WIND (MPH)
AVERAGE WIND SPEED              6.9
HIGHEST WIND SPEED/DIRECTION    18/240    DATE  10/05
HIGHEST GUST SPEED/DIRECTION    54/270    DATE  10/06

SKY COVER
POSSIBLE SUNSHINE (PERCENT)   MM
AVERAGE SKY COVER           0.00
NUMBER OF DAYS FAIR          MM
NUMBER OF DAYS PC            MM
NUMBER OF DAYS CLOUDY        MM


WEATHER CONDITIONS. NUMBER OF DAYS WITH
THUNDERSTORM              0     MIXED PRECIP               0
HEAVY RAIN                6     RAIN                       8
LIGHT RAIN               23     FREEZING RAIN              0
LT FREEZING RAIN          0     HAIL                       1
HEAVY SNOW                0     SNOW                       1
LIGHT SNOW                4     SLEET                      2
FOG                       9     FOG W/VIS <= 1/4 MILE      4
HAZE                      0

-  INDICATES NEGATIVE NUMBERS.
R  INDICATES RECORD WAS SET OR TIED.
MM INDICATES DATA IS MISSING.
T  INDICATES TRACE AMOUNT.

&&

...DATA FOR NORTH LITTLE ROCK FOR FALL 2014...

.SUMMARY...
THE FALL SEASON STARTED OUT ON THE WARM SIDE. AVERAGE TEMPERATURES
WERE THE WARMEST IN EARLY OCTOBER...AND DURING MUCH OF THE LAST WEEK
OF THAT MONTH. THE COLDEST PERIOD WAS DURING THE MIDDLE OF
NOVEMBER...WHEN DAILY TEMPERATURES WERE AS MUCH AS 15-20 DEGREES
BELOW AVERAGE. THERE WERE 10 DAYS WITH FREEZING TEMPERATURES...ALL
DURING THE MONTH OF NOVEMBER.

RAINFALL WAS BELOW THE 30-YEAR AVERAGE FOR THE THIRD FALL IN A ROW.
SNOW FELL IN THE FALL FOR THE FIRST TIME SINCE 2011. MEASURABLE SNOW
FELL FOR THE FIRST TIME IN THE FALL SINCE 1991.

.TEMPERATURES...
THE AVERAGE HIGH TEMPERATURE WAS THE COLDEST SINCE 2009. THE AVERAGE
LOW TEMPERATURE WAS THE COLDEST SINCE 2008. THE AVERAGE SEASONAL
TEMPERATURE WAS THE COLDEST SINCE 2009.

.RAINFALL...
IT WAS THE DRIEST FALL SINCE 2010...AND THE 6TH DRIEST ON RECORD.

.SNOWFALL...
IT WAS THE SNOWIEST FALL SINCE 1991...AND 4TH SNOWIEST ON RECORD.

$$

57
