000
CXUS54 KLZK 020942
CLSLZK


CLIMATE REPORT
NATIONAL WEATHER SERVICE LITTLE ROCK AR
337 AM CST WED DEC 2 2015

...................................

...THE NORTH LITTLE ROCK CLIMATE SUMMARY FOR THE SEASON, FROM
9/1/2015 TO 11/30/2015...

CLIMATE NORMAL PERIOD 1981 TO 2010
CLIMATE RECORD PERIOD 1975 TO 2015

WEATHER         OBSERVED          NORMAL  DEPART  LAST YEAR`S
                 VALUE   DATE(S)  VALUE   FROM    VALUE  DATE(S)
                                          NORMAL
................................................................
TEMPERATURE (F)
RECORD
 HIGH             105   09/03/2000
                        09/01/2000
 LOW               14   11/29/1976
HIGHEST            97   09/06        74      23       95  09/04
                        09/04
LOWEST             29   11/22        54     -25       20  11/18
AVG. MAXIMUM     75.4              73.2     2.2     72.1
AVG. MINIMUM     56.7              54.2     2.5     52.9
MEAN             66.0              63.7     2.3     62.5
DAYS MAX >= 90     13               7.7     5.3        7
DAYS MAX <= 32      0               0.0     0.0        0
DAYS MIN <= 32      1               3.1    -2.1       10
DAYS MIN <= 0       0               0.0     0.0        0

PRECIPITATION (INCHES)
TOTALS          18.68             13.50    5.18     8.36
DAILY AVG.       0.21              0.15    0.06     0.09
DAYS >= .01        24              24.4    -0.4       21
DAYS >= .10        19              16.7     2.3       15
DAYS >= .50        13               8.4     4.6        8
DAYS >= 1.00        7               4.4     2.6        1
GREATEST
 24 HR. TOTAL    4.10   11/27 TO 11/28

SNOWFALL (INCHES)
RECORDS
 TOTAL            4.0   1980
 24 HR TOTAL      4.0   11/26/1980 TO 11/26/1980
 SNOW DEPTH         4   11/27/1980
TOTALS            0.0                 T     0.0      0.6
 LIQUID EQUIV    0.00              0.00    0.00     0.06
SINCE 7/1         0.0                 T     0.0      0.6
 LIQUID 7/1      0.00              0.00    0.00     0.06
SNOWDEPTH AVG.      0                MM      MM        0
DAYS >= TRACE       0               0.0     0.0        5
DAYS >= 1.0         0               0.0     0.0        0
GREATEST
 SNOW DEPTH         0
 24 HR TOTAL      0.0

DEGREE_DAYS
HEATING TOTAL     353               513    -160      615
 SINCE 7/1        353               512    -159      615
COOLING TOTAL     465               392      73      419
 SINCE 1/1       2315              2169     146     1934

FREEZE DATES
RECORD
 EARLIEST     10/20/1989
 LATEST       04/19/1983
EARLIEST                        11/13
LATEST                          03/19
....................................................

WIND (MPH)
AVERAGE WIND SPEED              MM
HIGHEST WIND SPEED/DIRECTION    MM        DATE   MM
HIGHEST GUST SPEED/DIRECTION    MM        DATE   MM

SKY COVER
POSSIBLE SUNSHINE (PERCENT)   MM
AVERAGE SKY COVER             MM
NUMBER OF DAYS FAIR          MM
NUMBER OF DAYS PC            MM
NUMBER OF DAYS CLOUDY        MM


WEATHER CONDITIONS. NUMBER OF DAYS WITH
THUNDERSTORM              0     MIXED PRECIP               0
HEAVY RAIN                5     RAIN                      11
LIGHT RAIN               28     FREEZING RAIN              0
LT FREEZING RAIN          0     HAIL                       0
HEAVY SNOW                0     SNOW                       0
LIGHT SNOW                0     SLEET                      0
FOG                      12     FOG W/VIS <= 1/4 MILE      6
HAZE                      4

-  INDICATES NEGATIVE NUMBERS.
R  INDICATES RECORD WAS SET OR TIED.
MM INDICATES DATA IS MISSING.
T  INDICATES TRACE AMOUNT.

&&

...DATA FOR NORTH LITTLE ROCK FOR FALL 2015...

.SUMMARY...
THE FALL WAS WARMER AND WETTER THAN AVERAGE. THE WARMEST PERIOD CAME
DURING THE SECOND AND PART OF THE THIRD WEEK OF OCTOBER...WHEN
TEMPERATURES TOPPED OUT AT RECORD LEVELS.

THE FIRST FREEZE WAS LATER THAN AVERAGE THIS YEAR...AND THERE WAS
ONLY ONE DAY WITH FREEZING TEMPERATURES...WHICH WAS THE FEWEST
SINCE 2011.

THE SEASON STARTED OUT FAIRLY DRY...WITH BELOW AVERAGE RAINFALL UNTIL
LATE OCTOBER. BY NOVEMBER...RAINFALL WAS MORE FREQUENT...ANY EVEN AT
RECORD LEVELS BY THE LAST FEW DAYS OF THE MONTH.

.SEASONAL TEMPERATURES...
THE AVERAGE HIGH TEMPERATURE WAS THE WARMEST SINCE 2010...AND THE
7TH WARMEST ON RECORD. THE AVERAGE LOW TEMPERATURE WAS THE WARMEST
SINCE 2004...AND THE 3RD WARMEST ON RECORD. THE AVERAGE SEASONAL
TEMPERATURE WAS THE WARMEST SINCE 2005...AND THE 5TH WARMEST ON RECORD.

.RAINFALL...
FOR THE FIRST TIME SINCE 2011...RAINFALL WAS ABOVE THE 30-YEAR
AVERAGE. IT WAS THE WETTEST FALL SINCE 2009...AND THE 5TH WETTEST ON
RECORD.

.SNOWFALL...
NO SNOW FELL.

$$

57
