000
CXUS54 KLZK 031032
CLSLZK


CLIMATE REPORT
NATIONAL WEATHER SERVICE LITTLE ROCK AR
526 AM CDT WED SEP 3 2014

...................................

...THE NORTH LITTLE ROCK CLIMATE SUMMARY FOR THE SEASON, FROM
6/1/2014 TO 8/31/2014...

CLIMATE NORMAL PERIOD 1981 TO 2010
CLIMATE RECORD PERIOD 1975 TO 2014

WEATHER         OBSERVED          NORMAL  DEPART  LAST YEAR`S
                 VALUE   DATE(S)  VALUE   FROM    VALUE  DATE(S)
                                          NORMAL
................................................................
TEMPERATURE (F)
RECORD
 HIGH             111   08/03/2011
                        08/30/2000
 LOW               52   06/01/1993
HIGHEST            97   08/24        92       5       98  07/18
                                                          07/10
                                                          06/27
LOWEST             61   07/18        71     -10       58  06/03
AVG. MAXIMUM     86.7              90.8    -4.1     89.3
AVG. MINIMUM     70.0              71.4    -1.4     70.4
MEAN             78.4              81.1    -2.7     79.8
DAYS MAX >= 90     27              53.9   -26.9       55
DAYS MAX <= 32      0               0.0     0.0        0
DAYS MIN <= 32      0               0.0     0.0        0
DAYS MIN <= 0       0               0.0     0.0        0

PRECIPITATION (INCHES)
TOTALS          13.32              9.92    3.40     8.73
DAILY AVG.       0.14              0.11    0.03     0.09
DAYS >= .01        33              24.1     8.9       24
DAYS >= .10        21              16.2     4.8       12
DAYS >= .50        11               6.6     4.4        5
DAYS >= 1.00        3               2.9     0.1        4
GREATEST
 24 HR. TOTAL    2.00   06/28 TO 06/29

SNOWFALL (INCHES)
TOTALS            0.0               0.0     0.0      0.0
 LIQUID EQUIV    0.00              0.00    0.00     0.00
SINCE 7/1         0.0               0.0     0.0      0.0
 LIQUID 7/1      0.00              0.00    0.00     0.00
SNOWDEPTH AVG.      0                MM      MM        0
DAYS >= TRACE       0               0.0     0.0        0
DAYS >= 1.0         0               0.0     0.0        0
GREATEST
 SNOW DEPTH         0   MM                             0  MM
 24 HR TOTAL      0.0

DEGREE_DAYS
HEATING TOTAL       0                 1      -1        0
 SINCE 7/1          0                 0       0        0
COOLING TOTAL    1251              1481    -230     1385
 SINCE 1/1       1515              1777    -262     1636

FREEZE DATES
RECORD
 EARLIEST     10/20/1989
 LATEST       04/19/1983
EARLIEST                        11/13
LATEST                          03/19
...................................................

WIND (MPH)
AVERAGE WIND SPEED              5.8
HIGHEST WIND SPEED/DIRECTION    20/MM     DATE   MM
HIGHEST GUST SPEED/DIRECTION    33/MM     DATE   MM

SKY COVER
POSSIBLE SUNSHINE (PERCENT)   MM
AVERAGE SKY COVER             MM
NUMBER OF DAYS FAIR          MM
NUMBER OF DAYS PC            MM
NUMBER OF DAYS CLOUDY        MM


WEATHER CONDITIONS. NUMBER OF DAYS WITH
THUNDERSTORM              0     MIXED PRECIP               0
HEAVY RAIN               10     RAIN                      14
LIGHT RAIN               28     FREEZING RAIN              0
LT FREEZING RAIN          0     HAIL                       0
HEAVY SNOW                0     SNOW                       0
LIGHT SNOW                0     SLEET                      0
FOG                       7     FOG W/VIS <= 1/4 MILE      1
HAZE                      1

-  INDICATES NEGATIVE NUMBERS.
R  INDICATES RECORD WAS SET OR TIED.
MM INDICATES DATA IS MISSING.
T  INDICATES TRACE AMOUNT.

&&

...DATA FOR NORTH LITTLE ROCK FOR SUMMER 2014...

IN TERMS OF AVERAGE HIGH...LOW...AND SEASONAL TEMPERATURES...THIS
WAS THE COOLEST SUMMER IN OVER 20 YEARS...AND ONE OF THE COOLEST ON
RECORD.

FOR THE SECOND SUMMER IN A ROW...THERE WERE NO TEMPERATURES AT OR
BELOW 100 DEGREES. FOR THE FIRST SUMMER SINCE 2005...THERE WERE NO
LOW TEMPERATURES AT OR ABOVE 80.

THERE WERE 27 DAYS WITH HIGH TEMPERATURES OF 90 DEGREES OR HIGHER.
THIS WAS THE FEWEST SINCE 1989...AND THE FEWEST ON RECORD DURING THE
SUMMER MONTHS.

FOR THE SECOND JUNE IN A ROW...THERE WERE NO DAYS WITH TEMPERATURES
AT OR ABOVE 100 DEGREES. HIGHS WERE THE COLDEST IN OVER A
DECADE...WHILE LOWS WERE THE COLDEST IN EIGHT YEARS. FOR THE FIRST
TIME SINCE 1995...THERE WERE NO TEMPERATURES WARMER THAN 92 DEGREES
DURING THE MONTH.

JULY WILL LONG BE REMEMBERED AS ONE OF THE COLDEST ON RECORD...IN
TERMS OF AVERAGE...AS WELL AS HIGH AND LOW TEMPERATURES. THERE WERE
SEVERAL PERIODS DURING THE MONTH WITH TEMPERATURES FALLING INTO THE
60S...AND HIGHS ONLY IN THE 70S. FOR THE SECOND JULY IN A ROW...THERE
WERE NO TEMPERATURES AT OR ABOVE 100 DEGREES. FOR THE FIRST TIME
SINCE 2007...THERE WERE NO TEMPERATURES ABOVE 94 DEGREES.

THE TREND OF BELOW AVERAGE TEMPERATURES CONTINUED WELL INTO AUGUST.
IN MUCH OF THE FIRST HALF OF THE MONTH...TEMPERATURES ONLY REACHED
92 DEGREES. HOWEVER...REVERSING THE TREND OF MUCH OF THE
SUMMER...THE LAST HALF OF AUGUST LARGELY SAW TEMPERATURES AT OR
ABOVE AVERAGE. FOR THE SECOND AUGUST IN A ROW...HOWEVER...THERE WERE
NO TEMPERATURES AT OR ABOVE 100 DEGREES...AND NO LOW TEMPERATURES AT
OR ABOVE 80 DEGREES.

JUNE RAINFALL WAS RATHER ABUNDANT AND FREQUENT...AND IT WAS THE
FIRST TIME IN TEN YEARS WITH JUNE RAINFALL AT OR ABOVE NORMAL.

EVEN THOUGH IT WAS THE WETTEST JULY IN SEVERAL YEARS...RAINFALL WAS
BELOW AVERAGE.

AUGUST WAS THE DRIEST IN FIVE YEARS.

.TEMPERATURES...
THE AVERAGE HIGH WAS THE COOLEST SINCE 1992...AND THE 3RD COOLEST ON
RECORD.

THE AVERAGE LOW WAS THE COOLEST SINCE 2009...AND THE 9TH COOLEST ON
RECORD.

THE AVERAGE SEASONAL TEMPERATURE WAS THE COOLEST SINCE 1992...AND THE
5TH COOLEST ON RECORD.

.RAINFALL...
IT WAS THE WETTEST SUMMER SINCE 2009...AND THE 7TH WETTEST ON
RECORD.

$$

57
