000
CXUS54 KLZK 011211
CLSLZK


CLIMATE REPORT
NATIONAL WEATHER SERVICE LITTLE ROCK AR
604 AM CST SUN MAR 1 2015

...................................

...THE NORTH LITTLE ROCK CLIMATE SUMMARY FOR THE SEASON, FROM
12/1/2014 TO 2/28/2015...

CLIMATE NORMAL PERIOD 1981 TO 2010
CLIMATE RECORD PERIOD 1975 TO 2015

WEATHER         OBSERVED          NORMAL  DEPART  LAST YEAR`S
                 VALUE   DATE(S)  VALUE   FROM    VALUE  DATE(S)
                                          NORMAL
................................................................
TEMPERATURE (F)
RECORD
 HIGH              83   02/20/1986
 LOW               -6   01/20/1985
HIGHEST            72   02/14        52      20       76  02/20
LOWEST              8   01/08        34     -26        9  01/07
AVG. MAXIMUM     48.4              51.6    -3.2     49.4
AVG. MINIMUM     32.4              34.6    -2.2     30.8
MEAN             40.4              43.1    -2.7     40.1
DAYS MAX >= 90      0               0.0     0.0        0
DAYS MAX <= 32      5               4.5     0.5       10
DAYS MIN <= 32     42              35.3     6.7       55
DAYS MIN <= 0       0               0.1    -0.1        0

PRECIPITATION (INCHES)
TOTALS           9.17             12.09   -2.92    12.64
DAILY AVG.       0.10              0.13   -0.03     0.14
DAYS >= .01        29              28.3     0.7       23
DAYS >= .10        18              18.2    -0.2       12
DAYS >= .50         8               8.2    -0.2        9
DAYS >= 1.00        3               3.4    -0.4        4
GREATEST
 24 HR. TOTAL    1.79   01/02 TO 01/03

SNOWFALL (INCHES)
RECORDS
 TOTAL           19.2   1979
 24 HR TOTAL     12.0   01/06/1988 TO 01/07/1988
 SNOW DEPTH        12   01/07/1988
TOTALS            3.6               4.0    -0.4      3.6
 LIQUID EQUIV    0.36              0.50   -0.14     0.36
SINCE 7/1         4.2               4.0     0.2      3.6
 LIQUID 7/1      0.42              0.50   -0.08     0.36
SNOWDEPTH AVG.      0                MM      MM        0
DAYS >= TRACE      14               2.6    11.4       19
DAYS >= 1.0         1               1.2    -0.2        2
GREATEST
 SNOW DEPTH         1   02/24
                        02/18
                        02/23
 24 HR TOTAL      1.5   02/22

DEGREE_DAYS
HEATING TOTAL    2182              1974     208     2221
 SINCE 7/1         MM              2486      MM       MM
COOLING TOTAL       0                 3      -3        1
 SINCE 1/1          0                 2      -2        0

FREEZE DATES
RECORD
 EARLIEST     10/20/1989
 LATEST       04/19/1983
EARLIEST                        11/13
LATEST                          03/19
.........................................................

WIND (MPH)
AVERAGE WIND SPEED              MM
HIGHEST WIND SPEED/DIRECTION    18/330    DATE  01/25
HIGHEST GUST SPEED/DIRECTION    30/290    DATE  01/25

SKY COVER
POSSIBLE SUNSHINE (PERCENT)   MM
AVERAGE SKY COVER             MM
NUMBER OF DAYS FAIR          MM
NUMBER OF DAYS PC            MM
NUMBER OF DAYS CLOUDY        MM


WEATHER CONDITIONS. NUMBER OF DAYS WITH
THUNDERSTORM              0     MIXED PRECIP               0
HEAVY RAIN                4     RAIN                       7
LIGHT RAIN               20     FREEZING RAIN              0
LT FREEZING RAIN          5     HAIL                       0
HEAVY SNOW                1     SNOW                       1
LIGHT SNOW                5     SLEET                      5
FOG                      10     FOG W/VIS <= 1/4 MILE      7
HAZE                      0

-  INDICATES NEGATIVE NUMBERS.
R  INDICATES RECORD WAS SET OR TIED.
MM INDICATES DATA IS MISSING.
T  INDICATES TRACE AMOUNT.

&&

...DATA FOR NORTH LITTLE ROCK FOR WINTER 2014-2015...

.SUMMARY...

FOR THE FIRST TWO MONTHS OF WINTER...TEMPERATURES WERE CLOSE TO OR A
LITTLE ABOVE AVERAGE. HOWEVER...FEBRUARY...MORE SPECIFICALLY THE
LAST TWO WEEKS OF THE MONTH...THOSE TRENDS COMPLETELY REVERSED...AND
THE SEASON ENDED OVER TWO AND A HALF DEGREES BELOW NORMAL.

THE COLDEST TEMPERATURES WERE RECORDED IN EARLY JANUARY...WHEN THE
MERCURY HIT 8 DEGREES ON THE 8TH. THIS WAS THE COLDEST TEMPERATURE
RECORDED AT NORTH LITTLE ROCK SINCE FEBRUARY 4TH 1996...AND THE
COLDEST WINTER TEMPERATURE SINCE 1995-1996. IT WAS ALSO THE SECOND
WINTER IN A ROW WITH SINGLE DIGIT LOW TEMPERATURES RECORDED.

IN TERMS OF DEPARTURE FROM NORMAL...THAT IS THE DIFFERENCE BETWEEN
THE ACTUAL DAILY AVERAGE TEMPERATURE AND THE 30-YEAR AVERAGE DAILY
TEMPERATURE...THE COLDEST OF WINTER DAYS WERE IN THE LAST TWO WEEKS
OF FEBRUARY.

FOR THE FIRST WINTER SINCE 2010-2011...PRECIPITATION WAS BELOW
AVERAGE. THE DRIEST MONTH WAS JANUARY...AND THE WETTEST MONTH WAS
FEBRUARY.

FOR THE 7TH CONSECUTIVE WINTER...MEASURABLE SNOW FELL...AND ALL OF
IT WAS IN FEBRUARY. THIS WAS ALSO THE FIRST WINTER SINCE 2011-2012
WITH BELOW AVERAGE SNOWFALL.

.SEASONAL TEMPERATURES...

THE AVERAGE HIGH TEMPERATURE WAS THE COLDEST SINCE 2009-2010...AND
THE 7TH COLDEST ON RECORD. THE AVERAGE LOW TEMPERATURE WAS THE
WARMEST SINCE 2012-2013. THE AVERAGE SEASONAL TEMPERATURE WAS THE
WARMEST SINCE 2013-2014.

.NUMBER OF DAYS WITH TEMPERATURES...

AT OR BELOW FREEZING....42...FEWEST SINCE 2012-2013.
AT OR ABOVE 70 DEGREES...1...FEWEST SINCE 2009-2010.

.RAINFALL...

IT WAS THE DRIEST WINTER SINCE 2010-2011...AND THE 9TH DRIEST ON
RECORD.

.SNOWFALL...

THE SNOW THAT FELL WAS THE EXACT SAME AMOUNT AS LAST WINTER.

.MISCELLANEOUS PHENOMENA...

ON JANUARY 7TH...THE PRESSURE ROSE TO 30.86 IN. / 1045.07 MB AT
NORTH LITTLE ROCK. THIS TIED THE ALL-TIME RECORD HIGH PRESSURE FOR
THE MONTH OF JANUARY. THE RECORD WAS ORIGINALLY SET JANUARY 2ND
2008.

$$

57
