000
CXUS54 KLZK 020519
CLSLZK


CLIMATE REPORT
NATIONAL WEATHER SERVICE LITTLE ROCK AR
1215 AM CDT SAT JUL 2 2016

...................................

...THE NORTH LITTLE ROCK CLIMATE SUMMARY FOR THE SEASON, FROM
7/1/2015 TO 6/30/2016...

CLIMATE NORMAL PERIOD 1981 TO 2010
CLIMATE RECORD PERIOD 1975 TO 2016

WEATHER         OBSERVED          NORMAL  DEPART  LAST YEAR`S
                 VALUE   DATE(S)  VALUE   FROM    VALUE  DATE(S)
                                          NORMAL
................................................................
SNOWFALL (INCHES)
TOTALS            7.2               4.4     2.8       MM
 LIQUID EQUIV    0.72              0.50    0.22       MM
SINCE 7/1         7.2               4.4     2.8       MM
 LIQUID 7/1      0.72              0.50    0.22       MM
SNOWDEPTH AVG.      0                MM      MM       MM
DAYS >= TRACE       6               2.9     3.1       MM
DAYS >= 1.0         1               1.4    -0.4       MM
GREATEST
 SNOW DEPTH         7   01/22                         MM  MM
 24 HR TOTAL      7.2   01/21 TO 01/22                MM

-  INDICATES NEGATIVE NUMBERS.
R  INDICATES RECORD WAS SET OR TIED.
MM INDICATES DATA IS MISSING.
T  INDICATES TRACE AMOUNT.

&&

...DATA FOR NORTH LITTLE ROCK FOR THE SNOWFALL SEASON 2015-2016...

.SUMMARY...
IT WAS THE LEAST SNOWIEST SEASON SINCE THE 2011-2012 SEASON. SNOW ONLY FELL
DURING ONE MONTH /JANUARY/...WHICH WAS THE FIRST SUCH OCCURRENCE SINCE THE
2004-2005 SEASON.

$$
