000
CXUS51 KCTP 011319
CLSMDT

CLIMATE REPORT
NATIONAL WEATHER SERVICE STATE COLLEGE PA
846 AM EDT THU SEP 1 2016

...................................

...THE HARRISBURG PA CLIMATE SUMMARY FOR THE SEASON, FROM
6/1/2016 TO 8/31/2016...

CLIMATE NORMAL PERIOD 1981 TO 2010
CLIMATE RECORD PERIOD 1888 TO 2016

WEATHER         OBSERVED          NORMAL  DEPART  LAST YEAR`S
                 VALUE   DATE(S)  VALUE   FROM    VALUE  DATE(S)
                                          NORMAL
................................................................
TEMPERATURE (F)
RECORD
 HIGH             107   07/03/1966
 LOW               40   06/11/1980
HIGHEST            98   07/23         0      98       94  08/17
LOWEST             50   06/09         0      50       54  06/02
AVG. MAXIMUM     86.7              83.4     3.3     83.8
AVG. MINIMUM     67.9              64.3     3.6     65.9
MEAN             77.3              73.8     3.5     74.8
DAYS MAX >= 90     34              17.9    16.1       12
DAYS MAX <= 32      0               0.0     0.0        0
DAYS MIN <= 32      0               0.0     0.0        0
DAYS MIN <= 0       0               0.0     0.0        0

PRECIPITATION (INCHES)
RECORD
 MAXIMUM        23.33   1972
 MINIMUM         2.41   1966
TOTALS          13.58             11.41    2.17    11.89
DAILY AVG.       0.15              0.12    0.03     0.13
DAYS >= .01        32              30.9     1.1       36
DAYS >= .10        22              20.2     1.8       20
DAYS >= .50         8               8.1    -0.1       10
DAYS >= 1.00        4               3.0     1.0        3
GREATEST
 24 HR. TOTAL    2.51

SNOWFALL (INCHES)
RECORDS
 TOTAL             MM   MM
 24 HR TOTAL       MM
 SNOW DEPTH        MM   MM
TOTALS            0.0               0.0     0.0      0.0
 LIQUID EQUIV    0.00              0.00    0.00     0.00
SINCE 7/1         0.0               0.0     0.0      0.0
 LIQUID 7/1      0.00              0.00    0.00     0.00
SNOWDEPTH AVG.      0                MM      MM        0
DAYS >= TRACE       0               0.0     0.0        0
DAYS >= 1.0         0               0.0     0.0        0
GREATEST
 SNOW DEPTH         0
 24 HR TOTAL      0.0

DEGREE_DAYS
HEATING TOTAL       5                20     -15       13
 SINCE 7/1          0                 2      -2        0
COOLING TOTAL    1167               830     337      946
 SINCE 1/1       1264               896     368     1120

FREEZE DATES
RECORD
 EARLIEST     09/24/1963
 LATEST       05/11/1966
EARLIEST                        09/24
LATEST                          05/11
..................................................

WIND (MPH)
AVERAGE WIND SPEED              5.6
RESULTANT WIND SPEED/DIRECTION   1/273
HIGHEST WIND SPEED/DIRECTION    38/350    DATE  06/28
HIGHEST GUST SPEED/DIRECTION    52/340    DATE  06/28

SKY COVER
POSSIBLE SUNSHINE (PERCENT)   MM
AVERAGE SKY COVER           0.60
NUMBER OF DAYS FAIR           18
NUMBER OF DAYS PC             57
NUMBER OF DAYS CLOUDY         17

AVERAGE RH (PERCENT)     67

WEATHER CONDITIONS. NUMBER OF DAYS WITH
THUNDERSTORM             22     MIXED PRECIP               0
HEAVY RAIN               16     RAIN                      16
LIGHT RAIN               41     FREEZING RAIN              0
LT FREEZING RAIN          0     HAIL                       0
HEAVY SNOW                0     SNOW                       0
LIGHT SNOW                0     SLEET                      0
FOG                      35     FOG W/VIS <= 1/4 MILE      3
HAZE                     22

-  INDICATES NEGATIVE NUMBERS.
R  INDICATES RECORD WAS SET OR TIED.
MM INDICATES DATA IS MISSING.
T  INDICATES TRACE AMOUNT.

$$
