000
CXUS51 KCTP 010938
CLSMDT

CLIMATE REPORT
NATIONAL WEATHER SERVICE STATE COLLEGE PA

535 AM EDT MON SEP 1 2014

...................................

...THE HARRISBURG PA CLIMATE SUMMARY FOR THE SEASON, FROM
6/1/2014 TO 8/31/2014...

CLIMATE NORMAL PERIOD 1981 TO 2010
CLIMATE RECORD PERIOD 1888 TO 2014

WEATHER         OBSERVED          NORMAL  DEPART  LAST YEAR`S
                 VALUE   DATE(S)  VALUE   FROM    VALUE  DATE(S)
                                          NORMAL
................................................................
TEMPERATURE (F)
RECORD
 HIGH             107   07/03/1966
 LOW               40   06/11/1980
HIGHEST            94   07/23         0      94       97  07/18
                        07/02
LOWEST             54   08/16         0      54       53  08/15
                        06/01                             06/05
                                                          06/04
AVG. MAXIMUM     83.2              83.4    -0.2     82.8
AVG. MINIMUM     64.5              64.3     0.2     65.5
MEAN             73.8              73.8     0.0     74.2
DAYS MAX >= 90      9              17.9    -8.9       12
DAYS MAX <= 32      0               0.0     0.0        0
DAYS MIN <= 32      0               0.0     0.0        0
DAYS MIN <= 0       0               0.0     0.0        0

PRECIPITATION (INCHES)
RECORD
 MAXIMUM        23.33   1972
 MINIMUM         2.41   1966
TOTALS          12.03             11.41    0.62    12.11
DAILY AVG.       0.13              0.12    0.01     0.13
DAYS >= .01        33              30.9     2.1       43
DAYS >= .10        22              20.2     1.8       22
DAYS >= .50         8               8.1    -0.1        7
DAYS >= 1.00        2               3.0    -1.0        2
GREATEST
 24 HR. TOTAL    2.96   MM

 STORM TOTAL       MM                                 MM
 (MM/DD(HH))            MM

SNOWFALL (INCHES)
RECORDS
 TOTAL             MM   MM
 24 HR TOTAL       MM
 SNOW DEPTH        MM   MM
TOTALS            0.0               0.0     0.0      0.0
 LIQUID EQUIV    0.00              0.00    0.00     0.00
SINCE 7/1         0.0               0.0     0.0      0.0
 LIQUID 7/1      0.00              0.00    0.00     0.00
SNOWDEPTH AVG.      0                MM      MM        0
DAYS >= TRACE       0               0.0     0.0        0
DAYS >= 1.0         0               0.0     0.0        0
GREATEST
 SNOW DEPTH         0   MM                             0  MM
 24 HR TOTAL      0.0   MM

 STORM TOTAL       MM                                 MM
 (MM/DD(HH))            MM


DEGREE_DAYS
HEATING TOTAL       1                20     -19        2
 SINCE 7/1          0                 2      -2        0
COOLING TOTAL     841               830      11      869
 SINCE 1/1        901               896       5      952

FREEZE DATES
RECORD
 EARLIEST     09/24/1963
 LATEST       05/11/1966
EARLIEST                        09/24
LATEST                          05/11
..................................................

WIND (MPH)
AVERAGE WIND SPEED              5.5
RESULTANT WIND SPEED/DIRECTION   1/264
HIGHEST WIND SPEED/DIRECTION    40/240    DATE  07/08
HIGHEST GUST SPEED/DIRECTION    54/MM     DATE   MM

SKY COVER
POSSIBLE SUNSHINE (PERCENT)   MM
AVERAGE SKY COVER           0.60
NUMBER OF DAYS FAIR           15
NUMBER OF DAYS PC             55
NUMBER OF DAYS CLOUDY         22

AVERAGE RH (PERCENT)     67

WEATHER CONDITIONS. NUMBER OF DAYS WITH
THUNDERSTORM             21     MIXED PRECIP               0
HEAVY RAIN               15     RAIN                      20
LIGHT RAIN               48     FREEZING RAIN              0
LT FREEZING RAIN          0     HAIL                       0
HEAVY SNOW                0     SNOW                       0
LIGHT SNOW                0     SLEET                      0
FOG                      44     FOG W/VIS <= 1/4 MILE      1
HAZE                     23

-  INDICATES NEGATIVE NUMBERS.
R  INDICATES RECORD WAS SET OR TIED.
MM INDICATES DATA IS MISSING.
T  INDICATES TRACE AMOUNT.

$$

LA CORTE
