000
CXUS51 KCTP 030033
CLSMDT

CLIMATE REPORT
NATIONAL WEATHER SERVICE STATE COLLEGE PA
719 PM EST WED DEC 2 2015

...................................

...THE HARRISBURG PA CLIMATE SUMMARY FOR THE SEASON, FROM
9/1/2015 TO 11/30/2015...

CLIMATE NORMAL PERIOD 1981 TO 2010
CLIMATE RECORD PERIOD 1888 TO 2015

WEATHER         OBSERVED          NORMAL  DEPART  LAST YEAR`S
                 VALUE   DATE(S)  VALUE   FROM    VALUE  DATE(S)
                                          NORMAL
................................................................
TEMPERATURE (F)
RECORD
 HIGH             102   09/03/1953
                        09/02/1953
 LOW               10   11/30/1929
HIGHEST            95   09/08         0      95       91  09/06
LOWEST             27   11/25         0      27       17  11/22
                        11/23

AVG. MAXIMUM     68.6              64.3     4.3     64.1
AVG. MINIMUM     48.6              45.3     3.3     46.4
MEAN             58.6              54.8     3.8     55.2
DAYS MAX >= 90      6               1.4     4.6        2
DAYS MAX <= 32      0               0.2    -0.2        1
DAYS MIN <= 32     10              11.4    -1.4       15
DAYS MIN <= 0       0               0.0     0.0        0

PRECIPITATION (INCHES)
RECORD
 MAXIMUM        27.08   2011
 MINIMUM         3.29   1914

TOTALS          13.13             10.57    2.56     6.72
DAILY AVG.       0.15              0.12    0.03     0.07
DAYS >= .01        21              27.0    -6.0       27
DAYS >= .10        12              17.0    -5.0       15
DAYS >= .50         6               7.8    -1.8        3
DAYS >= 1.00        4               3.1     0.9        0
GREATEST
 24 HR. TOTAL    4.37   09/10/2015

 (MM/DD(HH))            MM

SNOWFALL (INCHES)
RECORDS
 TOTAL           15.4   1953
 24 HR TOTAL       MM
 SNOW DEPTH        MM   MM

TOTALS            0.0               0.6    -0.6      2.4
 LIQUID EQUIV    0.00              0.00    0.00     0.24
SINCE 7/1         0.0               0.6    -0.6      2.4
 LIQUID 7/1      0.00              0.10   -0.10     0.24
SNOWDEPTH AVG.      0                MM      MM        0
DAYS >= TRACE       0               0.9    -0.9        6
DAYS >= 1.0         0               0.2    -0.2        1
GREATEST
 SNOW DEPTH         0   MM
 24 HR TOTAL      0.0   MM

 (MM/DD(HH))            MM


DEGREE_DAYS
HEATING TOTAL     775              1037    -262     1013
 SINCE 7/1        775              1039    -264       MM
COOLING TOTAL     214               107     107      149
 SINCE 1/1       1334              1002     332     1050

FREEZE DATES
RECORD
 EARLIEST     09/24/1963
 LATEST       05/11/1966
EARLIEST                        09/24
LATEST                          05/11
.................................................

WIND (MPH)
AVERAGE WIND SPEED              5.7
RESULTANT WIND SPEED/DIRECTION   2/320
HIGHEST WIND SPEED/DIRECTION    45/320    DATE  10/09
HIGHEST GUST SPEED/DIRECTION    53/320    DATE  10/09

SKY COVER
POSSIBLE SUNSHINE (PERCENT)   MM
AVERAGE SKY COVER           0.50
NUMBER OF DAYS FAIR           26
NUMBER OF DAYS PC             36
NUMBER OF DAYS CLOUDY         29

AVERAGE RH (PERCENT)     67

WEATHER CONDITIONS. NUMBER OF DAYS WITH
THUNDERSTORM              3     MIXED PRECIP               0
HEAVY RAIN                6     RAIN                      13
LIGHT RAIN               34     FREEZING RAIN              0
LT FREEZING RAIN          0     HAIL                       0
HEAVY SNOW                0     SNOW                       0
LIGHT SNOW                0     SLEET                      0
FOG                      33     FOG W/VIS <= 1/4 MILE      5
HAZE                     20

-  INDICATES NEGATIVE NUMBERS.
R  INDICATES RECORD WAS SET OR TIED.
MM INDICATES DATA IS MISSING.
T  INDICATES TRACE AMOUNT.

$$

LA CORTE
