000
CXUS51 KCTP 011336
CLSMDT

CLIMATE REPORT
NATIONAL WEATHER SERVICE STATE COLLEGE PA
932 AM EDT WED JUN 1 2016

...................................

...THE HARRISBURG PA CLIMATE SUMMARY FOR THE SPRING SEASON, FROM
3/1/2016 TO 5/31/2016...

CLIMATE NORMAL PERIOD 1981 TO 2010
CLIMATE RECORD PERIOD 1888 TO 2016

WEATHER         OBSERVED          NORMAL  DEPART  LAST YEAR`S
                 VALUE   DATE(S)  VALUE   FROM    VALUE  DATE(S)
                                          NORMAL
................................................................
TEMPERATURE (F)
RECORD
 HIGH              97   05/01/1942
                        05/31/1939
 LOW                    03/07/2015
HIGHEST            91   05/28         0      91       90  05/31
LOWEST             24   03/05         0      24       -1  03/07
                        03/03

AVG. MAXIMUM     64.4              61.6     2.8     63.4
AVG. MINIMUM     43.6              42.3     1.3     42.0
MEAN             54.0              52.0     2.0     52.7

DAYS MAX >= 90      3               1.4     1.6        1
DAYS MAX <= 32      0               1.1    -1.1        2
DAYS MIN <= 32     16              15.7     0.3       26
DAYS MIN <= 0       0               0.0     0.0        2

PRECIPITATION (INCHES)
RECORD
 MAXIMUM        20.79   2011
 MINIMUM         5.40   1926
TOTALS           7.27             10.26   -2.99     9.15
DAILY AVG.       0.08              0.11   -0.03     0.10
DAYS >= .01        37              33.9     3.1       37
DAYS >= .10        21              20.7     0.3       20
DAYS >= .50         3               7.1    -4.1        7
DAYS >= 1.00        1               2.4    -1.4        2
GREATEST
 24 HR. TOTAL    1.06   MM
 STORM TOTAL       MM
 (MM/DD(HH))            MM

SNOWFALL (INCHES)
RECORDS
 TOTAL           24.0   1927
 24 HR TOTAL       MM
 SNOW DEPTH        MM   MM
TOTALS            1.4               5.6    -4.2     11.8
 LIQUID EQUIV    0.14              0.00    0.14     1.18
SINCE 7/1        39.1              30.6     8.5     39.2
 LIQUID 7/1      3.91              3.10    0.81     3.92
SNOWDEPTH AVG.      0                MM      MM        0
DAYS >= TRACE       5               2.9     2.1        9
DAYS >= 1.0         1               1.4    -0.4        3
GREATEST
 SNOW DEPTH         0   MM                             6  03/06
 24 HR TOTAL      1.2   MM

 STORM TOTAL       MM
 (MM/DD(HH))            MM

DEGREE_DAYS
HEATING TOTAL    1084              1262    -178     1284
 SINCE 7/1       4456              5251    -795       MM
COOLING TOTAL      97                64      33      174
 SINCE 1/1         97                65      32      174

FREEZE DATES
RECORD
 EARLIEST     09/24/1963
 LATEST       05/11/1966
EARLIEST                        09/24
LATEST                          05/11
..................................................

WIND (MPH)
AVERAGE WIND SPEED              6.8
RESULTANT WIND SPEED/DIRECTION   2/301
HIGHEST WIND SPEED/DIRECTION    45/300    DATE  04/03
HIGHEST GUST SPEED/DIRECTION    57/300    DATE  04/03

SKY COVER
POSSIBLE SUNSHINE (PERCENT)   MM
AVERAGE SKY COVER           0.60
NUMBER OF DAYS FAIR           12
NUMBER OF DAYS PC             420
NUMBER OF DAYS CLOUDY         38

AVERAGE RH (PERCENT)     61

WEATHER CONDITIONS. NUMBER OF DAYS WITH
THUNDERSTORM              5     MIXED PRECIP               0
HEAVY RAIN                8     RAIN                      17
LIGHT RAIN               47     FREEZING RAIN              0
LT FREEZING RAIN          0     HAIL                       0
HEAVY SNOW                0     SNOW                       1
LIGHT SNOW                5     SLEET                      0
FOG                      43     FOG W/VIS <= 1/4 MILE      3
HAZE                     27

-  INDICATES NEGATIVE NUMBERS.
R  INDICATES RECORD WAS SET OR TIED.
MM INDICATES DATA IS MISSING.
T  INDICATES TRACE AMOUNT.

$$

LA CORTE
