000
CXUS51 KCTP 012038
CLSMDT

CLIMATE REPORT
NATIONAL WEATHER SERVICE STATE COLLEGE PA
434 PM EDT TUE SEP 1 2015

...................................

...THE HARRISBURG PA CLIMATE SUMMARY FOR THE SEASON, FROM
6/1/2015 TO 8/31/2015...

CLIMATE NORMAL PERIOD 1981 TO 2010
CLIMATE RECORD PERIOD 1888 TO 2015

WEATHER         OBSERVED          NORMAL  DEPART  LAST YEAR`S
                 VALUE   DATE(S)  VALUE   FROM    VALUE  DATE(S)
                                          NORMAL
................................................................
TEMPERATURE (F)
RECORD
 HIGH             107   07/03/1966
 LOW               40   06/11/1980
HIGHEST            94   08/17         0      94       94  07/23
                                                          07/02
LOWEST             54   06/02         0      54       54  08/16
                                                          06/01
AVG. MAXIMUM     83.8              83.4     0.4     83.2
AVG. MINIMUM     65.9              64.3     1.6     64.5
MEAN             74.8              73.8     1.0     73.8

DAYS MAX >= 90     12              17.9    -5.9        9
DAYS MAX <= 32      0               0.0     0.0        0
DAYS MIN <= 32      0               0.0     0.0        0
DAYS MIN <= 0       0               0.0     0.0        0

PRECIPITATION (INCHES)
RECORD
 MAXIMUM        23.33   1972
 MINIMUM         2.41   1966
TOTALS          11.89             11.41    0.48    12.03
DAILY AVG.       0.13              0.12    0.01     0.13
DAYS >= .01        36              30.9     5.1       33
DAYS >= .10        20              20.2    -0.2       22
DAYS >= .50        10               8.1     1.9        8
DAYS >= 1.00        3               3.0     0.0        2
GREATEST
 24 HR. TOTAL    1.64   06/20

 STORM TOTAL       MM
 (MM/DD(HH))            MM

SNOWFALL (INCHES)
RECORDS
 TOTAL             MM   MM
 24 HR TOTAL       MM
 SNOW DEPTH        MM   MM
TOTALS            0.0               0.0     0.0      0.0
 LIQUID EQUIV    0.00              0.00    0.00     0.00
SINCE 7/1         0.0               0.0     0.0      0.0
 LIQUID 7/1      0.00              0.00    0.00     0.00
SNOWDEPTH AVG.      0                MM      MM        0
DAYS >= TRACE       0               0.0     0.0        0
DAYS >= 1.0         0               0.0     0.0        0
GREATEST
 SNOW DEPTH         0   MM                             0
 24 HR TOTAL      0.0
 STORM TOTAL      0.0
 (MM/DD(HH))            MM

DEGREE_DAYS
HEATING TOTAL      13                20      -7        1
 SINCE 7/1          0                 2      -2        0
COOLING TOTAL     946               830     116      841
 SINCE 1/1       1120               896     224      901

FREEZE DATES
RECORD
 EARLIEST     09/24/1963
 LATEST       05/11/1966
EARLIEST                        09/24
LATEST                          05/11
..................................................

WIND (MPH)
AVERAGE WIND SPEED              5.3
RESULTANT WIND SPEED/DIRECTION   1/273
HIGHEST WIND SPEED/DIRECTION    30/250    DATE  07/09
HIGHEST GUST SPEED/DIRECTION    48/260    DATE  07/09

SKY COVER
POSSIBLE SUNSHINE (PERCENT)   MM
AVERAGE SKY COVER           0.60
NUMBER OF DAYS FAIR           17
NUMBER OF DAYS PC             44
NUMBER OF DAYS CLOUDY         31

AVERAGE RH (PERCENT)     68

WEATHER CONDITIONS. NUMBER OF DAYS WITH
THUNDERSTORM             18     MIXED PRECIP               0
HEAVY RAIN               16     RAIN                      20
LIGHT RAIN               44     FREEZING RAIN              0
LT FREEZING RAIN          0     HAIL                       0
HEAVY SNOW                0     SNOW                       0
LIGHT SNOW                0     SLEET                      0
FOG                      45     FOG W/VIS <= 1/4 MILE      2
HAZE                     33

-  INDICATES NEGATIVE NUMBERS.
R  INDICATES RECORD WAS SET OR TIED.
MM INDICATES DATA IS MISSING.
T  INDICATES TRACE AMOUNT.

$$

LA CORTE
