000
CXUS51 KCLE 021820
CLSMFD

CLIMATE REPORT
NATIONAL WEATHER SERVICE CLEVELAND OH
150 PM EDT SAT SEP 2 2017

...................................

...THE MANSFIELD OH CLIMATE SUMMARY FOR THE SEASON, FROM
6/1/2017 TO 8/31/2017...

CLIMATE NORMAL PERIOD 1981 TO 2010
CLIMATE RECORD PERIOD 1916 TO 2017

WEATHER         OBSERVED          NORMAL  DEPART
                 VALUE   DATE(S)  VALUE   FROM
                                          NORMAL
................................................
TEMPERATURE (F)
RECORD
 HIGH             105   07/21/1934
 LOW               32   08/30/1946
                        06/06/1945
HIGHEST            91   06/13
LOWEST             47   08/26
AVG. MAXIMUM     80.3              80.0     0.3
AVG. MINIMUM     60.2              59.6     0.6
MEAN             70.2              69.8     0.4
DAYS MAX >= 90      2               4.0
DAYS MAX <= 32      0               0.0
DAYS MIN <= 32      0               0.0
DAYS MIN <= 0       0               0.0

PRECIPITATION (INCHES)
RECORD
 MAXIMUM        23.23   1987
 MINIMUM         6.00   1967
TOTALS          15.43             13.50    1.93
DAYS >= .01        30              32.6
DAYS >= .10        21              21.9
DAYS >= .50        11               9.7
DAYS >= 1.00        5               3.7

SNOWFALL (INCHES)
RECORDS
 TOTAL             MM   MM
TOTALS            0.0               0.0
DAYS >= TRACE       0
DAYS >= 1.0         0               0.0

DEGREE_DAYS
HEATING TOTAL      47                79     -32
COOLING TOTAL     560               516      44
.................................................

WIND (MPH)
HIGHEST GUST SPEED/DIRECTION    54/200    DATE  06/13

SKY COVER
POSSIBLE SUNSHINE (PERCENT)   MM
NUMBER OF DAYS FAIR           57
NUMBER OF DAYS PC             32
NUMBER OF DAYS CLOUDY          3


WEATHER CONDITIONS. NUMBER OF DAYS WITH
THUNDERSTORM              0     MIXED PRECIP               0
HEAVY RAIN               17     RAIN                      19
LIGHT RAIN               28     FREEZING RAIN              0
LT FREEZING RAIN          0     HAIL                       0
HEAVY SNOW                0     SNOW                       0
LIGHT SNOW                0     SLEET                      0
FOG                      46     FOG W/VIS <= 1/4 MILE      6
HAZE                      8

-  INDICATES NEGATIVE NUMBERS.
R  INDICATES RECORD WAS SET OR TIED.
MM INDICATES DATA IS MISSING.
T  INDICATES TRACE AMOUNT.

$$
