000
CXUS51 KCLE 030113
CLSMFD


CLIMATE REPORT
NATIONAL WEATHER SERVICE CLEVELAND OH
808 PM EST MON MAR 2 2015

...................................

...THE MANSFIELD OH CLIMATE SUMMARY FOR THE SEASON, FROM
12/1/2014 TO 2/28/2015...

CLIMATE NORMAL PERIOD 1981 TO 2010
CLIMATE RECORD PERIOD 1916 TO 2015

WEATHER         OBSERVED          NORMAL  DEPART
                 VALUE   DATE(S)  VALUE   FROM
                                          NORMAL
................................................
TEMPERATURE (F)
RECORD
 HIGH              73   12/03/1982
 LOW              -26   01/15/1929
HIGHEST            57   01/04
                        01/03
LOWEST            -11   02/15
AVG. MAXIMUM     31.4              35.2    -3.8
AVG. MINIMUM     15.7              20.5    -4.8
MEAN             23.5              27.8    -4.3
DAYS MAX >= 90      0               0.0
DAYS MAX <= 32     46              36.8
DAYS MIN <= 32     81              76.7
DAYS MIN <= 0      19               5.0

PRECIPITATION (INCHES)
RECORD
 MAXIMUM        20.95   1950
 MINIMUM         2.70   1977
TOTALS           7.02              8.55   -1.53
DAYS >= .01        41              42.7
DAYS >= .10        21              20.1
DAYS >= .50         3               4.8
DAYS >= 1.00        1               1.4

SNOWFALL (INCHES)
RECORDS
 TOTAL           77.3   2010
TOTALS           46.6              35.2
DAYS >= TRACE      46
DAYS >= 1.0        17              11.2

DEGREE_DAYS
HEATING TOTAL    3684              3343     341
COOLING TOTAL       0                 0       0
.................................................

WIND (MPH)
HIGHEST GUST SPEED/DIRECTION    45/310    DATE  02/14

SKY COVER
POSSIBLE SUNSHINE (PERCENT)   MM
NUMBER OF DAYS FAIR           22
NUMBER OF DAYS PC             28
NUMBER OF DAYS CLOUDY         40


WEATHER CONDITIONS. NUMBER OF DAYS WITH
THUNDERSTORM              0     MIXED PRECIP               0
HEAVY RAIN                2     RAIN                       5
LIGHT RAIN               14     FREEZING RAIN              0
LT FREEZING RAIN          6     HAIL                       0
HEAVY SNOW                1     SNOW                      11
LIGHT SNOW               44     SLEET                      1
FOG                      70     FOG W/VIS <= 1/4 MILE      9
HAZE                     37

-  INDICATES NEGATIVE NUMBERS.
R  INDICATES RECORD WAS SET OR TIED.
MM INDICATES DATA IS MISSING.
T  INDICATES TRACE AMOUNT.

$$
