000
CXUS53 KMKX 011616
CLSMKE

CLIMATE REPORT
NATIONAL WEATHER SERVICE IN MILWAUKEE
1110 AM CDT MON SEP 1 2014

...................................

...THE MILWAUKEE WI CLIMATE SUMMARY FOR THE SEASON, FROM
6/1/2014 TO 8/31/2014...

CLIMATE NORMAL PERIOD 1981 TO 2010
CLIMATE RECORD PERIOD 1871 TO 2014

WEATHER         OBSERVED          NORMAL  DEPART  LAST YEAR`S
                 VALUE   DATE(S)  VALUE   FROM    VALUE  DATE(S)
                                          NORMAL
................................................................
TEMPERATURE (F)
RECORD
 HIGH             105   07/24/1934
 LOW               33   06/04/1945
HIGHEST            89   07/22        95      -6       95  08/30
                                                          08/27
                                                          07/18
LOWEST             49   06/14        44       5       41  06/03
                        06/05
AVG. MAXIMUM     76.1              78.0    -1.9     77.6
AVG. MINIMUM     59.6              61.3    -1.7     61.2
MEAN             67.8              69.6    -1.8     69.4
DAYS MAX >= 90      0               6.4    -6.4        9
DAYS MAX <= 32      0               0.0     0.0        0
DAYS MIN <= 32      0               0.0     0.0        0
DAYS MIN <= 0       0               0.0     0.0        0

PRECIPITATION (INCHES)
RECORD
 MAXIMUM        19.48   1986
 MINIMUM         3.27   1918
TOTALS          14.34             11.54    2.80    10.62
DAILY AVG.       0.15              0.13    0.02     0.12
DAYS >= .01        38              29.7     8.3       26
DAYS >= .10        27              19.1     7.9       17
DAYS >= .50        13               7.6     5.4        6
DAYS >= 1.00        3               2.7     0.3        4
GREATEST
 24 HR. TOTAL    1.27   08/23 TO 08/24              1.67

DEGREE_DAYS
HEATING TOTAL     100               110     -10      109
 SINCE 7/1         26                26       0       22
COOLING TOTAL     383               535    -152      538
 SINCE 1/1        401               565    -164      577

FREEZE DATES
RECORD
 EARLIEST     09/20/1956
 LATEST       05/27/1961
EARLIEST                        10/17
LATEST                          04/27
.................................................................

WIND (MPH)
AVERAGE WIND SPEED              8.1
RESULTANT WIND SPEED/DIRECTION   1/188
HIGHEST WIND SPEED/DIRECTION    33/200    DATE  06/17
HIGHEST GUST SPEED/DIRECTION    49/200    DATE  06/17

SKY COVER
POSSIBLE SUNSHINE (PERCENT)   MM
AVERAGE SKY COVER           0.60
NUMBER OF DAYS FAIR           12
NUMBER OF DAYS PC             57
NUMBER OF DAYS CLOUDY         23

AVERAGE RH (PERCENT)     71

WEATHER CONDITIONS. NUMBER OF DAYS WITH
THUNDERSTORM             27     MIXED PRECIP               0
HEAVY RAIN               10     RAIN                      15
LIGHT RAIN               47     FREEZING RAIN              0
LT FREEZING RAIN          0     HAIL                       0
HEAVY SNOW                0     SNOW                       0
LIGHT SNOW                0     SLEET                      0
FOG                      44     FOG W/VIS <= 1/4 MILE     16
HAZE                     22

-  INDICATES NEGATIVE NUMBERS.
R  INDICATES RECORD WAS SET OR TIED.
MM INDICATES DATA IS MISSING.
T  INDICATES TRACE AMOUNT.

$$
