000
CXUS53 KMKX 011544
CLSMKE

CLIMATE REPORT
NATIONAL WEATHER SERVICE IN MILWAUKEE
1044 AM CDT MON JUN 1 2015

...................................

...THE MILWAUKEE WI CLIMATE SUMMARY FOR THE SEASON, FROM
3/1/2015 TO 5/31/2015...

CLIMATE NORMAL PERIOD 1981 TO 2010
CLIMATE RECORD PERIOD 1871 TO 2015

WEATHER         OBSERVED          NORMAL  DEPART  LAST YEAR`S
                 VALUE   DATE(S)  VALUE   FROM    VALUE  DATE(S)
                                          NORMAL
................................................................
TEMPERATURE (F)
RECORD
 HIGH              94   05/27/1911
 LOW              -10   03/01/1962
HIGHEST            81   05/07        85      -4       86  05/21
LOWEST              0   03/06         7      -7       -1  03/03
AVG. MAXIMUM     54.8              53.7     1.1     51.7
AVG. MINIMUM     36.9              37.2    -0.3     34.5
MEAN             45.8              45.4     0.4     43.1
DAYS MAX >= 90      0               0.2    -0.2        0
DAYS MAX <= 32      6               5.0     1.0       10
DAYS MIN <= 32     27              28.2    -1.2       33
DAYS MIN <= 0       1               0.1     0.9        1

PRECIPITATION (INCHES)
RECORD
 MAXIMUM        16.66   1876
 MINIMUM         2.94   1885
TOTALS           8.48              9.23   -0.75     8.21
DAILY AVG.       0.09              0.10   -0.01     0.09
DAYS >= .01        30              34.9    -4.9       29
DAYS >= .10        18              19.0    -1.0       17
DAYS >= .50         3               6.4    -3.4        5
DAYS >= 1.00        1               1.9    -0.9        2
GREATEST
 24 HR. TOTAL    3.28   04/08 TO 04/09              1.49

SNOWFALL (INCHES)
RECORDS
 TOTAL           53.5   1881
TOTALS            4.9               9.1    -4.2      6.6
SINCE 7/1        43.0              46.9    -3.9     63.4
SNOWDEPTH AVG.      1                MM      MM        1
DAYS >= 1.0         2               2.4    -0.4        2
GREATEST
 SNOW DEPTH        10   03/05                         13  03/05
                        03/04
 24 HR TOTAL      3.4   03/03 TO 03/04               2.7

DEGREE_DAYS
HEATING TOTAL    1763              1830     -67     2012
 SINCE 7/1         MM              6810      MM       MM
COOLING TOTAL      26                30      -4       18
 SINCE 1/1         26                30      -4       18

FREEZE DATES
RECORD
 EARLIEST     09/20/1956
 LATEST       05/27/1961
EARLIEST                        10/17
LATEST                          04/27
.................................................................

WIND (MPH)
AVERAGE WIND SPEED              10.0
RESULTANT WIND SPEED/DIRECTION   1/297
HIGHEST WIND SPEED/DIRECTION    33/220    DATE  03/29
HIGHEST GUST SPEED/DIRECTION    42/230    DATE  04/10

SKY COVER
POSSIBLE SUNSHINE (PERCENT)   MM
AVERAGE SKY COVER           0.60
NUMBER OF DAYS FAIR           12
NUMBER OF DAYS PC             53
NUMBER OF DAYS CLOUDY         27

AVERAGE RH (PERCENT)     63

WEATHER CONDITIONS. NUMBER OF DAYS WITH
THUNDERSTORM              2     MIXED PRECIP               0
HEAVY RAIN                4     RAIN                      10
LIGHT RAIN               33     FREEZING RAIN              0
LT FREEZING RAIN          1     HAIL                       1
HEAVY SNOW                0     SNOW                       3
LIGHT SNOW                7     SLEET                      2
FOG                      39     FOG W/VIS <= 1/4 MILE      6
HAZE                     41

-  INDICATES NEGATIVE NUMBERS.
R  INDICATES RECORD WAS SET OR TIED.
MM INDICATES DATA IS MISSING.
T  INDICATES TRACE AMOUNT.

$$
